66.249.70.101 - - [11/Jul/2026:16:16:54 +0330] "GET /?fileloc=//usr/bin/view&path=//usr/bin HTTP/1.1" 200 522323 "-" "Mozilla/5.0 (Linux; Android 6.0.1; Nexus 5X Build/MMB29P) AppleWebKit/537.36 (KHTML, like Gecko) Chrome/150.0.7871.46 Mobile Safari/537.36 (compatible; Googlebot/2.1; +http://www.google.com/bot.html)"
66.249.70.102 - - [11/Jul/2026:16:17:02 +0330] "GET /?fileloc=//usr/bin/arch&path=//usr/bin HTTP/1.1" 200 16468 "-" "Mozilla/5.0 (Linux; Android 6.0.1; Nexus 5X Build/MMB29P) AppleWebKit/537.36 (KHTML, like Gecko) Chrome/150.0.7871.46 Mobile Safari/537.36 (compatible; Googlebot/2.1; +http://www.google.com/bot.html)"
66.249.70.101 - - [11/Jul/2026:16:17:29 +0330] "GET /?fileloc=//usr/bin/tail&path=//usr/bin HTTP/1.1" 200 33875 "-" "Mozilla/5.0 (Linux; Android 6.0.1; Nexus 5X Build/MMB29P) AppleWebKit/537.36 (KHTML, like Gecko) Chrome/150.0.7871.46 Mobile Safari/537.36 (compatible; Googlebot/2.1; +http://www.google.com/bot.html)"
66.249.70.101 - - [11/Jul/2026:16:17:33 +0330] "GET /?fileloc=//etc/alternatives/rmid.1.gz&path=//etc/alternatives HTTP/1.1" 200 7151 "-" "Mozilla/5.0 (Linux; Android 6.0.1; Nexus 5X Build/MMB29P) AppleWebKit/537.36 (KHTML, like Gecko) Chrome/150.0.7871.46 Mobile Safari/537.36 (compatible; Googlebot/2.1; +http://www.google.com/bot.html)"
66.249.70.101 - - [11/Jul/2026:16:17:35 +0330] "GET /?fileloc=//usr/bin/gcc&path=//usr/bin HTTP/1.1" 200 473149 "-" "Mozilla/5.0 (Linux; Android 6.0.1; Nexus 5X Build/MMB29P) AppleWebKit/537.36 (KHTML, like Gecko) Chrome/150.0.7871.46 Mobile Safari/537.36 (compatible; Googlebot/2.1; +http://www.google.com/bot.html)"
66.249.70.102 - - [11/Jul/2026:16:17:50 +0330] "GET /?fileloc=//usr/bin/ptx&path=//usr/bin HTTP/1.1" 200 34970 "-" "Mozilla/5.0 (Linux; Android 6.0.1; Nexus 5X Build/MMB29P) AppleWebKit/537.36 (KHTML, like Gecko) Chrome/150.0.7871.46 Mobile Safari/537.36 (compatible; Googlebot/2.1; +http://www.google.com/bot.html)"
66.249.70.103 - - [11/Jul/2026:16:18:04 +0330] "GET /?fileloc=/home/ddir12/.bash_logout&path=/home/ddir12 HTTP/1.1" 200 2483 "-" "Mozilla/5.0 (Linux; Android 6.0.1; Nexus 5X Build/MMB29P) AppleWebKit/537.36 (KHTML, like Gecko) Chrome/150.0.7871.46 Mobile Safari/537.36 (compatible; Googlebot/2.1; +http://www.google.com/bot.html)"
66.249.70.101 - - [11/Jul/2026:16:18:59 +0330] "GET /?fileloc=//bin/ps2pdf&path=//bin HTTP/1.1" 200 2634 "-" "Mozilla/5.0 (Linux; Android 6.0.1; Nexus 5X Build/MMB29P) AppleWebKit/537.36 (KHTML, like Gecko) Chrome/150.0.7871.46 Mobile Safari/537.36 (compatible; GoogleOther)"
66.249.70.101 - - [11/Jul/2026:16:19:02 +0330] "GET /?fileloc=//usr/bin/mknod&path=//usr/bin HTTP/1.1" 200 33600 "-" "Mozilla/5.0 (Linux; Android 6.0.1; Nexus 5X Build/MMB29P) AppleWebKit/537.36 (KHTML, like Gecko) Chrome/150.0.7871.46 Mobile Safari/537.36 (compatible; Googlebot/2.1; +http://www.google.com/bot.html)"
66.249.70.101 - - [11/Jul/2026:16:19:07 +0330] "GET /?fileloc=//etc/alternatives/policytool.1.gz&path=//etc/alternatives HTTP/1.1" 200 4164 "-" "Mozilla/5.0 (Linux; Android 6.0.1; Nexus 5X Build/MMB29P) AppleWebKit/537.36 (KHTML, like Gecko) Chrome/150.0.7871.46 Mobile Safari/537.36 (compatible; GoogleOther)"
66.249.70.101 - - [11/Jul/2026:16:19:28 +0330] "GET /?fileloc=//usr/bin/geoiplookup&path=//usr/bin HTTP/1.1" 200 8571 "-" "Mozilla/5.0 (Linux; Android 6.0.1; Nexus 5X Build/MMB29P) AppleWebKit/537.36 (KHTML, like Gecko) Chrome/150.0.7871.46 Mobile Safari/537.36 (compatible; Googlebot/2.1; +http://www.google.com/bot.html)"
66.249.70.101 - - [11/Jul/2026:16:19:32 +0330] "GET /?fileloc=//etc/alternatives/unpack200.1.gz&path=//etc/alternatives HTTP/1.1" 200 4665 "-" "Mozilla/5.0 (Linux; Android 6.0.1; Nexus 5X Build/MMB29P) AppleWebKit/537.36 (KHTML, like Gecko) Chrome/150.0.7871.46 Mobile Safari/537.36 (compatible; GoogleOther)"
66.249.70.102 - - [11/Jul/2026:16:20:33 +0330] "GET /?fileloc=//usr/bin/python2&path=//usr/bin HTTP/1.1" 200 5636 "-" "Mozilla/5.0 (Linux; Android 6.0.1; Nexus 5X Build/MMB29P) AppleWebKit/537.36 (KHTML, like Gecko) Chrome/150.0.7871.46 Mobile Safari/537.36 (compatible; Googlebot/2.1; +http://www.google.com/bot.html)"
66.249.70.101 - - [11/Jul/2026:16:20:39 +0330] "GET /?fileloc=//usr/bin/sha1sum&path=//usr/bin HTTP/1.1" 200 20613 "-" "Mozilla/5.0 (Linux; Android 6.0.1; Nexus 5X Build/MMB29P) AppleWebKit/537.36 (KHTML, like Gecko) Chrome/150.0.7871.46 Mobile Safari/537.36 (compatible; GoogleOther)"
66.249.70.101 - - [11/Jul/2026:16:20:55 +0330] "GET /?fileloc=//usr/bin/pre-grohtml&path=//usr/bin HTTP/1.1" 200 47148 "-" "Mozilla/5.0 (Linux; Android 6.0.1; Nexus 5X Build/MMB29P) AppleWebKit/537.36 (KHTML, like Gecko) Chrome/150.0.7871.46 Mobile Safari/537.36 (compatible; Googlebot/2.1; +http://www.google.com/bot.html)"
66.249.70.103 - - [11/Jul/2026:16:21:12 +0330] "GET /?fileloc=//usr/bin/localedef&path=//usr/bin HTTP/1.1" 200 119848 "-" "Mozilla/5.0 (Linux; Android 6.0.1; Nexus 5X Build/MMB29P) AppleWebKit/537.36 (KHTML, like Gecko) Chrome/150.0.7871.46 Mobile Safari/537.36 (compatible; Googlebot/2.1; +http://www.google.com/bot.html)"
66.249.70.102 - - [11/Jul/2026:16:21:23 +0330] "GET /?fileloc=//usr/bin/ar&path=//usr/bin HTTP/1.1" 200 28652 "-" "Mozilla/5.0 (Linux; Android 6.0.1; Nexus 5X Build/MMB29P) AppleWebKit/537.36 (KHTML, like Gecko) Chrome/150.0.7871.46 Mobile Safari/537.36 (compatible; Googlebot/2.1; +http://www.google.com/bot.html)"
66.249.70.101 - - [11/Jul/2026:16:21:51 +0330] "GET /?fileloc=/home/ddir12/.lastlogin&path=/home/ddir12 HTTP/1.1" 200 2604 "-" "Mozilla/5.0 (Linux; Android 6.0.1; Nexus 5X Build/MMB29P) AppleWebKit/537.36 (KHTML, like Gecko) Chrome/150.0.7871.46 Mobile Safari/537.36 (compatible; GoogleOther)"
66.249.70.102 - - [11/Jul/2026:16:18:20 +0330] "GET /?fileloc=//usr/bin/false&path=//usr/bin HTTP/1.1" 200 15278 "-" "Mozilla/5.0 (Linux; Android 6.0.1; Nexus 5X Build/MMB29P) AppleWebKit/537.36 (KHTML, like Gecko) Chrome/150.0.7871.46 Mobile Safari/537.36 (compatible; Googlebot/2.1; +http://www.google.com/bot.html)"
66.249.70.101 - - [11/Jul/2026:16:18:36 +0330] "GET /?fileloc=//usr/bin/raw&path=//usr/bin HTTP/1.1" 200 8263 "-" "Mozilla/5.0 (Linux; Android 6.0.1; Nexus 5X Build/MMB29P) AppleWebKit/537.36 (KHTML, like Gecko) Chrome/150.0.7871.46 Mobile Safari/537.36 (compatible; Googlebot/2.1; +http://www.google.com/bot.html)"
66.249.70.101 - - [11/Jul/2026:16:18:48 +0330] "GET /?fileloc=//bin/pdf2ps&path=//bin HTTP/1.1" 200 3035 "-" "Mozilla/5.0 (Linux; Android 6.0.1; Nexus 5X Build/MMB29P) AppleWebKit/537.36 (KHTML, like Gecko) Chrome/150.0.7871.46 Mobile Safari/537.36 (compatible; GoogleOther)"
66.249.70.101 - - [11/Jul/2026:16:19:09 +0330] "GET /?fileloc=//etc/alternatives/mkisofs-mkhybridman&path=//etc/alternatives HTTP/1.1" 200 28861 "-" "Mozilla/5.0 (Linux; Android 6.0.1; Nexus 5X Build/MMB29P) AppleWebKit/537.36 (KHTML, like Gecko) Chrome/150.0.7871.46 Mobile Safari/537.36 (compatible; Googlebot/2.1; +http://www.google.com/bot.html)"
66.249.70.101 - - [11/Jul/2026:16:19:11 +0330] "GET /?fileloc=//usr/bin/mariadb-check&path=//usr/bin HTTP/1.1" 200 749138 "-" "Mozilla/5.0 (Linux; Android 6.0.1; Nexus 5X Build/MMB29P) AppleWebKit/537.36 (KHTML, like Gecko) Chrome/150.0.7871.46 Mobile Safari/537.36 (compatible; Googlebot/2.1; +http://www.google.com/bot.html)"
66.249.70.101 - - [11/Jul/2026:16:19:14 +0330] "GET /?fileloc=//etc/alternatives/modules.sh&path=//etc/alternatives HTTP/1.1" 200 2699 "-" "Mozilla/5.0 (Linux; Android 6.0.1; Nexus 5X Build/MMB29P) AppleWebKit/537.36 (KHTML, like Gecko) Chrome/150.0.7871.46 Mobile Safari/537.36 (compatible; GoogleOther)"
66.249.70.101 - - [11/Jul/2026:16:19:18 +0330] "GET /?fileloc=//usr/selector/php-cli&path=//usr/selector HTTP/1.1" 200 2480 "-" "Mozilla/5.0 (Linux; Android 6.0.1; Nexus 5X Build/MMB29P) AppleWebKit/537.36 (KHTML, like Gecko) Chrome/150.0.7871.46 Mobile Safari/537.36 (compatible; GoogleOther)"
66.249.70.101 - - [11/Jul/2026:16:20:05 +0330] "GET /?fileloc=//usr/bin/sha384sum&path=//usr/bin HTTP/1.1" 200 20959 "-" "Mozilla/5.0 (Linux; Android 6.0.1; Nexus 5X Build/MMB29P) AppleWebKit/537.36 (KHTML, like Gecko) Chrome/150.0.7871.46 Mobile Safari/537.36 (compatible; Googlebot/2.1; +http://www.google.com/bot.html)"
66.249.70.101 - - [11/Jul/2026:16:20:50 +0330] "GET /?fileloc=//usr/libexec/platform-python3.6m&path=//usr/libexec HTTP/1.1" 200 6220 "-" "Mozilla/5.0 (Linux; Android 6.0.1; Nexus 5X Build/MMB29P) AppleWebKit/537.36 (KHTML, like Gecko) Chrome/150.0.7871.46 Mobile Safari/537.36 (compatible; Googlebot/2.1; +http://www.google.com/bot.html)"
66.249.70.101 - - [11/Jul/2026:16:22:03 +0330] "GET /?path=//opt/cloudlinux-linksafe HTTP/1.1" 200 2813 "-" "Mozilla/5.0 (Linux; Android 6.0.1; Nexus 5X Build/MMB29P) AppleWebKit/537.36 (KHTML, like Gecko) Chrome/150.0.7871.46 Mobile Safari/537.36 (compatible; Googlebot/2.1; +http://www.google.com/bot.html)"
66.249.70.101 - - [11/Jul/2026:16:22:16 +0330] "GET /?path=//opt/i360_pam_imunify HTTP/1.1" 200 2988 "-" "Mozilla/5.0 (Linux; Android 6.0.1; Nexus 5X Build/MMB29P) AppleWebKit/537.36 (KHTML, like Gecko) Chrome/150.0.7871.46 Mobile Safari/537.36 (compatible; Googlebot/2.1; +http://www.google.com/bot.html)"
66.249.70.102 - - [11/Jul/2026:16:22:18 +0330] "GET /?fileloc=//usr/bin/ldd&path=//usr/bin HTTP/1.1" 200 4957 "-" "Mozilla/5.0 (Linux; Android 6.0.1; Nexus 5X Build/MMB29P) AppleWebKit/537.36 (KHTML, like Gecko) Chrome/150.0.7871.46 Mobile Safari/537.36 (compatible; Googlebot/2.1; +http://www.google.com/bot.html)"
66.249.70.101 - - [11/Jul/2026:16:22:51 +0330] "GET /?fileloc=/home/ddir12/.bash_logout&path=/home/ddir12 HTTP/1.1" 200 2483 "-" "Mozilla/5.0 (Linux; Android 6.0.1; Nexus 5X Build/MMB29P) AppleWebKit/537.36 (KHTML, like Gecko) Chrome/150.0.7871.46 Mobile Safari/537.36 (compatible; GoogleOther)"
66.249.70.101 - - [11/Jul/2026:16:23:48 +0330] "GET /?fileloc=//var/lve/php.dat.d/php5.4.dat&path=//var/lve/php.dat.d HTTP/1.1" 200 2647 "-" "Mozilla/5.0 (Linux; Android 6.0.1; Nexus 5X Build/MMB29P) AppleWebKit/537.36 (KHTML, like Gecko) Chrome/150.0.7871.46 Mobile Safari/537.36 (compatible; Googlebot/2.1; +http://www.google.com/bot.html)"
66.249.70.101 - - [11/Jul/2026:16:23:55 +0330] "GET /?fileloc=//bin/git-upload-archive&path=//bin HTTP/1.1" 200 1734163 "-" "Mozilla/5.0 (Linux; Android 6.0.1; Nexus 5X Build/MMB29P) AppleWebKit/537.36 (KHTML, like Gecko) Chrome/150.0.7871.46 Mobile Safari/537.36 (compatible; GoogleOther)"
66.249.70.103 - - [11/Jul/2026:16:24:01 +0330] "GET /?fileloc=//var/lve/php.dat.d/php7.0.dat&path=//var/lve/php.dat.d HTTP/1.1" 200 2643 "-" "Mozilla/5.0 (Linux; Android 6.0.1; Nexus 5X Build/MMB29P) AppleWebKit/537.36 (KHTML, like Gecko) Chrome/150.0.7871.46 Mobile Safari/537.36 (compatible; Googlebot/2.1; +http://www.google.com/bot.html)"
66.249.70.101 - - [11/Jul/2026:16:24:21 +0330] "GET /?fileloc=//var/lve/php.dat.d/php8.4.dat&path=//var/lve/php.dat.d HTTP/1.1" 200 2653 "-" "Mozilla/5.0 (Linux; Android 6.0.1; Nexus 5X Build/MMB29P) AppleWebKit/537.36 (KHTML, like Gecko) Chrome/150.0.7871.46 Mobile Safari/537.36 (compatible; Googlebot/2.1; +http://www.google.com/bot.html)"
66.249.70.101 - - [11/Jul/2026:16:24:29 +0330] "GET /?fileloc=//etc/alternatives/jre/lib/jfr.jar&path=//etc/alternatives/jre/lib HTTP/1.1" 200 318794 "-" "Mozilla/5.0 (Linux; Android 6.0.1; Nexus 5X Build/MMB29P) AppleWebKit/537.36 (KHTML, like Gecko) Chrome/150.0.7871.46 Mobile Safari/537.36 (compatible; GoogleOther)"
66.249.70.101 - - [11/Jul/2026:16:24:58 +0330] "GET /?fileloc=//etc/alternatives/jre/THIRD_PARTY_README&path=//etc/alternatives/jre HTTP/1.1" 200 50024 "-" "Mozilla/5.0 (Linux; Android 6.0.1; Nexus 5X Build/MMB29P) AppleWebKit/537.36 (KHTML, like Gecko) Chrome/150.0.7871.46 Mobile Safari/537.36 (compatible; GoogleOther)"
66.249.70.103 - - [11/Jul/2026:16:25:06 +0330] "GET /?fileloc=//var/lve/php.dat.d/php_native_ver.dat&path=//var/lve/php.dat.d HTTP/1.1" 200 2591 "-" "Mozilla/5.0 (Linux; Android 6.0.1; Nexus 5X Build/MMB29P) AppleWebKit/537.36 (KHTML, like Gecko) Chrome/150.0.7871.46 Mobile Safari/537.36 (compatible; Googlebot/2.1; +http://www.google.com/bot.html)"
66.249.70.102 - - [11/Jul/2026:16:25:19 +0330] "GET /?fileloc=//etc/alternatives/jre/ASSEMBLY_EXCEPTION&path=//etc/alternatives/jre HTTP/1.1" 200 3209 "-" "Mozilla/5.0 (Linux; Android 6.0.1; Nexus 5X Build/MMB29P) AppleWebKit/537.36 (KHTML, like Gecko) Chrome/150.0.7871.46 Mobile Safari/537.36 (compatible; GoogleOther)"
66.249.70.101 - - [11/Jul/2026:16:25:23 +0330] "GET /?fileloc=//var/lve/php.dat.d/phpnative.dat&path=//var/lve/php.dat.d HTTP/1.1" 200 2865 "-" "Mozilla/5.0 (Linux; Android 6.0.1; Nexus 5X Build/MMB29P) AppleWebKit/537.36 (KHTML, like Gecko) Chrome/150.0.7871.46 Mobile Safari/537.36 (compatible; Googlebot/2.1; +http://www.google.com/bot.html)"
66.249.70.101 - - [11/Jul/2026:16:25:33 +0330] "GET /?fileloc=//etc/alternatives/jre/lib/jexec&path=//etc/alternatives/jre/lib HTTP/1.1" 200 6995 "-" "Mozilla/5.0 (Linux; Android 6.0.1; Nexus 5X Build/MMB29P) AppleWebKit/537.36 (KHTML, like Gecko) Chrome/150.0.7871.46 Mobile Safari/537.36 (compatible; Googlebot/2.1; +http://www.google.com/bot.html)"
66.249.70.101 - - [11/Jul/2026:16:26:29 +0330] "GET /?fileloc=//etc/alternatives/jre/lib/jce.jar&path=//etc/alternatives/jre/lib HTTP/1.1" 200 92055 "-" "Mozilla/5.0 (Linux; Android 6.0.1; Nexus 5X Build/MMB29P) AppleWebKit/537.36 (KHTML, like Gecko) Chrome/150.0.7871.46 Mobile Safari/537.36 (compatible; Googlebot/2.1; +http://www.google.com/bot.html)"
66.249.70.101 - - [11/Jul/2026:16:26:38 +0330] "GET /?path=//etc/alternatives/jre/lib/jfr HTTP/1.1" 200 2881 "-" "Mozilla/5.0 (Linux; Android 6.0.1; Nexus 5X Build/MMB29P) AppleWebKit/537.36 (KHTML, like Gecko) Chrome/150.0.7871.46 Mobile Safari/537.36 (compatible; Googlebot/2.1; +http://www.google.com/bot.html)"
66.249.70.101 - - [11/Jul/2026:16:21:53 +0330] "GET /?fileloc=//usr/bin/batch&path=//usr/bin HTTP/1.1" 200 2569 "-" "Mozilla/5.0 (Linux; Android 6.0.1; Nexus 5X Build/MMB29P) AppleWebKit/537.36 (KHTML, like Gecko) Chrome/150.0.7871.46 Mobile Safari/537.36 (compatible; Googlebot/2.1; +http://www.google.com/bot.html)"
66.249.70.103 - - [11/Jul/2026:16:22:02 +0330] "GET /?fileloc=//etc/alternatives/unversioned-python-man&path=//etc/alternatives HTTP/1.1" 200 3179 "-" "Mozilla/5.0 (Linux; Android 6.0.1; Nexus 5X Build/MMB29P) AppleWebKit/537.36 (KHTML, like Gecko) Chrome/150.0.7871.46 Mobile Safari/537.36 (compatible; GoogleOther)"
66.249.70.103 - - [11/Jul/2026:16:23:07 +0330] "GET /?fileloc=//etc/alternatives/jre/lib/jsse.jar&path=//etc/alternatives/jre/lib HTTP/1.1" 200 652564 "-" "Mozilla/5.0 (Linux; Android 6.0.1; Nexus 5X Build/MMB29P) AppleWebKit/537.36 (KHTML, like Gecko) Chrome/150.0.7871.46 Mobile Safari/537.36 (compatible; GoogleOther)"
66.249.70.102 - - [11/Jul/2026:16:23:32 +0330] "GET /?fileloc=//var/lve/php.dat.d/php7.2.dat&path=//var/lve/php.dat.d HTTP/1.1" 200 2644 "-" "Mozilla/5.0 (Linux; Android 6.0.1; Nexus 5X Build/MMB29P) AppleWebKit/537.36 (KHTML, like Gecko) Chrome/150.0.7871.46 Mobile Safari/537.36 (compatible; Googlebot/2.1; +http://www.google.com/bot.html)"
66.249.70.101 - - [11/Jul/2026:16:24:35 +0330] "GET /?fileloc=//var/lve/php.dat.d/php5.3.dat&path=//var/lve/php.dat.d HTTP/1.1" 200 2647 "-" "Mozilla/5.0 (Linux; Android 6.0.1; Nexus 5X Build/MMB29P) AppleWebKit/537.36 (KHTML, like Gecko) Chrome/150.0.7871.46 Mobile Safari/537.36 (compatible; Googlebot/2.1; +http://www.google.com/bot.html)"
66.249.70.101 - - [11/Jul/2026:16:24:51 +0330] "GET /?fileloc=//var/lve/php.dat.d/php5.5.dat&path=//var/lve/php.dat.d HTTP/1.1" 200 2647 "-" "Mozilla/5.0 (Linux; Android 6.0.1; Nexus 5X Build/MMB29P) AppleWebKit/537.36 (KHTML, like Gecko) Chrome/150.0.7871.46 Mobile Safari/537.36 (compatible; Googlebot/2.1; +http://www.google.com/bot.html)"
57.128.255.167 - - [11/Jul/2026:16:24:56 +0330] "GET / HTTP/2" 200 3769 "-" "Mozilla/5.0 (Macintosh; Intel Mac OS X 10_15_7) AppleWebKit/537.36 (KHTML, like Gecko) Chrome/146.0.0.0 Safari/537.36"
66.249.70.101 - - [11/Jul/2026:16:25:46 +0330] "GET /?fileloc=//etc/alternatives/jre/lib/jfr.jar&path=//etc/alternatives/jre/lib HTTP/1.1" 200 318794 "-" "Mozilla/5.0 (Linux; Android 6.0.1; Nexus 5X Build/MMB29P) AppleWebKit/537.36 (KHTML, like Gecko) Chrome/150.0.7871.46 Mobile Safari/537.36 (compatible; Googlebot/2.1; +http://www.google.com/bot.html)"
66.249.70.101 - - [11/Jul/2026:16:25:57 +0330] "GET /?path=//etc/alternatives/jre/lib/amd64 HTTP/1.1" 200 4223 "-" "Mozilla/5.0 (Linux; Android 6.0.1; Nexus 5X Build/MMB29P) AppleWebKit/537.36 (KHTML, like Gecko) Chrome/150.0.7871.46 Mobile Safari/537.36 (compatible; Googlebot/2.1; +http://www.google.com/bot.html)"
66.249.70.102 - - [11/Jul/2026:16:26:04 +0330] "GET /?path=//etc/alternatives/jre/lib/images HTTP/1.1" 200 2814 "-" "Mozilla/5.0 (Linux; Android 6.0.1; Nexus 5X Build/MMB29P) AppleWebKit/537.36 (KHTML, like Gecko) Chrome/150.0.7871.46 Mobile Safari/537.36 (compatible; Googlebot/2.1; +http://www.google.com/bot.html)"
66.249.70.101 - - [11/Jul/2026:16:26:20 +0330] "GET /?fileloc=//etc/alternatives/jre/LICENSE&path=//etc/alternatives/jre HTTP/1.1" 200 9736 "-" "Mozilla/5.0 (Linux; Android 6.0.1; Nexus 5X Build/MMB29P) AppleWebKit/537.36 (KHTML, like Gecko) Chrome/150.0.7871.46 Mobile Safari/537.36 (compatible; GoogleOther)"
66.249.70.101 - - [11/Jul/2026:16:27:00 +0330] "GET /?fileloc=//etc/alternatives/jre/lib/flavormap.properties&path=//etc/alternatives/jre/lib HTTP/1.1" 200 3989 "-" "Mozilla/5.0 (Linux; Android 6.0.1; Nexus 5X Build/MMB29P) AppleWebKit/537.36 (KHTML, like Gecko) Chrome/150.0.7871.46 Mobile Safari/537.36 (compatible; Googlebot/2.1; +http://www.google.com/bot.html)"
66.249.70.101 - - [11/Jul/2026:16:27:02 +0330] "GET /?fileloc=//var/lve/php.dat.d/php8.0.dat&path=//var/lve/php.dat.d HTTP/1.1" 200 2649 "-" "Mozilla/5.0 (Linux; Android 6.0.1; Nexus 5X Build/MMB29P) AppleWebKit/537.36 (KHTML, like Gecko) Chrome/150.0.7871.46 Mobile Safari/537.36 (compatible; Googlebot/2.1; +http://www.google.com/bot.html)"
66.249.70.101 - - [11/Jul/2026:16:27:20 +0330] "GET /?fileloc=//var/lve/php.dat.d/php8.2.dat&path=//var/lve/php.dat.d HTTP/1.1" 200 2653 "-" "Mozilla/5.0 (Linux; Android 6.0.1; Nexus 5X Build/MMB29P) AppleWebKit/537.36 (KHTML, like Gecko) Chrome/150.0.7871.46 Mobile Safari/537.36 (compatible; Googlebot/2.1; +http://www.google.com/bot.html)"
66.249.70.101 - - [11/Jul/2026:16:27:36 +0330] "GET /?fileloc=//var/lve/php.dat.d/php7.3.dat&path=//var/lve/php.dat.d HTTP/1.1" 200 2644 "-" "Mozilla/5.0 (Linux; Android 6.0.1; Nexus 5X Build/MMB29P) AppleWebKit/537.36 (KHTML, like Gecko) Chrome/150.0.7871.46 Mobile Safari/537.36 (compatible; Googlebot/2.1; +http://www.google.com/bot.html)"
66.249.70.101 - - [11/Jul/2026:16:28:05 +0330] "GET /?fileloc=//var/lve/php.dat.d/php7.4.dat&path=//var/lve/php.dat.d HTTP/1.1" 200 2644 "-" "Mozilla/5.0 (Linux; Android 6.0.1; Nexus 5X Build/MMB29P) AppleWebKit/537.36 (KHTML, like Gecko) Chrome/150.0.7871.46 Mobile Safari/537.36 (compatible; Googlebot/2.1; +http://www.google.com/bot.html)"
66.249.70.101 - - [11/Jul/2026:16:28:20 +0330] "GET /?fileloc=//etc/profile.d/which2.csh&path=//etc/profile.d HTTP/1.1" 200 2575 "-" "Mozilla/5.0 (Linux; Android 6.0.1; Nexus 5X Build/MMB29P) AppleWebKit/537.36 (KHTML, like Gecko) Chrome/150.0.7871.46 Mobile Safari/537.36 (compatible; Googlebot/2.1; +http://www.google.com/bot.html)"
66.249.70.101 - - [11/Jul/2026:16:28:22 +0330] "GET /?path=//var/cpanel/userdata/ddir12 HTTP/1.1" 200 3345 "-" "Mozilla/5.0 (Linux; Android 6.0.1; Nexus 5X Build/MMB29P) AppleWebKit/537.36 (KHTML, like Gecko) Chrome/150.0.7871.46 Mobile Safari/537.36 (compatible; Googlebot/2.1; +http://www.google.com/bot.html)"
66.249.70.101 - - [11/Jul/2026:16:28:56 +0330] "GET /?path=//var/lib/proxyexec/cagefs.sock HTTP/1.1" 200 2561 "-" "Mozilla/5.0 (Linux; Android 6.0.1; Nexus 5X Build/MMB29P) AppleWebKit/537.36 (KHTML, like Gecko) Chrome/150.0.7871.46 Mobile Safari/537.36 (compatible; Googlebot/2.1; +http://www.google.com/bot.html)"
66.249.70.101 - - [11/Jul/2026:16:29:12 +0330] "GET /?path=//etc/alternatives/jre/lib/security HTTP/1.1" 200 2923 "-" "Mozilla/5.0 (Linux; Android 6.0.1; Nexus 5X Build/MMB29P) AppleWebKit/537.36 (KHTML, like Gecko) Chrome/150.0.7871.46 Mobile Safari/537.36 (compatible; Googlebot/2.1; +http://www.google.com/bot.html)"
66.249.70.102 - - [11/Jul/2026:16:29:19 +0330] "GET /?fileloc=//etc/alternatives/jre/lib/currency.data&path=//etc/alternatives/jre/lib HTTP/1.1" 200 3879 "-" "Mozilla/5.0 (Linux; Android 6.0.1; Nexus 5X Build/MMB29P) AppleWebKit/537.36 (KHTML, like Gecko) Chrome/150.0.7871.46 Mobile Safari/537.36 (compatible; Googlebot/2.1; +http://www.google.com/bot.html)"
66.249.70.101 - - [11/Jul/2026:16:29:46 +0330] "GET /?fileloc=//usr/libexec/git-core/git-mergetool&path=//usr/libexec/git-core HTTP/1.1" 200 6369 "-" "Mozilla/5.0 (Linux; Android 6.0.1; Nexus 5X Build/MMB29P) AppleWebKit/537.36 (KHTML, like Gecko) Chrome/150.0.7871.46 Mobile Safari/537.36 (compatible; Googlebot/2.1; +http://www.google.com/bot.html)"
66.249.70.101 - - [11/Jul/2026:16:30:27 +0330] "GET /?fileloc=//usr/libexec/git-core/git-difftool&path=//usr/libexec/git-core HTTP/1.1" 200 1734582 "-" "Mozilla/5.0 (Linux; Android 6.0.1; Nexus 5X Build/MMB29P) AppleWebKit/537.36 (KHTML, like Gecko) Chrome/150.0.7871.46 Mobile Safari/537.36 (compatible; Googlebot/2.1; +http://www.google.com/bot.html)"
66.249.70.102 - - [11/Jul/2026:16:31:21 +0330] "GET /?fileloc=//usr/libexec/git-core/git-cherry&path=//usr/libexec/git-core HTTP/1.1" 200 1733679 "-" "Mozilla/5.0 (Linux; Android 6.0.1; Nexus 5X Build/MMB29P) AppleWebKit/537.36 (KHTML, like Gecko) Chrome/150.0.7871.46 Mobile Safari/537.36 (compatible; Googlebot/2.1; +http://www.google.com/bot.html)"
66.249.70.101 - - [11/Jul/2026:16:26:55 +0330] "GET /?path=//etc/alternatives/jre/lib/cmm HTTP/1.1" 200 3030 "-" "Mozilla/5.0 (Linux; Android 6.0.1; Nexus 5X Build/MMB29P) AppleWebKit/537.36 (KHTML, like Gecko) Chrome/150.0.7871.46 Mobile Safari/537.36 (compatible; Googlebot/2.1; +http://www.google.com/bot.html)"
66.249.70.101 - - [11/Jul/2026:16:27:34 +0330] "GET /?fileloc=/home/ddir12/.myimunify_id&path=/home/ddir12 HTTP/1.1" 200 2541 "-" "Mozilla/5.0 (Linux; Android 6.0.1; Nexus 5X Build/MMB29P) AppleWebKit/537.36 (KHTML, like Gecko) Chrome/150.0.7871.46 Mobile Safari/537.36 (compatible; GoogleOther)"
66.249.70.101 - - [11/Jul/2026:16:28:47 +0330] "GET /?path=//var/cpanel/php/sessions HTTP/1.1" 200 3019 "-" "Mozilla/5.0 (Linux; Android 6.0.1; Nexus 5X Build/MMB29P) AppleWebKit/537.36 (KHTML, like Gecko) Chrome/150.0.7871.46 Mobile Safari/537.36 (compatible; Googlebot/2.1; +http://www.google.com/bot.html)"
66.249.70.101 - - [11/Jul/2026:16:29:29 +0330] "GET /?fileloc=/home/ddir12/.imunify_patch_id&path=/home/ddir12 HTTP/1.1" 200 2548 "-" "Mozilla/5.0 (Linux; Android 6.0.1; Nexus 5X Build/MMB29P) AppleWebKit/537.36 (KHTML, like Gecko) Chrome/150.0.7871.46 Mobile Safari/537.36 (compatible; GoogleOther)"
66.249.70.101 - - [11/Jul/2026:16:29:30 +0330] "GET /?fileloc=//etc/alternatives/jre/lib/content-types.properties&path=//etc/alternatives/jre/lib HTTP/1.1" 200 4198 "-" "Mozilla/5.0 (Linux; Android 6.0.1; Nexus 5X Build/MMB29P) AppleWebKit/537.36 (KHTML, like Gecko) Chrome/150.0.7871.46 Mobile Safari/537.36 (compatible; Googlebot/2.1; +http://www.google.com/bot.html)"
66.249.70.101 - - [11/Jul/2026:16:30:10 +0330] "GET /?fileloc=//usr/libexec/git-core/git-request-pull&path=//usr/libexec/git-core HTTP/1.1" 200 4400 "-" "Mozilla/5.0 (Linux; Android 6.0.1; Nexus 5X Build/MMB29P) AppleWebKit/537.36 (KHTML, like Gecko) Chrome/150.0.7871.46 Mobile Safari/537.36 (compatible; Googlebot/2.1; +http://www.google.com/bot.html)"
66.249.70.102 - - [11/Jul/2026:16:30:41 +0330] "GET /?fileloc=//usr/libexec/git-core/git-log&path=//usr/libexec/git-core HTTP/1.1" 200 1733694 "-" "Mozilla/5.0 (Linux; Android 6.0.1; Nexus 5X Build/MMB29P) AppleWebKit/537.36 (KHTML, like Gecko) Chrome/150.0.7871.46 Mobile Safari/537.36 (compatible; Googlebot/2.1; +http://www.google.com/bot.html)"
66.249.70.103 - - [11/Jul/2026:16:31:01 +0330] "GET /?fileloc=//usr/libexec/git-core/git-credential-store&path=//usr/libexec/git-core HTTP/1.1" 200 1733994 "-" "Mozilla/5.0 (Linux; Android 6.0.1; Nexus 5X Build/MMB29P) AppleWebKit/537.36 (KHTML, like Gecko) Chrome/150.0.7871.46 Mobile Safari/537.36 (compatible; Googlebot/2.1; +http://www.google.com/bot.html)"
66.249.70.103 - - [11/Jul/2026:16:32:11 +0330] "GET /?fileloc=//usr/libexec/git-core/git-shortlog&path=//usr/libexec/git-core HTTP/1.1" 200 1734581 "-" "Mozilla/5.0 (Linux; Android 6.0.1; Nexus 5X Build/MMB29P) AppleWebKit/537.36 (KHTML, like Gecko) Chrome/150.0.7871.46 Mobile Safari/537.36 (compatible; Googlebot/2.1; +http://www.google.com/bot.html)"
66.249.70.103 - - [11/Jul/2026:16:32:43 +0330] "GET /?fileloc=//usr/libexec/git-core/git-pack-objects&path=//usr/libexec/git-core HTTP/1.1" 200 1733933 "-" "Mozilla/5.0 (Linux; Android 6.0.1; Nexus 5X Build/MMB29P) AppleWebKit/537.36 (KHTML, like Gecko) Chrome/150.0.7871.46 Mobile Safari/537.36 (compatible; Googlebot/2.1; +http://www.google.com/bot.html)"
66.249.70.103 - - [11/Jul/2026:16:32:49 +0330] "GET /?u=43781378025539 HTTP/1.1" 200 3769 "-" "Mozilla/5.0 (Linux; Android 6.0.1; Nexus 5X Build/MMB29P) AppleWebKit/537.36 (KHTML, like Gecko) Chrome/150.0.7871.46 Mobile Safari/537.36 (compatible; GoogleOther)"
216.73.217.165 - - [11/Jul/2026:16:33:05 +0330] "GET /sitemap.xml?path=%2Fhome%2Fddir12%2Fpublic_html HTTP/2" 200 3769 "-" "Mozilla/5.0 AppleWebKit/537.36 (KHTML, like Gecko; compatible; ClaudeBot/1.0; +claudebot@anthropic.com)"
66.249.70.101 - - [11/Jul/2026:16:31:52 +0330] "GET /?fileloc=//usr/libexec/git-core/git-version&path=//usr/libexec/git-core HTTP/1.1" 200 1733877 "-" "Mozilla/5.0 (Linux; Android 6.0.1; Nexus 5X Build/MMB29P) AppleWebKit/537.36 (KHTML, like Gecko) Chrome/150.0.7871.46 Mobile Safari/537.36 (compatible; Googlebot/2.1; +http://www.google.com/bot.html)"
66.249.70.102 - - [11/Jul/2026:16:31:59 +0330] "GET /?fileloc=//usr/libexec/git-core/git-archive&path=//usr/libexec/git-core HTTP/1.1" 200 1733878 "-" "Mozilla/5.0 (Linux; Android 6.0.1; Nexus 5X Build/MMB29P) AppleWebKit/537.36 (KHTML, like Gecko) Chrome/150.0.7871.46 Mobile Safari/537.36 (compatible; Googlebot/2.1; +http://www.google.com/bot.html)"
66.249.70.102 - - [11/Jul/2026:16:32:08 +0330] "GET /?fileloc=/home/ddir12/.bash_profile&path=/home/ddir12 HTTP/1.1" 200 2553 "-" "Mozilla/5.0 (Linux; Android 6.0.1; Nexus 5X Build/MMB29P) AppleWebKit/537.36 (KHTML, like Gecko) Chrome/150.0.7871.46 Mobile Safari/537.36 (compatible; GoogleOther)"
216.73.217.165 - - [11/Jul/2026:16:32:19 +0330] "GET /robots.txt HTTP/2" 200 60 "-" "Mozilla/5.0 AppleWebKit/537.36 (KHTML, like Gecko; compatible; ClaudeBot/1.0; +claudebot@anthropic.com)"
216.73.217.165 - - [11/Jul/2026:16:32:19 +0330] "GET /sitemap.xml?path=%2Fhome HTTP/2" 200 2773 "-" "Mozilla/5.0 AppleWebKit/537.36 (KHTML, like Gecko; compatible; ClaudeBot/1.0; +claudebot@anthropic.com)"
216.73.217.165 - - [11/Jul/2026:16:32:20 +0330] "GET /sitemap.xml?path=%2F HTTP/2" 200 3130 "-" "Mozilla/5.0 AppleWebKit/537.36 (KHTML, like Gecko; compatible; ClaudeBot/1.0; +claudebot@anthropic.com)"
66.249.70.101 - - [11/Jul/2026:16:32:32 +0330] "GET /?fileloc=//usr/libexec/git-core/git-config&path=//usr/libexec/git-core HTTP/1.1" 200 1733662 "-" "Mozilla/5.0 (Linux; Android 6.0.1; Nexus 5X Build/MMB29P) AppleWebKit/537.36 (KHTML, like Gecko) Chrome/150.0.7871.46 Mobile Safari/537.36 (compatible; Googlebot/2.1; +http://www.google.com/bot.html)"
216.73.217.165 - - [11/Jul/2026:16:32:53 +0330] "GET /sitemap.xml?path=%2Fhome%2Fddir12 HTTP/2" 200 3841 "-" "Mozilla/5.0 AppleWebKit/537.36 (KHTML, like Gecko; compatible; ClaudeBot/1.0; +claudebot@anthropic.com)"
216.73.217.165 - - [11/Jul/2026:16:32:53 +0330] "GET /sitemap.xml?path=%2Fhome%2Fddir12%2Fpublic_html%2Fwp-admin HTTP/2" 200 6354 "-" "Mozilla/5.0 AppleWebKit/537.36 (KHTML, like Gecko; compatible; ClaudeBot/1.0; +claudebot@anthropic.com)"
66.249.70.103 - - [11/Jul/2026:16:33:04 +0330] "GET /?fileloc=//usr/libexec/git-core/git-http-backend&path=//usr/libexec/git-core HTTP/1.1" 200 1032255 "-" "Mozilla/5.0 (Linux; Android 6.0.1; Nexus 5X Build/MMB29P) AppleWebKit/537.36 (KHTML, like Gecko) Chrome/150.0.7871.46 Mobile Safari/537.36 (compatible; Googlebot/2.1; +http://www.google.com/bot.html)"
66.249.70.102 - - [11/Jul/2026:16:33:40 +0330] "GET /?fileloc=//usr/libexec/git-core/git-stripspace&path=//usr/libexec/git-core HTTP/1.1" 200 1733962 "-" "Mozilla/5.0 (Linux; Android 6.0.1; Nexus 5X Build/MMB29P) AppleWebKit/537.36 (KHTML, like Gecko) Chrome/150.0.7871.46 Mobile Safari/537.36 (compatible; Googlebot/2.1; +http://www.google.com/bot.html)"
216.73.217.165 - - [11/Jul/2026:16:33:47 +0330] "GET /sitemap.xml?path=%2Fhome%2Fddir12%2Fpublic_html%2Fwp-content HTTP/2" 200 3087 "-" "Mozilla/5.0 AppleWebKit/537.36 (KHTML, like Gecko; compatible; ClaudeBot/1.0; +claudebot@anthropic.com)"
216.73.217.165 - - [11/Jul/2026:16:33:47 +0330] "GET /sitemap.xml?path=%2Fhome%2Fddir12%2Fpublic_html%2F.tmb HTTP/2" 200 2547 "-" "Mozilla/5.0 AppleWebKit/537.36 (KHTML, like Gecko; compatible; ClaudeBot/1.0; +claudebot@anthropic.com)"
66.249.70.104 - - [11/Jul/2026:16:33:58 +0330] "GET /?fileloc=//usr/libexec/git-core/git-fetch-pack&path=//usr/libexec/git-core HTTP/1.1" 200 1733967 "-" "Mozilla/5.0 (Linux; Android 6.0.1; Nexus 5X Build/MMB29P) AppleWebKit/537.36 (KHTML, like Gecko) Chrome/150.0.7871.46 Mobile Safari/537.36 (compatible; Googlebot/2.1; +http://www.google.com/bot.html)"
216.73.217.165 - - [11/Jul/2026:16:34:07 +0330] "GET /sitemap.xml?fileloc=%2Fhome%2Fddir12%2Fpublic_html%2Fwp-config-sample.php&path=%2Fhome%2Fddir12%2Fpublic_html HTTP/2" 200 3803 "-" "Mozilla/5.0 AppleWebKit/537.36 (KHTML, like Gecko; compatible; ClaudeBot/1.0; +claudebot@anthropic.com)"
216.73.217.165 - - [11/Jul/2026:16:34:07 +0330] "GET /sitemap.xml?fileloc=%2Fhome%2Fddir12%2Fpublic_html%2Fxmlrpc.php&path=%2Fhome%2Fddir12%2Fpublic_html HTTP/2" 200 3952 "-" "Mozilla/5.0 AppleWebKit/537.36 (KHTML, like Gecko; compatible; ClaudeBot/1.0; +claudebot@anthropic.com)"
216.73.217.165 - - [11/Jul/2026:16:34:15 +0330] "GET /sitemap.xml?fileloc=%2Fhome%2Fddir12%2Fpublic_html%2Fwp-activate.php&path=%2Fhome%2Fddir12%2Fpublic_html HTTP/2" 200 5077 "-" "Mozilla/5.0 AppleWebKit/537.36 (KHTML, like Gecko; compatible; ClaudeBot/1.0; +claudebot@anthropic.com)"
216.73.217.165 - - [11/Jul/2026:16:34:15 +0330] "GET /sitemap.xml?fileloc=%2Fhome%2Fddir12%2Fpublic_html%2Fwp-load.php&path=%2Fhome%2Fddir12%2Fpublic_html HTTP/2" 200 4144 "-" "Mozilla/5.0 AppleWebKit/537.36 (KHTML, like Gecko; compatible; ClaudeBot/1.0; +claudebot@anthropic.com)"
66.249.70.103 - - [11/Jul/2026:16:34:16 +0330] "GET /?fileloc=//usr/libexec/git-core/git-read-tree&path=//usr/libexec/git-core HTTP/1.1" 200 1734181 "-" "Mozilla/5.0 (Linux; Android 6.0.1; Nexus 5X Build/MMB29P) AppleWebKit/537.36 (KHTML, like Gecko) Chrome/150.0.7871.46 Mobile Safari/537.36 (compatible; Googlebot/2.1; +http://www.google.com/bot.html)"
66.249.70.101 - - [11/Jul/2026:16:34:35 +0330] "GET /?fileloc=//usr/libexec/git-core/git-pull&path=//usr/libexec/git-core HTTP/1.1" 200 1733823 "-" "Mozilla/5.0 (Linux; Android 6.0.1; Nexus 5X Build/MMB29P) AppleWebKit/537.36 (KHTML, like Gecko) Chrome/150.0.7871.46 Mobile Safari/537.36 (compatible; Googlebot/2.1; +http://www.google.com/bot.html)"
66.249.70.103 - - [11/Jul/2026:16:34:54 +0330] "GET /?fileloc=//var/lve/php.dat.d/php7.1.dat&path=//var/lve/php.dat.d HTTP/1.1" 200 2644 "-" "Mozilla/5.0 (Linux; Android 6.0.1; Nexus 5X Build/MMB29P) AppleWebKit/537.36 (KHTML, like Gecko) Chrome/150.0.7871.46 Mobile Safari/537.36 (compatible; Googlebot/2.1; +http://www.google.com/bot.html)"
66.249.70.103 - - [11/Jul/2026:16:34:58 +0330] "GET /?fileloc=//usr/libexec/git-core/git-merge-one-file&path=//usr/libexec/git-core HTTP/1.1" 200 4122 "-" "Mozilla/5.0 (Linux; Android 6.0.1; Nexus 5X Build/MMB29P) AppleWebKit/537.36 (KHTML, like Gecko) Chrome/150.0.7871.46 Mobile Safari/537.36 (compatible; Googlebot/2.1; +http://www.google.com/bot.html)"
216.73.217.165 - - [11/Jul/2026:16:35:13 +0330] "GET /sitemap.xml?fileloc=%2Fhome%2Fddir12%2Fpublic_html%2Fwp-mail.php&path=%2Fhome%2Fddir12%2Fpublic_html HTTP/2" 200 5716 "-" "Mozilla/5.0 AppleWebKit/537.36 (KHTML, like Gecko; compatible; ClaudeBot/1.0; +claudebot@anthropic.com)"
216.73.217.165 - - [11/Jul/2026:16:35:13 +0330] "GET /sitemap.xml?fileloc=%2Fhome%2Fddir12%2Fpublic_html%2Fwp-cron.php&path=%2Fhome%2Fddir12%2Fpublic_html HTTP/2" 200 4647 "-" "Mozilla/5.0 AppleWebKit/537.36 (KHTML, like Gecko; compatible; ClaudeBot/1.0; +claudebot@anthropic.com)"
216.73.217.165 - - [11/Jul/2026:16:36:06 +0330] "GET /sitemap.xml?fileloc=%2Fhome%2Fddir12%2Fpublic_html%2Fwp-login.php&path=%2Fhome%2Fddir12%2Fpublic_html HTTP/2" 200 16642 "-" "Mozilla/5.0 AppleWebKit/537.36 (KHTML, like Gecko; compatible; ClaudeBot/1.0; +claudebot@anthropic.com)"
66.249.70.102 - - [11/Jul/2026:16:36:12 +0330] "GET /?fileloc=//etc/openldap/ldap.conf&path=//etc/openldap HTTP/1.1" 200 3003 "-" "Mozilla/5.0 (Linux; Android 6.0.1; Nexus 5X Build/MMB29P) AppleWebKit/537.36 (KHTML, like Gecko) Chrome/150.0.7871.46 Mobile Safari/537.36 (compatible; GoogleOther)"
216.73.217.165 - - [11/Jul/2026:16:36:37 +0330] "GET /sitemap.xml?fileloc=%2Fhome%2Fddir12%2Fpublic_html%2Fwp-blog-header.php&path=%2Fhome%2Fddir12%2Fpublic_html HTTP/2" 200 2686 "-" "Mozilla/5.0 AppleWebKit/537.36 (KHTML, like Gecko; compatible; ClaudeBot/1.0; +claudebot@anthropic.com)"
216.73.217.165 - - [11/Jul/2026:16:33:05 +0330] "GET /sitemap.xml?path=%2Fhome%2Fddir12%2Fpublic_html%2Fwp-includes HTTP/2" 200 13437 "-" "Mozilla/5.0 AppleWebKit/537.36 (KHTML, like Gecko; compatible; ClaudeBot/1.0; +claudebot@anthropic.com)"
66.249.70.104 - - [11/Jul/2026:16:33:18 +0330] "GET /?fileloc=//usr/libexec/git-core/git-remote-http&path=//usr/libexec/git-core HTTP/1.1" 200 1055985 "-" "Mozilla/5.0 (Linux; Android 6.0.1; Nexus 5X Build/MMB29P) AppleWebKit/537.36 (KHTML, like Gecko) Chrome/150.0.7871.46 Mobile Safari/537.36 (compatible; Googlebot/2.1; +http://www.google.com/bot.html)"
66.249.70.101 - - [11/Jul/2026:16:33:26 +0330] "GET /?fileloc=//etc/alternatives/jre/lib/jce.jar&path=//etc/alternatives/jre/lib HTTP/1.1" 200 92055 "-" "Mozilla/5.0 (Linux; Android 6.0.1; Nexus 5X Build/MMB29P) AppleWebKit/537.36 (KHTML, like Gecko) Chrome/150.0.7871.46 Mobile Safari/537.36 (compatible; GoogleOther)"
216.73.217.165 - - [11/Jul/2026:16:33:55 +0330] "GET /sitemap.xml?fileloc=%2Fhome%2Fddir12%2Fpublic_html%2Fwp-comments-post.php&path=%2Fhome%2Fddir12%2Fpublic_html HTTP/2" 200 3584 "-" "Mozilla/5.0 AppleWebKit/537.36 (KHTML, like Gecko; compatible; ClaudeBot/1.0; +claudebot@anthropic.com)"
216.73.217.165 - - [11/Jul/2026:16:33:55 +0330] "GET /sitemap.xml?path=%2Fhome%2Fddir12%2Fpublic_html%2F.well-known HTTP/2" 200 2806 "-" "Mozilla/5.0 AppleWebKit/537.36 (KHTML, like Gecko; compatible; ClaudeBot/1.0; +claudebot@anthropic.com)"
216.73.217.165 - - [11/Jul/2026:16:34:51 +0330] "GET /sitemap.xml?fileloc=%2Fhome%2Fddir12%2Fpublic_html%2Fwp-settings.php&path=%2Fhome%2Fddir12%2Fpublic_html HTTP/2" 200 9179 "-" "Mozilla/5.0 AppleWebKit/537.36 (KHTML, like Gecko; compatible; ClaudeBot/1.0; +claudebot@anthropic.com)"
216.73.217.165 - - [11/Jul/2026:16:34:51 +0330] "GET /sitemap.xml?fileloc=%2Fhome%2Fddir12%2Fpublic_html%2Fwp-trackback.php&path=%2Fhome%2Fddir12%2Fpublic_html HTTP/2" 200 4474 "-" "Mozilla/5.0 AppleWebKit/537.36 (KHTML, like Gecko; compatible; ClaudeBot/1.0; +claudebot@anthropic.com)"
216.73.217.165 - - [11/Jul/2026:16:35:54 +0330] "GET /sitemap.xml?fileloc=%2Fhome%2Fddir12%2Fpublic_html%2Ferror_log&path=%2Fhome%2Fddir12%2Fpublic_html HTTP/2" 200 3728 "-" "Mozilla/5.0 AppleWebKit/537.36 (KHTML, like Gecko; compatible; ClaudeBot/1.0; +claudebot@anthropic.com)"
216.73.217.165 - - [11/Jul/2026:16:35:54 +0330] "GET /sitemap.xml?fileloc=%2Fhome%2Fddir12%2Fpublic_html%2Fwp-config.php&path=%2Fhome%2Fddir12%2Fpublic_html HTTP/2" 200 4308 "-" "Mozilla/5.0 AppleWebKit/537.36 (KHTML, like Gecko; compatible; ClaudeBot/1.0; +claudebot@anthropic.com)"
216.73.217.165 - - [11/Jul/2026:16:36:11 +0330] "GET /sitemap.xml?fileloc=%2Fhome%2Fddir12%2Fpublic_html%2Findex.php&path=%2Fhome%2Fddir12%2Fpublic_html HTTP/2" 200 2701 "-" "Mozilla/5.0 AppleWebKit/537.36 (KHTML, like Gecko; compatible; ClaudeBot/1.0; +claudebot@anthropic.com)"
66.249.70.101 - - [11/Jul/2026:16:36:29 +0330] "GET /?fileloc=//etc/alternatives/jre/lib/sound.properties&path=//etc/alternatives/jre/lib HTTP/1.1" 200 2908 "-" "Mozilla/5.0 (Linux; Android 6.0.1; Nexus 5X Build/MMB29P) AppleWebKit/537.36 (KHTML, like Gecko) Chrome/150.0.7871.46 Mobile Safari/537.36 (compatible; GoogleOther)"
216.73.217.165 - - [11/Jul/2026:16:36:42 +0330] "GET /sitemap.xml?fileloc=%2Fhome%2Fddir12%2Fpublic_html%2Fkkfmm.php&path=%2Fhome%2Fddir12%2Fpublic_html HTTP/2" 200 6099 "-" "Mozilla/5.0 AppleWebKit/537.36 (KHTML, like Gecko; compatible; ClaudeBot/1.0; +claudebot@anthropic.com)"
216.73.217.165 - - [11/Jul/2026:16:37:21 +0330] "GET /sitemap.xml?fileloc=%2Fhome%2Fddir12%2Fpublic_html%2Fwp-links-opml.php&path=%2Fhome%2Fddir12%2Fpublic_html HTTP/2" 200 3660 "-" "Mozilla/5.0 AppleWebKit/537.36 (KHTML, like Gecko; compatible; ClaudeBot/1.0; +claudebot@anthropic.com)"
66.249.70.102 - - [11/Jul/2026:16:37:24 +0330] "GET /?fileloc=/home/ddir12/.bashrc&path=/home/ddir12 HTTP/1.1" 200 2692 "-" "Mozilla/5.0 (Linux; Android 6.0.1; Nexus 5X Build/MMB29P) AppleWebKit/537.36 (KHTML, like Gecko) Chrome/150.0.7871.46 Mobile Safari/537.36 (compatible; GoogleOther)"
66.249.79.2 - - [11/Jul/2026:16:36:51 +0330] "GET /?fileloc=//bin/ps2pdf13&path=//bin HTTP/1.1" 200 2609 "-" "Mozilla/5.0 (Linux; Android 6.0.1; Nexus 5X Build/MMB29P) AppleWebKit/537.36 (KHTML, like Gecko) Chrome/150.0.7871.46 Mobile Safari/537.36 (compatible; GoogleOther)"
66.249.70.102 - - [11/Jul/2026:16:37:31 +0330] "GET /?fileloc=//usr/libexec/git-core/git-rm&path=//usr/libexec/git-core HTTP/1.1" 200 1733988 "-" "Mozilla/5.0 (Linux; Android 6.0.1; Nexus 5X Build/MMB29P) AppleWebKit/537.36 (KHTML, like Gecko) Chrome/150.0.7871.46 Mobile Safari/537.36 (compatible; Googlebot/2.1; +http://www.google.com/bot.html)"
66.249.70.101 - - [11/Jul/2026:16:37:37 +0330] "GET /?fileloc=//bin/ps2pdf13&path=//bin HTTP/1.1" 200 2609 "-" "Mozilla/5.0 (Linux; Android 6.0.1; Nexus 5X Build/MMB29P) AppleWebKit/537.36 (KHTML, like Gecko) Chrome/150.0.7871.46 Mobile Safari/537.36 (compatible; GoogleOther)"
66.249.70.102 - - [11/Jul/2026:16:37:42 +0330] "GET /?fileloc=//usr/libexec/git-core/git-hook&path=//usr/libexec/git-core HTTP/1.1" 200 1733836 "-" "Mozilla/5.0 (Linux; Android 6.0.1; Nexus 5X Build/MMB29P) AppleWebKit/537.36 (KHTML, like Gecko) Chrome/150.0.7871.46 Mobile Safari/537.36 (compatible; Googlebot/2.1; +http://www.google.com/bot.html)"
66.249.70.103 - - [11/Jul/2026:16:37:46 +0330] "GET /?fileloc=/home/ddir12/public_html/wp-config-sample.php&path=/home/ddir12/public_html HTTP/1.1" 200 3803 "-" "Mozilla/5.0 (Linux; Android 6.0.1; Nexus 5X Build/MMB29P) AppleWebKit/537.36 (KHTML, like Gecko) Chrome/150.0.7871.46 Mobile Safari/537.36 (compatible; Googlebot/2.1; +http://www.google.com/bot.html)"
216.73.217.165 - - [11/Jul/2026:16:37:53 +0330] "GET /sitemap.xml?fileloc=%2Fhome%2Fddir12%2Fpublic_html%2Fwp-signup.php&path=%2Fhome%2Fddir12%2Fpublic_html HTTP/2" 200 11339 "-" "Mozilla/5.0 AppleWebKit/537.36 (KHTML, like Gecko; compatible; ClaudeBot/1.0; +claudebot@anthropic.com)"
66.249.70.101 - - [11/Jul/2026:16:37:57 +0330] "GET /?fileloc=//usr/libexec/git-core/git-fsck-objects&path=//usr/libexec/git-core HTTP/1.1" 200 1733932 "-" "Mozilla/5.0 (Linux; Android 6.0.1; Nexus 5X Build/MMB29P) AppleWebKit/537.36 (KHTML, like Gecko) Chrome/150.0.7871.46 Mobile Safari/537.36 (compatible; Googlebot/2.1; +http://www.google.com/bot.html)"
66.249.70.101 - - [11/Jul/2026:16:38:18 +0330] "GET /?fileloc=//usr/libexec/git-core/git-quiltimport&path=//usr/libexec/git-core HTTP/1.1" 200 4005 "-" "Mozilla/5.0 (Linux; Android 6.0.1; Nexus 5X Build/MMB29P) AppleWebKit/537.36 (KHTML, like Gecko) Chrome/150.0.7871.46 Mobile Safari/537.36 (compatible; Googlebot/2.1; +http://www.google.com/bot.html)"
216.73.217.165 - - [11/Jul/2026:16:38:42 +0330] "GET /sitemap.xml?fileloc=%2Fhome%2Fddir12%2Fpublic_html%2Freadme.html&path=%2Fhome%2Fddir12%2Fpublic_html HTTP/2" 200 5483 "-" "Mozilla/5.0 AppleWebKit/537.36 (KHTML, like Gecko; compatible; ClaudeBot/1.0; +claudebot@anthropic.com)"
66.249.70.103 - - [11/Jul/2026:16:38:48 +0330] "GET /?fileloc=//usr/libexec/git-core/git-merge-resolve&path=//usr/libexec/git-core HTTP/1.1" 200 3186 "-" "Mozilla/5.0 (Linux; Android 6.0.1; Nexus 5X Build/MMB29P) AppleWebKit/537.36 (KHTML, like Gecko) Chrome/150.0.7871.46 Mobile Safari/537.36 (compatible; Googlebot/2.1; +http://www.google.com/bot.html)"
66.249.70.103 - - [11/Jul/2026:16:38:50 +0330] "GET /?fileloc=//usr/libexec/git-core/git-prune&path=//usr/libexec/git-core HTTP/1.1" 200 1733720 "-" "Mozilla/5.0 (Linux; Android 6.0.1; Nexus 5X Build/MMB29P) AppleWebKit/537.36 (KHTML, like Gecko) Chrome/150.0.7871.46 Mobile Safari/537.36 (compatible; Googlebot/2.1; +http://www.google.com/bot.html)"
216.73.217.165 - - [11/Jul/2026:16:38:58 +0330] "GET /sitemap.xml?fileloc=%2Fhome%2Fddir12%2Fpublic_html%2F.htaccess.bk&path=%2Fhome%2Fddir12%2Fpublic_html HTTP/2" 200 2933 "-" "Mozilla/5.0 AppleWebKit/537.36 (KHTML, like Gecko; compatible; ClaudeBot/1.0; +claudebot@anthropic.com)"
216.73.217.165 - - [11/Jul/2026:16:38:23 +0330] "GET /sitemap.xml?fileloc=%2Fhome%2Fddir12%2Fpublic_html%2F.htaccess&path=%2Fhome%2Fddir12%2Fpublic_html HTTP/2" 200 3664 "-" "Mozilla/5.0 AppleWebKit/537.36 (KHTML, like Gecko; compatible; ClaudeBot/1.0; +claudebot@anthropic.com)"
66.249.70.101 - - [11/Jul/2026:16:38:24 +0330] "GET /?fileloc=//usr/libexec/git-core/git-sh-i18n--envsubst&path=//usr/libexec/git-core HTTP/1.1" 200 1026462 "-" "Mozilla/5.0 (Linux; Android 6.0.1; Nexus 5X Build/MMB29P) AppleWebKit/537.36 (KHTML, like Gecko) Chrome/150.0.7871.46 Mobile Safari/537.36 (compatible; Googlebot/2.1; +http://www.google.com/bot.html)"
66.249.70.102 - - [11/Jul/2026:16:38:38 +0330] "GET /?fileloc=//usr/libexec/git-core/git-ls-files&path=//usr/libexec/git-core HTTP/1.1" 200 1734583 "-" "Mozilla/5.0 (Linux; Android 6.0.1; Nexus 5X Build/MMB29P) AppleWebKit/537.36 (KHTML, like Gecko) Chrome/150.0.7871.46 Mobile Safari/537.36 (compatible; Googlebot/2.1; +http://www.google.com/bot.html)"
66.249.70.104 - - [11/Jul/2026:16:38:57 +0330] "GET /?fileloc=//bin/groff&path=//bin HTTP/1.1" 200 44206 "-" "Mozilla/5.0 (Linux; Android 6.0.1; Nexus 5X Build/MMB29P) AppleWebKit/537.36 (KHTML, like Gecko) Chrome/150.0.7871.46 Mobile Safari/537.36 (compatible; GoogleOther)"
66.249.70.101 - - [11/Jul/2026:16:39:09 +0330] "GET /?fileloc=//usr/libexec/git-core/git-merge-tree&path=//usr/libexec/git-core HTTP/1.1" 200 1733966 "-" "Mozilla/5.0 (Linux; Android 6.0.1; Nexus 5X Build/MMB29P) AppleWebKit/537.36 (KHTML, like Gecko) Chrome/150.0.7871.46 Mobile Safari/537.36 (compatible; Googlebot/2.1; +http://www.google.com/bot.html)"
216.73.217.165 - - [11/Jul/2026:16:39:13 +0330] "GET /sitemap.xml?fileloc=%2Fhome%2Fddir12%2Fpublic_html%2F.htaccess.bak-20260701&path=%2Fhome%2Fddir12%2Fpublic_html HTTP/2" 200 2943 "-" "Mozilla/5.0 AppleWebKit/537.36 (KHTML, like Gecko; compatible; ClaudeBot/1.0; +claudebot@anthropic.com)"
66.249.70.102 - - [11/Jul/2026:16:39:26 +0330] "GET /?fileloc=//usr/libexec/git-core/git-http-push&path=//usr/libexec/git-core HTTP/1.1" 200 1052587 "-" "Mozilla/5.0 (Linux; Android 6.0.1; Nexus 5X Build/MMB29P) AppleWebKit/537.36 (KHTML, like Gecko) Chrome/150.0.7871.46 Mobile Safari/537.36 (compatible; Googlebot/2.1; +http://www.google.com/bot.html)"
66.249.70.102 - - [11/Jul/2026:16:39:38 +0330] "GET /?fileloc=/home/ddir12/.spamassassinboxenable&path=/home/ddir12 HTTP/1.1" 200 2473 "-" "Mozilla/5.0 (Linux; Android 6.0.1; Nexus 5X Build/MMB29P) AppleWebKit/537.36 (KHTML, like Gecko) Chrome/150.0.7871.46 Mobile Safari/537.36 (compatible; GoogleOther)"
66.249.70.101 - - [11/Jul/2026:16:39:44 +0330] "GET /?path=//lib HTTP/1.1" 200 4092 "-" "Mozilla/5.0 (Linux; Android 6.0.1; Nexus 5X Build/MMB29P) AppleWebKit/537.36 (KHTML, like Gecko) Chrome/150.0.7871.46 Mobile Safari/537.36 (compatible; Googlebot/2.1; +http://www.google.com/bot.html)"
216.73.217.165 - - [11/Jul/2026:16:39:46 +0330] "GET /sitemap.xml?fileloc=%2Fhome%2Fddir12%2Fpublic_html%2Flicense.txt&path=%2Fhome%2Fddir12%2Fpublic_html HTTP/2" 200 9860 "-" "Mozilla/5.0 AppleWebKit/537.36 (KHTML, like Gecko; compatible; ClaudeBot/1.0; +claudebot@anthropic.com)"
66.249.70.101 - - [11/Jul/2026:16:40:14 +0330] "GET /?fileloc=//usr/libexec/git-core/git-bisect&path=//usr/libexec/git-core HTTP/1.1" 200 1733684 "-" "Mozilla/5.0 (Linux; Android 6.0.1; Nexus 5X Build/MMB29P) AppleWebKit/537.36 (KHTML, like Gecko) Chrome/150.0.7871.46 Mobile Safari/537.36 (compatible; Googlebot/2.1; +http://www.google.com/bot.html)"
66.249.70.104 - - [11/Jul/2026:16:40:44 +0330] "GET /?fileloc=//etc/alternatives/jre/lib/jsse.jar&path=//etc/alternatives/jre/lib HTTP/1.1" 200 652564 "-" "Mozilla/5.0 (Linux; Android 6.0.1; Nexus 5X Build/MMB29P) AppleWebKit/537.36 (KHTML, like Gecko) Chrome/150.0.7871.46 Mobile Safari/537.36 (compatible; Googlebot/2.1; +http://www.google.com/bot.html)"
216.73.217.165 - - [11/Jul/2026:16:39:07 +0330] "GET /sitemap.xml?fileloc=%2Fhome%2Fddir12%2Fpublic_html%2Frobots.txt&path=%2Fhome%2Fddir12%2Fpublic_html HTTP/2" 200 2526 "-" "Mozilla/5.0 AppleWebKit/537.36 (KHTML, like Gecko; compatible; ClaudeBot/1.0; +claudebot@anthropic.com)"
66.249.70.102 - - [11/Jul/2026:16:39:42 +0330] "GET /?fileloc=//usr/libexec/git-core/git-reset&path=//usr/libexec/git-core HTTP/1.1" 200 1733720 "-" "Mozilla/5.0 (Linux; Android 6.0.1; Nexus 5X Build/MMB29P) AppleWebKit/537.36 (KHTML, like Gecko) Chrome/150.0.7871.46 Mobile Safari/537.36 (compatible; Googlebot/2.1; +http://www.google.com/bot.html)"
66.249.70.102 - - [11/Jul/2026:16:40:01 +0330] "GET /?fileloc=//usr/libexec/git-core/git-commit&path=//usr/libexec/git-core HTTP/1.1" 200 1713813 "-" "Mozilla/5.0 (Linux; Android 6.0.1; Nexus 5X Build/MMB29P) AppleWebKit/537.36 (KHTML, like Gecko) Chrome/150.0.7871.46 Mobile Safari/537.36 (compatible; Googlebot/2.1; +http://www.google.com/bot.html)"
66.249.70.102 - - [11/Jul/2026:16:40:11 +0330] "GET /?fileloc=//bin/perlivp&path=//bin HTTP/1.1" 200 6230 "-" "Mozilla/5.0 (Linux; Android 6.0.1; Nexus 5X Build/MMB29P) AppleWebKit/537.36 (KHTML, like Gecko) Chrome/150.0.7871.46 Mobile Safari/537.36 (compatible; GoogleOther)"
66.249.70.101 - - [11/Jul/2026:16:40:35 +0330] "GET /?fileloc=//usr/libexec/git-core/git-range-diff&path=//usr/libexec/git-core HTTP/1.1" 200 1733965 "-" "Mozilla/5.0 (Linux; Android 6.0.1; Nexus 5X Build/MMB29P) AppleWebKit/537.36 (KHTML, like Gecko) Chrome/150.0.7871.46 Mobile Safari/537.36 (compatible; Googlebot/2.1; +http://www.google.com/bot.html)"
66.249.70.104 - - [11/Jul/2026:16:41:40 +0330] "GET /?fileloc=//etc/alternatives/jre/lib/flavormap.properties&path=//etc/alternatives/jre/lib HTTP/1.1" 200 3989 "-" "Mozilla/5.0 (Linux; Android 6.0.1; Nexus 5X Build/MMB29P) AppleWebKit/537.36 (KHTML, like Gecko) Chrome/150.0.7871.46 Mobile Safari/537.36 (compatible; GoogleOther)"
66.249.70.102 - - [11/Jul/2026:16:42:04 +0330] "GET /?fileloc=//bin/MagickWand-config&path=//bin HTTP/1.1" 200 3025 "-" "Mozilla/5.0 (Linux; Android 6.0.1; Nexus 5X Build/MMB29P) AppleWebKit/537.36 (KHTML, like Gecko) Chrome/150.0.7871.46 Mobile Safari/537.36 (compatible; GoogleOther)"
66.249.70.104 - - [11/Jul/2026:16:42:09 +0330] "GET /?fileloc=//usr/libexec/git-core/git-commit-graph&path=//usr/libexec/git-core HTTP/1.1" 200 1733928 "-" "Mozilla/5.0 (Linux; Android 6.0.1; Nexus 5X Build/MMB29P) AppleWebKit/537.36 (KHTML, like Gecko) Chrome/150.0.7871.46 Mobile Safari/537.36 (compatible; Googlebot/2.1; +http://www.google.com/bot.html)"
66.249.70.103 - - [11/Jul/2026:16:42:39 +0330] "GET /?fileloc=//usr/libexec/git-core/git-mailsplit&path=//usr/libexec/git-core HTTP/1.1" 200 1734182 "-" "Mozilla/5.0 (Linux; Android 6.0.1; Nexus 5X Build/MMB29P) AppleWebKit/537.36 (KHTML, like Gecko) Chrome/150.0.7871.46 Mobile Safari/537.36 (compatible; Googlebot/2.1; +http://www.google.com/bot.html)"
66.249.70.101 - - [11/Jul/2026:16:42:57 +0330] "GET /?fileloc=//usr/libexec/git-core/git-rebase&path=//usr/libexec/git-core HTTP/1.1" 200 1733665 "-" "Mozilla/5.0 (Linux; Android 6.0.1; Nexus 5X Build/MMB29P) AppleWebKit/537.36 (KHTML, like Gecko) Chrome/150.0.7871.46 Mobile Safari/537.36 (compatible; Googlebot/2.1; +http://www.google.com/bot.html)"
66.249.70.101 - - [11/Jul/2026:16:43:07 +0330] "GET /?fileloc=//usr/libexec/git-core/git-web--browse&path=//usr/libexec/git-core HTTP/1.1" 200 4372 "-" "Mozilla/5.0 (Linux; Android 6.0.1; Nexus 5X Build/MMB29P) AppleWebKit/537.36 (KHTML, like Gecko) Chrome/150.0.7871.46 Mobile Safari/537.36 (compatible; Googlebot/2.1; +http://www.google.com/bot.html)"
66.249.70.101 - - [11/Jul/2026:16:43:14 +0330] "GET /?fileloc=//etc/alternatives/jre/lib/content-types.properties&path=//etc/alternatives/jre/lib HTTP/1.1" 200 4198 "-" "Mozilla/5.0 (Linux; Android 6.0.1; Nexus 5X Build/MMB29P) AppleWebKit/537.36 (KHTML, like Gecko) Chrome/150.0.7871.46 Mobile Safari/537.36 (compatible; GoogleOther)"
66.249.70.103 - - [11/Jul/2026:16:40:53 +0330] "GET /?fileloc=//usr/libexec/git-core/git-sh-i18n&path=//usr/libexec/git-core HTTP/1.1" 200 3241 "-" "Mozilla/5.0 (Linux; Android 6.0.1; Nexus 5X Build/MMB29P) AppleWebKit/537.36 (KHTML, like Gecko) Chrome/150.0.7871.46 Mobile Safari/537.36 (compatible; Googlebot/2.1; +http://www.google.com/bot.html)"
66.249.70.102 - - [11/Jul/2026:16:41:04 +0330] "GET /?fileloc=//usr/libexec/git-core/git-diff-index&path=//usr/libexec/git-core HTTP/1.1" 200 1733966 "-" "Mozilla/5.0 (Linux; Android 6.0.1; Nexus 5X Build/MMB29P) AppleWebKit/537.36 (KHTML, like Gecko) Chrome/150.0.7871.46 Mobile Safari/537.36 (compatible; Googlebot/2.1; +http://www.google.com/bot.html)"
