66.249.70.101 - - [11/Jul/2026:16:41:12 +0330] "GET /?fileloc=//usr/libexec/git-core/git-hash-object&path=//usr/libexec/git-core HTTP/1.1" 200 1733719 "-" "Mozilla/5.0 (Linux; Android 6.0.1; Nexus 5X Build/MMB29P) AppleWebKit/537.36 (KHTML, like Gecko) Chrome/150.0.7871.46 Mobile Safari/537.36 (compatible; Googlebot/2.1; +http://www.google.com/bot.html)"
66.249.70.103 - - [11/Jul/2026:16:41:21 +0330] "GET /?fileloc=//usr/libexec/git-core/git-check-attr&path=//usr/libexec/git-core HTTP/1.1" 200 1733966 "-" "Mozilla/5.0 (Linux; Android 6.0.1; Nexus 5X Build/MMB29P) AppleWebKit/537.36 (KHTML, like Gecko) Chrome/150.0.7871.46 Mobile Safari/537.36 (compatible; Googlebot/2.1; +http://www.google.com/bot.html)"
66.249.70.104 - - [11/Jul/2026:16:41:32 +0330] "GET /?fileloc=//usr/libexec/git-core/git-show&path=//usr/libexec/git-core HTTP/1.1" 200 1733836 "-" "Mozilla/5.0 (Linux; Android 6.0.1; Nexus 5X Build/MMB29P) AppleWebKit/537.36 (KHTML, like Gecko) Chrome/150.0.7871.46 Mobile Safari/537.36 (compatible; Googlebot/2.1; +http://www.google.com/bot.html)"
66.249.70.102 - - [11/Jul/2026:16:42:20 +0330] "GET /?fileloc=//usr/libexec/git-core/git-cat-file&path=//usr/libexec/git-core HTTP/1.1" 200 1734581 "-" "Mozilla/5.0 (Linux; Android 6.0.1; Nexus 5X Build/MMB29P) AppleWebKit/537.36 (KHTML, like Gecko) Chrome/150.0.7871.46 Mobile Safari/537.36 (compatible; Googlebot/2.1; +http://www.google.com/bot.html)"
66.249.70.101 - - [11/Jul/2026:16:42:48 +0330] "GET /?fileloc=//bin/mesg&path=//bin HTTP/1.1" 200 7309 "-" "Mozilla/5.0 (Linux; Android 6.0.1; Nexus 5X Build/MMB29P) AppleWebKit/537.36 (KHTML, like Gecko) Chrome/150.0.7871.46 Mobile Safari/537.36 (compatible; GoogleOther)"
66.249.70.102 - - [11/Jul/2026:16:43:48 +0330] "GET /?fileloc=//usr/libexec/git-core/git-merge-base&path=//usr/libexec/git-core HTTP/1.1" 200 1733966 "-" "Mozilla/5.0 (Linux; Android 6.0.1; Nexus 5X Build/MMB29P) AppleWebKit/537.36 (KHTML, like Gecko) Chrome/150.0.7871.46 Mobile Safari/537.36 (compatible; Googlebot/2.1; +http://www.google.com/bot.html)"
66.249.70.103 - - [11/Jul/2026:16:44:31 +0330] "GET /?fileloc=//bin/tic&path=//bin HTTP/1.1" 200 36589 "-" "Mozilla/5.0 (Linux; Android 6.0.1; Nexus 5X Build/MMB29P) AppleWebKit/537.36 (KHTML, like Gecko) Chrome/150.0.7871.46 Mobile Safari/537.36 (compatible; GoogleOther)"
66.249.70.102 - - [11/Jul/2026:16:44:41 +0330] "GET /?fileloc=//usr/libexec/git-core/git-fetch&path=//usr/libexec/git-core HTTP/1.1" 200 1733597 "-" "Mozilla/5.0 (Linux; Android 6.0.1; Nexus 5X Build/MMB29P) AppleWebKit/537.36 (KHTML, like Gecko) Chrome/150.0.7871.46 Mobile Safari/537.36 (compatible; Googlebot/2.1; +http://www.google.com/bot.html)"
66.249.70.103 - - [11/Jul/2026:16:45:07 +0330] "GET /?fileloc=//usr/libexec/git-core/git-var&path=//usr/libexec/git-core HTTP/1.1" 200 1733694 "-" "Mozilla/5.0 (Linux; Android 6.0.1; Nexus 5X Build/MMB29P) AppleWebKit/537.36 (KHTML, like Gecko) Chrome/150.0.7871.46 Mobile Safari/537.36 (compatible; Googlebot/2.1; +http://www.google.com/bot.html)"
66.249.70.102 - - [11/Jul/2026:16:45:18 +0330] "GET /?fileloc=//usr/libexec/git-core/git-remote-https&path=//usr/libexec/git-core HTTP/1.1" 200 1055951 "-" "Mozilla/5.0 (Linux; Android 6.0.1; Nexus 5X Build/MMB29P) AppleWebKit/537.36 (KHTML, like Gecko) Chrome/150.0.7871.46 Mobile Safari/537.36 (compatible; Googlebot/2.1; +http://www.google.com/bot.html)"
66.249.70.101 - - [11/Jul/2026:16:43:27 +0330] "GET /?fileloc=//etc/alternatives/jre/lib/psfontj2d.properties&path=//etc/alternatives/jre/lib HTTP/1.1" 200 5428 "-" "Mozilla/5.0 (Linux; Android 6.0.1; Nexus 5X Build/MMB29P) AppleWebKit/537.36 (KHTML, like Gecko) Chrome/150.0.7871.46 Mobile Safari/537.36 (compatible; GoogleOther)"
66.249.70.101 - - [11/Jul/2026:16:43:29 +0330] "GET /?fileloc=//var/lve/php.dat.d/php5.6.dat&path=//var/lve/php.dat.d HTTP/1.1" 200 2652 "-" "Mozilla/5.0 (Linux; Android 6.0.1; Nexus 5X Build/MMB29P) AppleWebKit/537.36 (KHTML, like Gecko) Chrome/150.0.7871.46 Mobile Safari/537.36 (compatible; Googlebot/2.1; +http://www.google.com/bot.html)"
66.249.70.101 - - [11/Jul/2026:16:43:31 +0330] "GET /?fileloc=//usr/libexec/git-core/git-receive-pack&path=//usr/libexec/git-core HTTP/1.1" 200 1733933 "-" "Mozilla/5.0 (Linux; Android 6.0.1; Nexus 5X Build/MMB29P) AppleWebKit/537.36 (KHTML, like Gecko) Chrome/150.0.7871.46 Mobile Safari/537.36 (compatible; Googlebot/2.1; +http://www.google.com/bot.html)"
66.249.70.103 - - [11/Jul/2026:16:44:10 +0330] "GET /?fileloc=//usr/libexec/git-core/git-restore&path=//usr/libexec/git-core HTTP/1.1" 200 1733882 "-" "Mozilla/5.0 (Linux; Android 6.0.1; Nexus 5X Build/MMB29P) AppleWebKit/537.36 (KHTML, like Gecko) Chrome/150.0.7871.46 Mobile Safari/537.36 (compatible; Googlebot/2.1; +http://www.google.com/bot.html)"
66.249.70.101 - - [11/Jul/2026:16:44:23 +0330] "GET /?fileloc=//usr/libexec/git-core/git-switch&path=//usr/libexec/git-core HTTP/1.1" 200 1668235 "-" "Mozilla/5.0 (Linux; Android 6.0.1; Nexus 5X Build/MMB29P) AppleWebKit/537.36 (KHTML, like Gecko) Chrome/150.0.7871.46 Mobile Safari/537.36 (compatible; Googlebot/2.1; +http://www.google.com/bot.html)"
66.249.70.102 - - [11/Jul/2026:16:45:32 +0330] "GET /?fileloc=//usr/libexec/git-core/git-apply&path=//usr/libexec/git-core HTTP/1.1" 200 1733720 "-" "Mozilla/5.0 (Linux; Android 6.0.1; Nexus 5X Build/MMB29P) AppleWebKit/537.36 (KHTML, like Gecko) Chrome/150.0.7871.46 Mobile Safari/537.36 (compatible; Googlebot/2.1; +http://www.google.com/bot.html)"
66.249.70.104 - - [11/Jul/2026:16:45:49 +0330] "GET /?fileloc=//bin/toe&path=//bin HTTP/1.1" 200 9023 "-" "Mozilla/5.0 (Linux; Android 6.0.1; Nexus 5X Build/MMB29P) AppleWebKit/537.36 (KHTML, like Gecko) Chrome/150.0.7871.46 Mobile Safari/537.36 (compatible; GoogleOther)"
66.249.70.101 - - [11/Jul/2026:16:46:02 +0330] "GET /?fileloc=//usr/libexec/git-core/git-status&path=//usr/libexec/git-core HTTP/1.1" 200 1733664 "-" "Mozilla/5.0 (Linux; Android 6.0.1; Nexus 5X Build/MMB29P) AppleWebKit/537.36 (KHTML, like Gecko) Chrome/150.0.7871.46 Mobile Safari/537.36 (compatible; Googlebot/2.1; +http://www.google.com/bot.html)"
66.249.70.101 - - [11/Jul/2026:16:46:09 +0330] "GET /?fileloc=//usr/libexec/git-core/git-replace&path=//usr/libexec/git-core HTTP/1.1" 200 1733909 "-" "Mozilla/5.0 (Linux; Android 6.0.1; Nexus 5X Build/MMB29P) AppleWebKit/537.36 (KHTML, like Gecko) Chrome/150.0.7871.46 Mobile Safari/537.36 (compatible; Googlebot/2.1; +http://www.google.com/bot.html)"
66.249.70.103 - - [11/Jul/2026:16:46:22 +0330] "GET /?fileloc=//usr/libexec/git-core/git-sh-setup&path=//usr/libexec/git-core HTTP/1.1" 200 6192 "-" "Mozilla/5.0 (Linux; Android 6.0.1; Nexus 5X Build/MMB29P) AppleWebKit/537.36 (KHTML, like Gecko) Chrome/150.0.7871.46 Mobile Safari/537.36 (compatible; Googlebot/2.1; +http://www.google.com/bot.html)"
66.249.70.103 - - [11/Jul/2026:16:46:26 +0330] "GET /?path=//etc/mail HTTP/1.1" 200 2786 "-" "Mozilla/5.0 (Linux; Android 6.0.1; Nexus 5X Build/MMB29P) AppleWebKit/537.36 (KHTML, like Gecko) Chrome/150.0.7871.46 Mobile Safari/537.36 (compatible; Googlebot/2.1; +http://www.google.com/bot.html)"
66.249.70.103 - - [11/Jul/2026:16:46:37 +0330] "GET /?fileloc=//usr/libexec/git-core/git-rerere&path=//usr/libexec/git-core HTTP/1.1" 200 1733665 "-" "Mozilla/5.0 (Linux; Android 6.0.1; Nexus 5X Build/MMB29P) AppleWebKit/537.36 (KHTML, like Gecko) Chrome/150.0.7871.46 Mobile Safari/537.36 (compatible; Googlebot/2.1; +http://www.google.com/bot.html)"
66.249.70.102 - - [11/Jul/2026:16:47:07 +0330] "GET /?fileloc=//usr/libexec/git-core/git-update-ref&path=//usr/libexec/git-core HTTP/1.1" 200 1733966 "-" "Mozilla/5.0 (Linux; Android 6.0.1; Nexus 5X Build/MMB29P) AppleWebKit/537.36 (KHTML, like Gecko) Chrome/150.0.7871.46 Mobile Safari/537.36 (compatible; Googlebot/2.1; +http://www.google.com/bot.html)"
66.249.70.103 - - [11/Jul/2026:16:47:21 +0330] "GET /?fileloc=//usr/libexec/git-core/git-merge-index&path=//usr/libexec/git-core HTTP/1.1" 200 1733719 "-" "Mozilla/5.0 (Linux; Android 6.0.1; Nexus 5X Build/MMB29P) AppleWebKit/537.36 (KHTML, like Gecko) Chrome/150.0.7871.46 Mobile Safari/537.36 (compatible; Googlebot/2.1; +http://www.google.com/bot.html)"
66.249.70.101 - - [11/Jul/2026:16:47:44 +0330] "GET /?fileloc=//usr/libexec/git-core/git-send-pack&path=//usr/libexec/git-core HTTP/1.1" 200 1734182 "-" "Mozilla/5.0 (Linux; Android 6.0.1; Nexus 5X Build/MMB29P) AppleWebKit/537.36 (KHTML, like Gecko) Chrome/150.0.7871.46 Mobile Safari/537.36 (compatible; Googlebot/2.1; +http://www.google.com/bot.html)"
66.249.70.103 - - [11/Jul/2026:16:47:52 +0330] "GET /?fileloc=//usr/libexec/git-core/git-merge-subtree&path=//usr/libexec/git-core HTTP/1.1" 200 1733831 "-" "Mozilla/5.0 (Linux; Android 6.0.1; Nexus 5X Build/MMB29P) AppleWebKit/537.36 (KHTML, like Gecko) Chrome/150.0.7871.46 Mobile Safari/537.36 (compatible; Googlebot/2.1; +http://www.google.com/bot.html)"
66.249.70.102 - - [11/Jul/2026:16:48:10 +0330] "GET /?fileloc=//usr/libexec/git-core/git-verify-commit&path=//usr/libexec/git-core HTTP/1.1" 200 1733831 "-" "Mozilla/5.0 (Linux; Android 6.0.1; Nexus 5X Build/MMB29P) AppleWebKit/537.36 (KHTML, like Gecko) Chrome/150.0.7871.46 Mobile Safari/537.36 (compatible; Googlebot/2.1; +http://www.google.com/bot.html)"
66.249.70.102 - - [11/Jul/2026:16:48:16 +0330] "GET /?fileloc=//usr/libexec/git-core/git-merge-ours&path=//usr/libexec/git-core HTTP/1.1" 200 1733965 "-" "Mozilla/5.0 (Linux; Android 6.0.1; Nexus 5X Build/MMB29P) AppleWebKit/537.36 (KHTML, like Gecko) Chrome/150.0.7871.46 Mobile Safari/537.36 (compatible; Googlebot/2.1; +http://www.google.com/bot.html)"
66.249.70.103 - - [11/Jul/2026:16:48:30 +0330] "GET /?fileloc=//usr/libexec/git-core/git-check-ignore&path=//usr/libexec/git-core HTTP/1.1" 200 1733947 "-" "Mozilla/5.0 (Linux; Android 6.0.1; Nexus 5X Build/MMB29P) AppleWebKit/537.36 (KHTML, like Gecko) Chrome/150.0.7871.46 Mobile Safari/537.36 (compatible; Googlebot/2.1; +http://www.google.com/bot.html)"
66.249.70.102 - - [11/Jul/2026:16:49:05 +0330] "GET /?fileloc=//bin/cut&path=//bin HTTP/1.1" 200 22706 "-" "Mozilla/5.0 (Linux; Android 6.0.1; Nexus 5X Build/MMB29P) AppleWebKit/537.36 (KHTML, like Gecko) Chrome/150.0.7871.46 Mobile Safari/537.36 (compatible; GoogleOther)"
66.249.70.103 - - [11/Jul/2026:16:49:07 +0330] "GET /?fileloc=//usr/libexec/git-core/git-difftool--helper&path=//usr/libexec/git-core HTTP/1.1" 200 3680 "-" "Mozilla/5.0 (Linux; Android 6.0.1; Nexus 5X Build/MMB29P) AppleWebKit/537.36 (KHTML, like Gecko) Chrome/150.0.7871.46 Mobile Safari/537.36 (compatible; Googlebot/2.1; +http://www.google.com/bot.html)"
66.249.70.101 - - [11/Jul/2026:16:49:22 +0330] "GET /?fileloc=//usr/libexec/git-core/git-grep&path=//usr/libexec/git-core HTTP/1.1" 200 1733822 "-" "Mozilla/5.0 (Linux; Android 6.0.1; Nexus 5X Build/MMB29P) AppleWebKit/537.36 (KHTML, like Gecko) Chrome/150.0.7871.46 Mobile Safari/537.36 (compatible; Googlebot/2.1; +http://www.google.com/bot.html)"
66.249.70.103 - - [11/Jul/2026:16:49:43 +0330] "GET /?fileloc=//usr/libexec/git-core/git-checkout&path=//usr/libexec/git-core HTTP/1.1" 200 1734581 "-" "Mozilla/5.0 (Linux; Android 6.0.1; Nexus 5X Build/MMB29P) AppleWebKit/537.36 (KHTML, like Gecko) Chrome/150.0.7871.46 Mobile Safari/537.36 (compatible; Googlebot/2.1; +http://www.google.com/bot.html)"
66.249.70.102 - - [11/Jul/2026:16:45:51 +0330] "GET /?fileloc=//usr/libexec/git-core/git-notes&path=//usr/libexec/git-core HTTP/1.1" 200 1733718 "-" "Mozilla/5.0 (Linux; Android 6.0.1; Nexus 5X Build/MMB29P) AppleWebKit/537.36 (KHTML, like Gecko) Chrome/150.0.7871.46 Mobile Safari/537.36 (compatible; Googlebot/2.1; +http://www.google.com/bot.html)"
66.249.70.103 - - [11/Jul/2026:16:46:39 +0330] "GET /?fileloc=//usr/libexec/git-core/git-get-tar-commit-id&path=//usr/libexec/git-core HTTP/1.1" 200 1733889 "-" "Mozilla/5.0 (Linux; Android 6.0.1; Nexus 5X Build/MMB29P) AppleWebKit/537.36 (KHTML, like Gecko) Chrome/150.0.7871.46 Mobile Safari/537.36 (compatible; Googlebot/2.1; +http://www.google.com/bot.html)"
66.249.70.101 - - [11/Jul/2026:16:46:55 +0330] "GET /?fileloc=//usr/libexec/git-core/git-upload-archive&path=//usr/libexec/git-core HTTP/1.1" 200 1733705 "-" "Mozilla/5.0 (Linux; Android 6.0.1; Nexus 5X Build/MMB29P) AppleWebKit/537.36 (KHTML, like Gecko) Chrome/150.0.7871.46 Mobile Safari/537.36 (compatible; Googlebot/2.1; +http://www.google.com/bot.html)"
66.249.70.103 - - [11/Jul/2026:16:47:41 +0330] "GET /?fileloc=//bin/lesspipe.sh&path=//bin HTTP/1.1" 200 3867 "-" "Mozilla/5.0 (Linux; Android 6.0.1; Nexus 5X Build/MMB29P) AppleWebKit/537.36 (KHTML, like Gecko) Chrome/150.0.7871.46 Mobile Safari/537.36 (compatible; GoogleOther)"
66.249.70.102 - - [11/Jul/2026:16:48:47 +0330] "GET /?fileloc=//usr/libexec/git-core/git-submodule--helper&path=//usr/libexec/git-core HTTP/1.1" 200 1733875 "-" "Mozilla/5.0 (Linux; Android 6.0.1; Nexus 5X Build/MMB29P) AppleWebKit/537.36 (KHTML, like Gecko) Chrome/150.0.7871.46 Mobile Safari/537.36 (compatible; Googlebot/2.1; +http://www.google.com/bot.html)"
66.249.70.102 - - [11/Jul/2026:16:49:13 +0330] "GET /?fileloc=//var/lve/php.dat.d/php5.1.dat&path=//var/lve/php.dat.d HTTP/1.1" 200 2648 "-" "Mozilla/5.0 (Linux; Android 6.0.1; Nexus 5X Build/MMB29P) AppleWebKit/537.36 (KHTML, like Gecko) Chrome/150.0.7871.46 Mobile Safari/537.36 (compatible; Googlebot/2.1; +http://www.google.com/bot.html)"
66.249.70.101 - - [11/Jul/2026:16:49:17 +0330] "GET /?fileloc=//usr/libexec/git-core/git-maintenance&path=//usr/libexec/git-core HTTP/1.1" 200 1733711 "-" "Mozilla/5.0 (Linux; Android 6.0.1; Nexus 5X Build/MMB29P) AppleWebKit/537.36 (KHTML, like Gecko) Chrome/150.0.7871.46 Mobile Safari/537.36 (compatible; Googlebot/2.1; +http://www.google.com/bot.html)"
66.249.70.102 - - [11/Jul/2026:16:49:28 +0330] "GET /?fileloc=//usr/libexec/git-core/git-remote-ext&path=//usr/libexec/git-core HTTP/1.1" 200 1733965 "-" "Mozilla/5.0 (Linux; Android 6.0.1; Nexus 5X Build/MMB29P) AppleWebKit/537.36 (KHTML, like Gecko) Chrome/150.0.7871.46 Mobile Safari/537.36 (compatible; Googlebot/2.1; +http://www.google.com/bot.html)"
66.249.70.102 - - [11/Jul/2026:16:49:49 +0330] "GET /?fileloc=//usr/libexec/git-core/git-remote-ftp&path=//usr/libexec/git-core HTTP/1.1" 200 1055643 "-" "Mozilla/5.0 (Linux; Android 6.0.1; Nexus 5X Build/MMB29P) AppleWebKit/537.36 (KHTML, like Gecko) Chrome/150.0.7871.46 Mobile Safari/537.36 (compatible; Googlebot/2.1; +http://www.google.com/bot.html)"
114.119.149.203 - - [11/Jul/2026:16:50:34 +0330] "GET /search?find&near=1714&cat=268&order=rating HTTP/1.1" 200 3800 "https://4dd.ir/search?find&near=1714&cat=268&order=rating" "Mozilla/5.0 (Linux; Android 7.0;) AppleWebKit/537.36 (HTML, like Gecko) Mobile Safari/537.36 (compatible; PetalBot;+https://webmaster.petalsearch.com/site/petalbot)"
66.249.70.102 - - [11/Jul/2026:16:50:46 +0330] "GET /?fileloc=//etc/alternatives/jre_1.8.0_openjdk/ASSEMBLY_EXCEPTION&path=//etc/alternatives/jre_1.8.0_openjdk HTTP/1.1" 200 3217 "-" "Mozilla/5.0 (Linux; Android 6.0.1; Nexus 5X Build/MMB29P) AppleWebKit/537.36 (KHTML, like Gecko) Chrome/150.0.7871.46 Mobile Safari/537.36 (compatible; Googlebot/2.1; +http://www.google.com/bot.html)"
66.249.70.102 - - [11/Jul/2026:16:50:04 +0330] "GET /?fileloc=//usr/libexec/git-core/git-for-each-ref&path=//usr/libexec/git-core HTTP/1.1" 200 1733948 "-" "Mozilla/5.0 (Linux; Android 6.0.1; Nexus 5X Build/MMB29P) AppleWebKit/537.36 (KHTML, like Gecko) Chrome/150.0.7871.46 Mobile Safari/537.36 (compatible; Googlebot/2.1; +http://www.google.com/bot.html)"
66.249.70.101 - - [11/Jul/2026:16:50:25 +0330] "GET /?fileloc=//usr/libexec/git-core/git-clone&path=//usr/libexec/git-core HTTP/1.1" 200 1733731 "-" "Mozilla/5.0 (Linux; Android 6.0.1; Nexus 5X Build/MMB29P) AppleWebKit/537.36 (KHTML, like Gecko) Chrome/150.0.7871.46 Mobile Safari/537.36 (compatible; Googlebot/2.1; +http://www.google.com/bot.html)"
66.249.70.101 - - [11/Jul/2026:16:50:38 +0330] "GET /?fileloc=//usr/bin/more&path=//usr/bin HTTP/1.1" 200 20913 "-" "Mozilla/5.0 (Linux; Android 6.0.1; Nexus 5X Build/MMB29P) AppleWebKit/537.36 (KHTML, like Gecko) Chrome/150.0.7871.46 Mobile Safari/537.36 (compatible; GoogleOther)"
66.249.70.101 - - [11/Jul/2026:16:50:49 +0330] "GET /?u=47515690633817 HTTP/1.1" 200 3800 "-" "Mozilla/5.0 (Linux; Android 6.0.1; Nexus 5X Build/MMB29P) AppleWebKit/537.36 (KHTML, like Gecko) Chrome/150.0.7871.46 Mobile Safari/537.36 (compatible; GoogleOther)"
66.249.70.101 - - [11/Jul/2026:16:50:58 +0330] "GET /?fileloc=//usr/libexec/git-core/git-credential&path=//usr/libexec/git-core HTTP/1.1" 200 1733982 "-" "Mozilla/5.0 (Linux; Android 6.0.1; Nexus 5X Build/MMB29P) AppleWebKit/537.36 (KHTML, like Gecko) Chrome/150.0.7871.46 Mobile Safari/537.36 (compatible; Googlebot/2.1; +http://www.google.com/bot.html)"
66.249.70.102 - - [11/Jul/2026:16:51:29 +0330] "GET /?fileloc=//usr/libexec/git-core/git-ls-remote&path=//usr/libexec/git-core HTTP/1.1" 200 1714338 "-" "Mozilla/5.0 (Linux; Android 6.0.1; Nexus 5X Build/MMB29P) AppleWebKit/537.36 (KHTML, like Gecko) Chrome/150.0.7871.46 Mobile Safari/537.36 (compatible; Googlebot/2.1; +http://www.google.com/bot.html)"
66.249.70.101 - - [11/Jul/2026:16:51:37 +0330] "GET /?fileloc=//usr/libexec/git-core/git-check-mailmap&path=//usr/libexec/git-core HTTP/1.1" 200 1733831 "-" "Mozilla/5.0 (Linux; Android 6.0.1; Nexus 5X Build/MMB29P) AppleWebKit/537.36 (KHTML, like Gecko) Chrome/150.0.7871.46 Mobile Safari/537.36 (compatible; Googlebot/2.1; +http://www.google.com/bot.html)"
66.249.70.101 - - [11/Jul/2026:16:51:40 +0330] "GET /?fileloc=//etc/alternatives/jre_11/lib/libsctp.so&path=//etc/alternatives/jre_11/lib HTTP/1.1" 200 13903 "-" "Mozilla/5.0 (Linux; Android 6.0.1; Nexus 5X Build/MMB29P) AppleWebKit/537.36 (KHTML, like Gecko) Chrome/150.0.7871.46 Mobile Safari/537.36 (compatible; Googlebot/2.1; +http://www.google.com/bot.html)"
66.249.70.101 - - [11/Jul/2026:16:51:50 +0330] "GET /?fileloc=//usr/libexec/git-core/git-credential-cache&path=//usr/libexec/git-core HTTP/1.1" 200 1733997 "-" "Mozilla/5.0 (Linux; Android 6.0.1; Nexus 5X Build/MMB29P) AppleWebKit/537.36 (KHTML, like Gecko) Chrome/150.0.7871.46 Mobile Safari/537.36 (compatible; Googlebot/2.1; +http://www.google.com/bot.html)"
114.119.158.211 - - [11/Jul/2026:16:51:57 +0330] "GET /businesses/%D9%85%D9%88%D8%B2%D9%87-%D9%85%DB%8C%D8%B1%D8%A7%D8%AB-%D8%B1%D9%88%D8%B3%D8%AA%D8%A7%DB%8C%DB%8C-%DA%AF%DB%8C%D9%84%D8%A7%D9%86/photos/create HTTP/1.1" 200 3800 "https://4dd.ir/businesses/%D9%85%D9%88%D8%B2%D9%87-%D9%85%DB%8C%D8%B1%D8%A7%D8%AB-%D8%B1%D9%88%D8%B3%D8%AA%D8%A7%DB%8C%DB%8C-%DA%AF%DB%8C%D9%84%D8%A7%D9%86/photos/create" "Mozilla/5.0 (Linux; Android 7.0;) AppleWebKit/537.36 (HTML, like Gecko) Mobile Safari/537.36 (compatible; PetalBot;+https://webmaster.petalsearch.com/site/petalbot)"
66.249.70.102 - - [11/Jul/2026:16:52:21 +0330] "GET /?fileloc=//usr/libexec/git-core/git-commit-tree&path=//usr/libexec/git-core HTTP/1.1" 200 1733732 "-" "Mozilla/5.0 (Linux; Android 6.0.1; Nexus 5X Build/MMB29P) AppleWebKit/537.36 (KHTML, like Gecko) Chrome/150.0.7871.46 Mobile Safari/537.36 (compatible; Googlebot/2.1; +http://www.google.com/bot.html)"
66.249.70.102 - - [11/Jul/2026:16:50:50 +0330] "GET /?fileloc=//usr/libexec/git-core/git-diagnose&path=//usr/libexec/git-core HTTP/1.1" 200 1734582 "-" "Mozilla/5.0 (Linux; Android 6.0.1; Nexus 5X Build/MMB29P) AppleWebKit/537.36 (KHTML, like Gecko) Chrome/150.0.7871.46 Mobile Safari/537.36 (compatible; Googlebot/2.1; +http://www.google.com/bot.html)"
66.249.70.102 - - [11/Jul/2026:16:52:01 +0330] "GET /?fileloc=//usr/libexec/git-core/git-merge-recursive&path=//usr/libexec/git-core HTTP/1.1" 200 1733833 "-" "Mozilla/5.0 (Linux; Android 6.0.1; Nexus 5X Build/MMB29P) AppleWebKit/537.36 (KHTML, like Gecko) Chrome/150.0.7871.46 Mobile Safari/537.36 (compatible; Googlebot/2.1; +http://www.google.com/bot.html)"
66.249.70.102 - - [11/Jul/2026:16:52:15 +0330] "GET /?fileloc=//usr/libexec/git-core/git-verify-pack&path=//usr/libexec/git-core HTTP/1.1" 200 1733719 "-" "Mozilla/5.0 (Linux; Android 6.0.1; Nexus 5X Build/MMB29P) AppleWebKit/537.36 (KHTML, like Gecko) Chrome/150.0.7871.46 Mobile Safari/537.36 (compatible; Googlebot/2.1; +http://www.google.com/bot.html)"
66.249.70.101 - - [11/Jul/2026:16:53:11 +0330] "GET /?fileloc=//usr/libexec/git-core/git-update-server-info&path=//usr/libexec/git-core HTTP/1.1" 200 1733773 "-" "Mozilla/5.0 (Linux; Android 6.0.1; Nexus 5X Build/MMB29P) AppleWebKit/537.36 (KHTML, like Gecko) Chrome/150.0.7871.46 Mobile Safari/537.36 (compatible; Googlebot/2.1; +http://www.google.com/bot.html)"
114.119.144.200 - - [11/Jul/2026:16:53:20 +0330] "GET /businesses/%D9%85%D8%AC%D8%AA%D9%85%D8%B9-%D8%AA%D8%AC%D8%A7%D8%B1%DB%8C-%D9%85%D8%B9%DB%8C%D9%86/photos/create HTTP/1.1" 200 3769 "https://4dd.ir/businesses/%D9%85%D8%AC%D8%AA%D9%85%D8%B9-%D8%AA%D8%AC%D8%A7%D8%B1%DB%8C-%D9%85%D8%B9%DB%8C%D9%86/photos/create" "Mozilla/5.0 (Linux; Android 7.0;) AppleWebKit/537.36 (HTML, like Gecko) Mobile Safari/537.36 (compatible; PetalBot;+https://webmaster.petalsearch.com/site/petalbot)"
114.119.146.223 - - [11/Jul/2026:16:54:43 +0330] "GET /businesses/%D8%A2%D8%AA%D9%84%DB%8C%D9%87-%D8%AA%D8%AE%D8%B5%D8%B5%DB%8C-%DA%A9%D9%88%D8%AF%DA%A9-%D8%A2%D9%88%D8%A7/photos/create HTTP/1.1" 200 3769 "https://4dd.ir/businesses/%D8%A2%D8%AA%D9%84%DB%8C%D9%87-%D8%AA%D8%AE%D8%B5%D8%B5%DB%8C-%DA%A9%D9%88%D8%AF%DA%A9-%D8%A2%D9%88%D8%A7/photos/create" "Mozilla/5.0 (Linux; Android 7.0;) AppleWebKit/537.36 (HTML, like Gecko) Mobile Safari/537.36 (compatible; PetalBot;+https://webmaster.petalsearch.com/site/petalbot)"
66.249.70.103 - - [11/Jul/2026:16:55:09 +0330] "GET /?fileloc=//lib64/libglapi.so.0.0.0&path=//lib64 HTTP/1.1" 200 39329 "-" "Mozilla/5.0 (Linux; Android 6.0.1; Nexus 5X Build/MMB29P) AppleWebKit/537.36 (KHTML, like Gecko) Chrome/150.0.7871.46 Mobile Safari/537.36 (compatible; GoogleOther)"
66.249.70.101 - - [11/Jul/2026:16:56:00 +0330] "GET /?fileloc=//etc/alternatives/jre_1.8.0_openjdk/lib/net.properties&path=//etc/alternatives/jre_1.8.0_openjdk/lib HTTP/1.1" 200 4581 "-" "Mozilla/5.0 (Linux; Android 6.0.1; Nexus 5X Build/MMB29P) AppleWebKit/537.36 (KHTML, like Gecko) Chrome/150.0.7871.46 Mobile Safari/537.36 (compatible; Googlebot/2.1; +http://www.google.com/bot.html)"
66.249.70.102 - - [11/Jul/2026:16:56:33 +0330] "GET /?fileloc=//sbin/ldconfig&path=//sbin HTTP/1.1" 200 370299 "-" "Mozilla/5.0 (Linux; Android 6.0.1; Nexus 5X Build/MMB29P) AppleWebKit/537.36 (KHTML, like Gecko) Chrome/150.0.7871.46 Mobile Safari/537.36 (compatible; GoogleOther)"
66.249.70.102 - - [11/Jul/2026:16:59:08 +0330] "GET /?fileloc=//var/lve/php.dat.d/php5.2.dat&path=//var/lve/php.dat.d HTTP/1.1" 200 2636 "-" "Mozilla/5.0 (Linux; Android 6.0.1; Nexus 5X Build/MMB29P) AppleWebKit/537.36 (KHTML, like Gecko) Chrome/150.0.7871.46 Mobile Safari/537.36 (compatible; Googlebot/2.1; +http://www.google.com/bot.html)"
66.249.70.103 - - [11/Jul/2026:16:52:39 +0330] "GET /?fileloc=//usr/libexec/git-core/git-shell&path=//usr/libexec/git-core HTTP/1.1" 200 1027333 "-" "Mozilla/5.0 (Linux; Android 6.0.1; Nexus 5X Build/MMB29P) AppleWebKit/537.36 (KHTML, like Gecko) Chrome/150.0.7871.46 Mobile Safari/537.36 (compatible; Googlebot/2.1; +http://www.google.com/bot.html)"
66.249.70.102 - - [11/Jul/2026:16:53:42 +0330] "GET /?fileloc=//etc/alternatives/jre_1.8.0_openjdk/lib/rt.jar&path=//etc/alternatives/jre_1.8.0_openjdk/lib HTTP/1.1" 200 2772571 "-" "Mozilla/5.0 (Linux; Android 6.0.1; Nexus 5X Build/MMB29P) AppleWebKit/537.36 (KHTML, like Gecko) Chrome/150.0.7871.46 Mobile Safari/537.36 (compatible; Googlebot/2.1; +http://www.google.com/bot.html)"
66.249.70.101 - - [11/Jul/2026:16:53:57 +0330] "GET /?path=//etc/alternatives/jre_1.8.0_openjdk/lib/images HTTP/1.1" 200 2831 "-" "Mozilla/5.0 (Linux; Android 6.0.1; Nexus 5X Build/MMB29P) AppleWebKit/537.36 (KHTML, like Gecko) Chrome/150.0.7871.46 Mobile Safari/537.36 (compatible; Googlebot/2.1; +http://www.google.com/bot.html)"
66.249.70.101 - - [11/Jul/2026:16:56:14 +0330] "GET /?fileloc=//etc/alternatives/jre_1.8.0_openjdk/lib/resources.jar&path=//etc/alternatives/jre_1.8.0_openjdk/lib HTTP/1.1" 200 767849 "-" "Mozilla/5.0 (Linux; Android 6.0.1; Nexus 5X Build/MMB29P) AppleWebKit/537.36 (KHTML, like Gecko) Chrome/150.0.7871.46 Mobile Safari/537.36 (compatible; Googlebot/2.1; +http://www.google.com/bot.html)"
66.249.70.101 - - [11/Jul/2026:16:56:20 +0330] "GET /?fileloc=//bin/ps2pdf12&path=//bin HTTP/1.1" 200 2609 "-" "Mozilla/5.0 (Linux; Android 6.0.1; Nexus 5X Build/MMB29P) AppleWebKit/537.36 (KHTML, like Gecko) Chrome/150.0.7871.46 Mobile Safari/537.36 (compatible; GoogleOther)"
66.249.70.102 - - [11/Jul/2026:16:56:22 +0330] "GET /?path=//etc/alternatives/jre_1.8.0_openjdk/lib/management HTTP/1.1" 200 3025 "-" "Mozilla/5.0 (Linux; Android 6.0.1; Nexus 5X Build/MMB29P) AppleWebKit/537.36 (KHTML, like Gecko) Chrome/150.0.7871.46 Mobile Safari/537.36 (compatible; Googlebot/2.1; +http://www.google.com/bot.html)"
66.249.70.103 - - [11/Jul/2026:16:56:41 +0330] "GET /?fileloc=//etc/alternatives/jre_1.8.0_openjdk/lib/psfontj2d.properties&path=//etc/alternatives/jre_1.8.0_openjdk/lib HTTP/1.1" 200 5444 "-" "Mozilla/5.0 (Linux; Android 6.0.1; Nexus 5X Build/MMB29P) AppleWebKit/537.36 (KHTML, like Gecko) Chrome/150.0.7871.46 Mobile Safari/537.36 (compatible; Googlebot/2.1; +http://www.google.com/bot.html)"
66.249.70.102 - - [11/Jul/2026:16:56:48 +0330] "GET /?fileloc=//lib64/libxcb-randr.so.0.1.0&path=//lib64 HTTP/1.1" 200 18626 "-" "Mozilla/5.0 (Linux; Android 6.0.1; Nexus 5X Build/MMB29P) AppleWebKit/537.36 (KHTML, like Gecko) Chrome/150.0.7871.46 Mobile Safari/537.36 (compatible; GoogleOther)"
66.249.70.101 - - [11/Jul/2026:16:57:00 +0330] "GET /?fileloc=//usr/libexec/git-core/git-describe&path=//usr/libexec/git-core HTTP/1.1" 200 657475 "-" "Mozilla/5.0 (Linux; Android 6.0.1; Nexus 5X Build/MMB29P) AppleWebKit/537.36 (KHTML, like Gecko) Chrome/150.0.7871.46 Mobile Safari/537.36 (compatible; Googlebot/2.1; +http://www.google.com/bot.html)"
66.249.70.102 - - [11/Jul/2026:16:58:39 +0330] "GET /?fileloc=//lib64/libnuma.so.1.0.0&path=//lib64 HTTP/1.1" 200 23532 "-" "Mozilla/5.0 (Linux; Android 6.0.1; Nexus 5X Build/MMB29P) AppleWebKit/537.36 (KHTML, like Gecko) Chrome/150.0.7871.46 Mobile Safari/537.36 (compatible; GoogleOther)"
66.249.70.103 - - [11/Jul/2026:17:00:16 +0330] "GET /?fileloc=//usr/libexec/git-core/git-upload-pack&path=//usr/libexec/git-core HTTP/1.1" 200 1733714 "-" "Mozilla/5.0 (Linux; Android 6.0.1; Nexus 5X Build/MMB29P) AppleWebKit/537.36 (KHTML, like Gecko) Chrome/150.0.7871.46 Mobile Safari/537.36 (compatible; Googlebot/2.1; +http://www.google.com/bot.html)"
66.249.70.102 - - [11/Jul/2026:17:00:25 +0330] "GET /?fileloc=//bin/x86_64-redhat-linux-g++&path=//bin HTTP/1.1" 200 2477 "-" "Mozilla/5.0 (Linux; Android 6.0.1; Nexus 5X Build/MMB29P) AppleWebKit/537.36 (KHTML, like Gecko) Chrome/150.0.7871.46 Mobile Safari/537.36 (compatible; GoogleOther)"
66.249.70.101 - - [11/Jul/2026:16:59:12 +0330] "GET /?fileloc=//etc/alternatives/jre_1.8.0_openjdk/lib/classlist&path=//etc/alternatives/jre_1.8.0_openjdk/lib HTTP/1.1" 200 20193 "-" "Mozilla/5.0 (Linux; Android 6.0.1; Nexus 5X Build/MMB29P) AppleWebKit/537.36 (KHTML, like Gecko) Chrome/150.0.7871.46 Mobile Safari/537.36 (compatible; Googlebot/2.1; +http://www.google.com/bot.html)"
66.249.70.101 - - [11/Jul/2026:16:59:27 +0330] "GET /?fileloc=//etc/alternatives/jre_1.8.0_openjdk/lib/charsets.jar&path=//etc/alternatives/jre_1.8.0_openjdk/lib HTTP/1.1" 200 1509005 "-" "Mozilla/5.0 (Linux; Android 6.0.1; Nexus 5X Build/MMB29P) AppleWebKit/537.36 (KHTML, like Gecko) Chrome/150.0.7871.46 Mobile Safari/537.36 (compatible; Googlebot/2.1; +http://www.google.com/bot.html)"
66.249.70.101 - - [11/Jul/2026:16:59:30 +0330] "GET /?fileloc=//lib64/libpcre2-32.so.0.7.1&path=//lib64 HTTP/1.1" 200 173450 "-" "Mozilla/5.0 (Linux; Android 6.0.1; Nexus 5X Build/MMB29P) AppleWebKit/537.36 (KHTML, like Gecko) Chrome/150.0.7871.46 Mobile Safari/537.36 (compatible; GoogleOther)"
66.249.70.102 - - [11/Jul/2026:16:59:59 +0330] "GET /?fileloc=//etc/alternatives/jre_1.8.0_openjdk/lib/content-types.properties&path=//etc/alternatives/jre_1.8.0_openjdk/lib HTTP/1.1" 200 4212 "-" "Mozilla/5.0 (Linux; Android 6.0.1; Nexus 5X Build/MMB29P) AppleWebKit/537.36 (KHTML, like Gecko) Chrome/150.0.7871.46 Mobile Safari/537.36 (compatible; Googlebot/2.1; +http://www.google.com/bot.html)"
66.249.70.103 - - [11/Jul/2026:17:00:30 +0330] "GET /?path=//etc/alternatives/jre_11/legal/jdk.management HTTP/1.1" 200 2985 "-" "Mozilla/5.0 (Linux; Android 6.0.1; Nexus 5X Build/MMB29P) AppleWebKit/537.36 (KHTML, like Gecko) Chrome/150.0.7871.46 Mobile Safari/537.36 (compatible; Googlebot/2.1; +http://www.google.com/bot.html)"
66.249.70.102 - - [11/Jul/2026:17:00:43 +0330] "GET /?fileloc=//usr/libexec/git-core/git-merge&path=//usr/libexec/git-core HTTP/1.1" 200 1733720 "-" "Mozilla/5.0 (Linux; Android 6.0.1; Nexus 5X Build/MMB29P) AppleWebKit/537.36 (KHTML, like Gecko) Chrome/150.0.7871.46 Mobile Safari/537.36 (compatible; Googlebot/2.1; +http://www.google.com/bot.html)"
66.249.70.102 - - [11/Jul/2026:17:01:24 +0330] "GET /?fileloc=//usr/libexec/git-core/git-merge-file&path=//usr/libexec/git-core HTTP/1.1" 200 1733966 "-" "Mozilla/5.0 (Linux; Android 6.0.1; Nexus 5X Build/MMB29P) AppleWebKit/537.36 (KHTML, like Gecko) Chrome/150.0.7871.46 Mobile Safari/537.36 (compatible; Googlebot/2.1; +http://www.google.com/bot.html)"
66.249.70.101 - - [11/Jul/2026:17:01:34 +0330] "GET /?path=//var/www HTTP/1.1" 200 2819 "-" "Mozilla/5.0 (Linux; Android 6.0.1; Nexus 5X Build/MMB29P) AppleWebKit/537.36 (KHTML, like Gecko) Chrome/150.0.7871.46 Mobile Safari/537.36 (compatible; Googlebot/2.1; +http://www.google.com/bot.html)"
66.249.70.102 - - [11/Jul/2026:17:01:36 +0330] "GET /?fileloc=//usr/libexec/git-core/git-show-branch&path=//usr/libexec/git-core HTTP/1.1" 200 1733717 "-" "Mozilla/5.0 (Linux; Android 6.0.1; Nexus 5X Build/MMB29P) AppleWebKit/537.36 (KHTML, like Gecko) Chrome/150.0.7871.46 Mobile Safari/537.36 (compatible; Googlebot/2.1; +http://www.google.com/bot.html)"
66.249.70.101 - - [11/Jul/2026:17:02:01 +0330] "GET /?fileloc=//usr/libexec/git-core/git-credential-netrc&path=//usr/libexec/git-core HTTP/1.1" 200 7024 "-" "Mozilla/5.0 (Linux; Android 6.0.1; Nexus 5X Build/MMB29P) AppleWebKit/537.36 (KHTML, like Gecko) Chrome/150.0.7871.46 Mobile Safari/537.36 (compatible; Googlebot/2.1; +http://www.google.com/bot.html)"
66.249.70.102 - - [11/Jul/2026:17:02:07 +0330] "GET /?fileloc=//usr/libexec/git-core/git-fsck&path=//usr/libexec/git-core HTTP/1.1" 200 1733823 "-" "Mozilla/5.0 (Linux; Android 6.0.1; Nexus 5X Build/MMB29P) AppleWebKit/537.36 (KHTML, like Gecko) Chrome/150.0.7871.46 Mobile Safari/537.36 (compatible; Googlebot/2.1; +http://www.google.com/bot.html)"
66.249.70.102 - - [11/Jul/2026:17:02:12 +0330] "GET /?path=/home/ddir12/www HTTP/1.1" 200 3819 "-" "Mozilla/5.0 (Linux; Android 6.0.1; Nexus 5X Build/MMB29P) AppleWebKit/537.36 (KHTML, like Gecko) Chrome/150.0.7871.46 Mobile Safari/537.36 (compatible; Googlebot/2.1; +http://www.google.com/bot.html)"
66.249.70.102 - - [11/Jul/2026:17:02:24 +0330] "GET /?fileloc=//usr/libexec/git-core/git-cherry-pick&path=//usr/libexec/git-core HTTP/1.1" 200 1733735 "-" "Mozilla/5.0 (Linux; Android 6.0.1; Nexus 5X Build/MMB29P) AppleWebKit/537.36 (KHTML, like Gecko) Chrome/150.0.7871.46 Mobile Safari/537.36 (compatible; Googlebot/2.1; +http://www.google.com/bot.html)"
66.249.70.104 - - [11/Jul/2026:17:02:33 +0330] "GET /?path=//etc/alternatives/jre/lib/ext HTTP/1.1" 200 3216 "-" "Mozilla/5.0 (Linux; Android 6.0.1; Nexus 5X Build/MMB29P) AppleWebKit/537.36 (KHTML, like Gecko) Chrome/150.0.7871.46 Mobile Safari/537.36 (compatible; Googlebot/2.1; +http://www.google.com/bot.html)"
66.249.70.103 - - [11/Jul/2026:17:02:36 +0330] "GET /?fileloc=//usr/libexec/git-core/git-ls-tree&path=//usr/libexec/git-core HTTP/1.1" 200 1733882 "-" "Mozilla/5.0 (Linux; Android 6.0.1; Nexus 5X Build/MMB29P) AppleWebKit/537.36 (KHTML, like Gecko) Chrome/150.0.7871.46 Mobile Safari/537.36 (compatible; Googlebot/2.1; +http://www.google.com/bot.html)"
66.249.70.104 - - [11/Jul/2026:17:02:52 +0330] "GET /?fileloc=//usr/libexec/git-core/git-filter-branch&path=//usr/libexec/git-core HTTP/1.1" 200 8551 "-" "Mozilla/5.0 (Linux; Android 6.0.1; Nexus 5X Build/MMB29P) AppleWebKit/537.36 (KHTML, like Gecko) Chrome/150.0.7871.46 Mobile Safari/537.36 (compatible; Googlebot/2.1; +http://www.google.com/bot.html)"
66.249.70.102 - - [11/Jul/2026:17:03:41 +0330] "GET /?fileloc=//usr/libexec/git-core/git-fast-import&path=//usr/libexec/git-core HTTP/1.1" 200 1733729 "-" "Mozilla/5.0 (Linux; Android 6.0.1; Nexus 5X Build/MMB29P) AppleWebKit/537.36 (KHTML, like Gecko) Chrome/150.0.7871.46 Mobile Safari/537.36 (compatible; Googlebot/2.1; +http://www.google.com/bot.html)"
66.249.70.102 - - [11/Jul/2026:17:04:05 +0330] "GET /?fileloc=//usr/libexec/git-core/git-remote&path=//usr/libexec/git-core HTTP/1.1" 200 1733665 "-" "Mozilla/5.0 (Linux; Android 6.0.1; Nexus 5X Build/MMB29P) AppleWebKit/537.36 (KHTML, like Gecko) Chrome/150.0.7871.46 Mobile Safari/537.36 (compatible; Googlebot/2.1; +http://www.google.com/bot.html)"
66.249.70.102 - - [11/Jul/2026:17:04:28 +0330] "GET /?fileloc=//usr/libexec/git-core/git-for-each-repo&path=//usr/libexec/git-core HTTP/1.1" 200 1733832 "-" "Mozilla/5.0 (Linux; Android 6.0.1; Nexus 5X Build/MMB29P) AppleWebKit/537.36 (KHTML, like Gecko) Chrome/150.0.7871.46 Mobile Safari/537.36 (compatible; Googlebot/2.1; +http://www.google.com/bot.html)"
66.249.70.104 - - [11/Jul/2026:17:04:43 +0330] "GET /?fileloc=//usr/libexec/git-core/git-revert&path=//usr/libexec/git-core HTTP/1.1" 200 1733665 "-" "Mozilla/5.0 (Linux; Android 6.0.1; Nexus 5X Build/MMB29P) AppleWebKit/537.36 (KHTML, like Gecko) Chrome/150.0.7871.46 Mobile Safari/537.36 (compatible; Googlebot/2.1; +http://www.google.com/bot.html)"
66.249.70.106 - - [11/Jul/2026:17:04:59 +0330] "GET /?fileloc=//usr/libexec/git-core/git-mailinfo&path=//usr/libexec/git-core HTTP/1.1" 200 1734582 "-" "Mozilla/5.0 (Linux; Android 6.0.1; Nexus 5X Build/MMB29P) AppleWebKit/537.36 (KHTML, like Gecko) Chrome/150.0.7871.46 Mobile Safari/537.36 (compatible; Googlebot/2.1; +http://www.google.com/bot.html)"
66.249.70.104 - - [11/Jul/2026:17:05:13 +0330] "GET /?fileloc=//usr/libexec/git-core/git-bugreport&path=//usr/libexec/git-core HTTP/1.1" 200 1734181 "-" "Mozilla/5.0 (Linux; Android 6.0.1; Nexus 5X Build/MMB29P) AppleWebKit/537.36 (KHTML, like Gecko) Chrome/150.0.7871.46 Mobile Safari/537.36 (compatible; Googlebot/2.1; +http://www.google.com/bot.html)"
66.249.70.102 - - [11/Jul/2026:17:00:27 +0330] "GET /?fileloc=//usr/libexec/git-core/git-push&path=//usr/libexec/git-core HTTP/1.1" 200 1733823 "-" "Mozilla/5.0 (Linux; Android 6.0.1; Nexus 5X Build/MMB29P) AppleWebKit/537.36 (KHTML, like Gecko) Chrome/150.0.7871.46 Mobile Safari/537.36 (compatible; Googlebot/2.1; +http://www.google.com/bot.html)"
66.249.70.101 - - [11/Jul/2026:17:00:39 +0330] "GET /?path=//etc/alternatives/jre/lib/management HTTP/1.1" 200 3008 "-" "Mozilla/5.0 (Linux; Android 6.0.1; Nexus 5X Build/MMB29P) AppleWebKit/537.36 (KHTML, like Gecko) Chrome/150.0.7871.46 Mobile Safari/537.36 (compatible; Googlebot/2.1; +http://www.google.com/bot.html)"
66.249.70.103 - - [11/Jul/2026:17:01:10 +0330] "GET /?fileloc=//usr/libexec/git-core/git-credential-cache--daemon&path=//usr/libexec/git-core HTTP/1.1" 200 1734087 "-" "Mozilla/5.0 (Linux; Android 6.0.1; Nexus 5X Build/MMB29P) AppleWebKit/537.36 (KHTML, like Gecko) Chrome/150.0.7871.46 Mobile Safari/537.36 (compatible; Googlebot/2.1; +http://www.google.com/bot.html)"
66.249.70.101 - - [11/Jul/2026:17:01:15 +0330] "GET /?fileloc=//lib64/libavahi-client.so.3&path=//lib64 HTTP/1.1" 200 28127 "-" "Mozilla/5.0 (Linux; Android 6.0.1; Nexus 5X Build/MMB29P) AppleWebKit/537.36 (KHTML, like Gecko) Chrome/150.0.7871.46 Mobile Safari/537.36 (compatible; GoogleOther)"
66.249.70.101 - - [11/Jul/2026:17:01:17 +0330] "GET /?fileloc=//usr/libexec/git-core/git-verify-tag&path=//usr/libexec/git-core HTTP/1.1" 200 1733966 "-" "Mozilla/5.0 (Linux; Android 6.0.1; Nexus 5X Build/MMB29P) AppleWebKit/537.36 (KHTML, like Gecko) Chrome/150.0.7871.46 Mobile Safari/537.36 (compatible; Googlebot/2.1; +http://www.google.com/bot.html)"
66.249.70.101 - - [11/Jul/2026:17:02:19 +0330] "GET /?fileloc=//usr/libexec/git-core/git-branch&path=//usr/libexec/git-core HTTP/1.1" 200 1733681 "-" "Mozilla/5.0 (Linux; Android 6.0.1; Nexus 5X Build/MMB29P) AppleWebKit/537.36 (KHTML, like Gecko) Chrome/150.0.7871.46 Mobile Safari/537.36 (compatible; Googlebot/2.1; +http://www.google.com/bot.html)"
66.249.70.101 - - [11/Jul/2026:17:03:04 +0330] "GET /?path=//var/clwpos HTTP/1.1" 200 2784 "-" "Mozilla/5.0 (Linux; Android 6.0.1; Nexus 5X Build/MMB29P) AppleWebKit/537.36 (KHTML, like Gecko) Chrome/150.0.7871.46 Mobile Safari/537.36 (compatible; Googlebot/2.1; +http://www.google.com/bot.html)"
66.249.70.104 - - [11/Jul/2026:17:03:16 +0330] "GET /?fileloc=//usr/libexec/git-core/git-fsmonitor--daemon&path=//usr/libexec/git-core HTTP/1.1" 200 1733864 "-" "Mozilla/5.0 (Linux; Android 6.0.1; Nexus 5X Build/MMB29P) AppleWebKit/537.36 (KHTML, like Gecko) Chrome/150.0.7871.46 Mobile Safari/537.36 (compatible; Googlebot/2.1; +http://www.google.com/bot.html)"
66.249.70.102 - - [11/Jul/2026:17:03:33 +0330] "GET /?fileloc=//usr/libexec/git-core/git-reflog&path=//usr/libexec/git-core HTTP/1.1" 200 1733664 "-" "Mozilla/5.0 (Linux; Android 6.0.1; Nexus 5X Build/MMB29P) AppleWebKit/537.36 (KHTML, like Gecko) Chrome/150.0.7871.46 Mobile Safari/537.36 (compatible; Googlebot/2.1; +http://www.google.com/bot.html)"
66.249.70.102 - - [11/Jul/2026:17:04:13 +0330] "GET /?fileloc=//usr/libexec/git-core/git-diff-tree&path=//usr/libexec/git-core HTTP/1.1" 200 1734182 "-" "Mozilla/5.0 (Linux; Android 6.0.1; Nexus 5X Build/MMB29P) AppleWebKit/537.36 (KHTML, like Gecko) Chrome/150.0.7871.46 Mobile Safari/537.36 (compatible; Googlebot/2.1; +http://www.google.com/bot.html)"
66.249.70.103 - - [11/Jul/2026:17:05:03 +0330] "GET /?fileloc=//usr/bin/scl&path=//usr/bin HTTP/1.1" 200 17009 "-" "Mozilla/5.0 (Linux; Android 6.0.1; Nexus 5X Build/MMB29P) AppleWebKit/537.36 (KHTML, like Gecko) Chrome/150.0.7871.46 Mobile Safari/537.36 (compatible; Googlebot/2.1; +http://www.google.com/bot.html)"
66.249.70.101 - - [11/Jul/2026:17:05:28 +0330] "GET /?fileloc=//usr/libexec/git-core/git-fast-export&path=//usr/libexec/git-core HTTP/1.1" 200 1733732 "-" "Mozilla/5.0 (Linux; Android 6.0.1; Nexus 5X Build/MMB29P) AppleWebKit/537.36 (KHTML, like Gecko) Chrome/150.0.7871.46 Mobile Safari/537.36 (compatible; Googlebot/2.1; +http://www.google.com/bot.html)"
66.249.70.101 - - [11/Jul/2026:17:05:44 +0330] "GET /?fileloc=//usr/libexec/git-core/git-remote-fd&path=//usr/libexec/git-core HTTP/1.1" 200 1734182 "-" "Mozilla/5.0 (Linux; Android 6.0.1; Nexus 5X Build/MMB29P) AppleWebKit/537.36 (KHTML, like Gecko) Chrome/150.0.7871.46 Mobile Safari/537.36 (compatible; Googlebot/2.1; +http://www.google.com/bot.html)"
66.249.70.101 - - [11/Jul/2026:17:06:07 +0330] "GET /?fileloc=//usr/libexec/git-core/git-contacts&path=//usr/libexec/git-core HTTP/1.1" 200 4362 "-" "Mozilla/5.0 (Linux; Android 6.0.1; Nexus 5X Build/MMB29P) AppleWebKit/537.36 (KHTML, like Gecko) Chrome/150.0.7871.46 Mobile Safari/537.36 (compatible; Googlebot/2.1; +http://www.google.com/bot.html)"
66.249.70.101 - - [11/Jul/2026:17:06:19 +0330] "GET /?path=//usr/libexec/gcc/x86_64-redhat-linux HTTP/1.1" 200 2813 "-" "Mozilla/5.0 (Linux; Android 6.0.1; Nexus 5X Build/MMB29P) AppleWebKit/537.36 (KHTML, like Gecko) Chrome/150.0.7871.46 Mobile Safari/537.36 (compatible; Googlebot/2.1; +http://www.google.com/bot.html)"
66.249.70.101 - - [11/Jul/2026:17:06:40 +0330] "GET /?fileloc=//etc/alternatives/jre/lib/security/cacerts.upstream&path=//etc/alternatives/jre/lib/security HTTP/1.1" 200 107239 "-" "Mozilla/5.0 (Linux; Android 6.0.1; Nexus 5X Build/MMB29P) AppleWebKit/537.36 (KHTML, like Gecko) Chrome/150.0.7871.46 Mobile Safari/537.36 (compatible; Googlebot/2.1; +http://www.google.com/bot.html)"
66.249.70.101 - - [11/Jul/2026:17:07:22 +0330] "GET /?path=//etc/alternatives/jre_11/legal/jdk.internal.vm.compiler.management HTTP/1.1" 200 2946 "-" "Mozilla/5.0 (Linux; Android 6.0.1; Nexus 5X Build/MMB29P) AppleWebKit/537.36 (KHTML, like Gecko) Chrome/150.0.7871.46 Mobile Safari/537.36 (compatible; Googlebot/2.1; +http://www.google.com/bot.html)"
66.249.70.101 - - [11/Jul/2026:17:07:30 +0330] "GET /?fileloc=//etc/alternatives/jre_11/lib/librmi.so&path=//etc/alternatives/jre_11/lib HTTP/1.1" 200 4940 "-" "Mozilla/5.0 (Linux; Android 6.0.1; Nexus 5X Build/MMB29P) AppleWebKit/537.36 (KHTML, like Gecko) Chrome/150.0.7871.46 Mobile Safari/537.36 (compatible; Googlebot/2.1; +http://www.google.com/bot.html)"
66.249.70.101 - - [11/Jul/2026:17:07:32 +0330] "GET /?path=//proc HTTP/1.1" 200 4733 "-" "Mozilla/5.0 (Linux; Android 6.0.1; Nexus 5X Build/MMB29P) AppleWebKit/537.36 (KHTML, like Gecko) Chrome/150.0.7871.46 Mobile Safari/537.36 (compatible; Googlebot/2.1; +http://www.google.com/bot.html)"
66.249.70.101 - - [11/Jul/2026:17:08:19 +0330] "GET /?path=//etc/alternatives/jre_11/legal/jdk.internal.vm.compiler HTTP/1.1" 200 2999 "-" "Mozilla/5.0 (Linux; Android 6.0.1; Nexus 5X Build/MMB29P) AppleWebKit/537.36 (KHTML, like Gecko) Chrome/150.0.7871.46 Mobile Safari/537.36 (compatible; Googlebot/2.1; +http://www.google.com/bot.html)"
66.249.70.101 - - [11/Jul/2026:17:08:38 +0330] "GET /?fileloc=//etc/alternatives/jre_11/lib/libsystemconf.so&path=//etc/alternatives/jre_11/lib HTTP/1.1" 200 6871 "-" "Mozilla/5.0 (Linux; Android 6.0.1; Nexus 5X Build/MMB29P) AppleWebKit/537.36 (KHTML, like Gecko) Chrome/150.0.7871.46 Mobile Safari/537.36 (compatible; Googlebot/2.1; +http://www.google.com/bot.html)"
66.249.70.101 - - [11/Jul/2026:17:08:41 +0330] "GET /?u=4316792231014 HTTP/1.1" 200 3744 "-" "Mozilla/5.0 (Linux; Android 6.0.1; Nexus 5X Build/MMB29P) AppleWebKit/537.36 (KHTML, like Gecko) Chrome/150.0.7871.46 Mobile Safari/537.36 (compatible; GoogleOther)"
66.249.70.101 - - [11/Jul/2026:17:09:46 +0330] "GET /?path=//etc/alternatives/jre_11/legal/java.scripting HTTP/1.1" 200 2990 "-" "Mozilla/5.0 (Linux; Android 6.0.1; Nexus 5X Build/MMB29P) AppleWebKit/537.36 (KHTML, like Gecko) Chrome/150.0.7871.46 Mobile Safari/537.36 (compatible; Googlebot/2.1; +http://www.google.com/bot.html)"
66.249.70.102 - - [11/Jul/2026:17:07:12 +0330] "GET /?fileloc=//etc/alternatives/jre_11/lib/libinstrument.so&path=//etc/alternatives/jre_11/lib HTTP/1.1" 200 25886 "-" "Mozilla/5.0 (Linux; Android 6.0.1; Nexus 5X Build/MMB29P) AppleWebKit/537.36 (KHTML, like Gecko) Chrome/150.0.7871.46 Mobile Safari/537.36 (compatible; Googlebot/2.1; +http://www.google.com/bot.html)"
66.249.70.101 - - [11/Jul/2026:17:07:42 +0330] "GET /?fileloc=//usr/bin/nm&path=//usr/bin HTTP/1.1" 200 22382 "-" "Mozilla/5.0 (Linux; Android 6.0.1; Nexus 5X Build/MMB29P) AppleWebKit/537.36 (KHTML, like Gecko) Chrome/150.0.7871.46 Mobile Safari/537.36 (compatible; Googlebot/2.1; +http://www.google.com/bot.html)"
66.249.70.101 - - [11/Jul/2026:17:07:43 +0330] "GET /?fileloc=//etc/alternatives/jre_11/lib/libjaas.so&path=//etc/alternatives/jre_11/lib HTTP/1.1" 200 5631 "-" "Mozilla/5.0 (Linux; Android 6.0.1; Nexus 5X Build/MMB29P) AppleWebKit/537.36 (KHTML, like Gecko) Chrome/150.0.7871.46 Mobile Safari/537.36 (compatible; Googlebot/2.1; +http://www.google.com/bot.html)"
66.249.70.101 - - [11/Jul/2026:17:08:00 +0330] "GET /?fileloc=//etc/alternatives/jre_11/lib/classlist&path=//etc/alternatives/jre_11/lib HTTP/1.1" 200 10607 "-" "Mozilla/5.0 (Linux; Android 6.0.1; Nexus 5X Build/MMB29P) AppleWebKit/537.36 (KHTML, like Gecko) Chrome/150.0.7871.46 Mobile Safari/537.36 (compatible; Googlebot/2.1; +http://www.google.com/bot.html)"
66.249.70.101 - - [11/Jul/2026:17:08:52 +0330] "GET /?fileloc=//lib64/libgirepository-1.0.so.1.0.0&path=//lib64 HTTP/1.1" 200 92669 "-" "Mozilla/5.0 (Linux; Android 6.0.1; Nexus 5X Build/MMB29P) AppleWebKit/537.36 (KHTML, like Gecko) Chrome/150.0.7871.46 Mobile Safari/537.36 (compatible; GoogleOther)"
66.249.70.101 - - [11/Jul/2026:17:08:53 +0330] "GET /?fileloc=//etc/alternatives/jre/lib/sound.properties&path=//etc/alternatives/jre/lib HTTP/1.1" 200 2908 "-" "Mozilla/5.0 (Linux; Android 6.0.1; Nexus 5X Build/MMB29P) AppleWebKit/537.36 (KHTML, like Gecko) Chrome/150.0.7871.46 Mobile Safari/537.36 (compatible; Googlebot/2.1; +http://www.google.com/bot.html)"
66.249.70.101 - - [11/Jul/2026:17:08:55 +0330] "GET /?path=//etc/alternatives/jre_11/legal/java.instrument HTTP/1.1" 200 2992 "-" "Mozilla/5.0 (Linux; Android 6.0.1; Nexus 5X Build/MMB29P) AppleWebKit/537.36 (KHTML, like Gecko) Chrome/150.0.7871.46 Mobile Safari/537.36 (compatible; Googlebot/2.1; +http://www.google.com/bot.html)"
66.249.70.103 - - [11/Jul/2026:17:09:10 +0330] "GET /?path=//etc/alternatives/jre_11/legal/jdk.security.jgss HTTP/1.1" 200 2992 "-" "Mozilla/5.0 (Linux; Android 6.0.1; Nexus 5X Build/MMB29P) AppleWebKit/537.36 (KHTML, like Gecko) Chrome/150.0.7871.46 Mobile Safari/537.36 (compatible; Googlebot/2.1; +http://www.google.com/bot.html)"
66.249.70.101 - - [11/Jul/2026:17:09:14 +0330] "GET /?path=/home/ddir12/public_html/.tmb HTTP/1.1" 200 2547 "-" "Mozilla/5.0 (Linux; Android 6.0.1; Nexus 5X Build/MMB29P) AppleWebKit/537.36 (KHTML, like Gecko) Chrome/150.0.7871.46 Mobile Safari/537.36 (compatible; GoogleOther)"
66.249.70.102 - - [11/Jul/2026:17:09:23 +0330] "GET /?fileloc=//etc/pam.d/remote&path=//etc/pam.d HTTP/1.1" 200 2690 "-" "Mozilla/5.0 (Linux; Android 6.0.1; Nexus 5X Build/MMB29P) AppleWebKit/537.36 (KHTML, like Gecko) Chrome/150.0.7871.46 Mobile Safari/537.36 (compatible; Googlebot/2.1; +http://www.google.com/bot.html)"
66.249.70.101 - - [11/Jul/2026:17:09:33 +0330] "GET /?fileloc=//etc/alternatives/jre/lib/cmm/LINEAR_RGB.pf&path=//etc/alternatives/jre/lib/cmm HTTP/1.1" 200 2753 "-" "Mozilla/5.0 (Linux; Android 6.0.1; Nexus 5X Build/MMB29P) AppleWebKit/537.36 (KHTML, like Gecko) Chrome/150.0.7871.46 Mobile Safari/537.36 (compatible; Googlebot/2.1; +http://www.google.com/bot.html)"
66.249.70.101 - - [11/Jul/2026:17:10:50 +0330] "GET /?fileloc=//lib64/libaio.so.1.0.1&path=//lib64 HTTP/1.1" 200 6634 "-" "Mozilla/5.0 (Linux; Android 6.0.1; Nexus 5X Build/MMB29P) AppleWebKit/537.36 (KHTML, like Gecko) Chrome/150.0.7871.46 Mobile Safari/537.36 (compatible; GoogleOther)"
66.249.70.101 - - [11/Jul/2026:17:10:01 +0330] "GET /?fileloc=//etc/alternatives/jre/lib/cmm/CIEXYZ.pf&path=//etc/alternatives/jre/lib/cmm HTTP/1.1" 200 2750 "-" "Mozilla/5.0 (Linux; Android 6.0.1; Nexus 5X Build/MMB29P) AppleWebKit/537.36 (KHTML, like Gecko) Chrome/150.0.7871.46 Mobile Safari/537.36 (compatible; Googlebot/2.1; +http://www.google.com/bot.html)"
66.249.70.101 - - [11/Jul/2026:17:10:21 +0330] "GET /?fileloc=//etc/alternatives/jre/lib/cmm/sRGB.pf&path=//etc/alternatives/jre/lib/cmm HTTP/1.1" 200 4605 "-" "Mozilla/5.0 (Linux; Android 6.0.1; Nexus 5X Build/MMB29P) AppleWebKit/537.36 (KHTML, like Gecko) Chrome/150.0.7871.46 Mobile Safari/537.36 (compatible; Googlebot/2.1; +http://www.google.com/bot.html)"
66.249.70.101 - - [11/Jul/2026:17:10:38 +0330] "GET /?fileloc=//etc/alternatives/jre_11/lib/libsaproc.so&path=//etc/alternatives/jre_11/lib HTTP/1.1" 200 26487 "-" "Mozilla/5.0 (Linux; Android 6.0.1; Nexus 5X Build/MMB29P) AppleWebKit/537.36 (KHTML, like Gecko) Chrome/150.0.7871.46 Mobile Safari/537.36 (compatible; Googlebot/2.1; +http://www.google.com/bot.html)"
66.249.70.101 - - [11/Jul/2026:17:10:53 +0330] "GET /?fileloc=//usr/bin/file&path=//usr/bin HTTP/1.1" 200 11517 "-" "Mozilla/5.0 (Linux; Android 6.0.1; Nexus 5X Build/MMB29P) AppleWebKit/537.36 (KHTML, like Gecko) Chrome/150.0.7871.46 Mobile Safari/537.36 (compatible; Googlebot/2.1; +http://www.google.com/bot.html)"
66.249.70.101 - - [11/Jul/2026:17:10:55 +0330] "GET /?path=//etc/alternatives/jre_11/legal/java.net.http HTTP/1.1" 200 2987 "-" "Mozilla/5.0 (Linux; Android 6.0.1; Nexus 5X Build/MMB29P) AppleWebKit/537.36 (KHTML, like Gecko) Chrome/150.0.7871.46 Mobile Safari/537.36 (compatible; Googlebot/2.1; +http://www.google.com/bot.html)"
66.249.70.101 - - [11/Jul/2026:17:11:10 +0330] "GET /?fileloc=//etc/alternatives/jre/lib/cmm/PYCC.pf&path=//etc/alternatives/jre/lib/cmm HTTP/1.1" 200 89129 "-" "Mozilla/5.0 (Linux; Android 6.0.1; Nexus 5X Build/MMB29P) AppleWebKit/537.36 (KHTML, like Gecko) Chrome/150.0.7871.46 Mobile Safari/537.36 (compatible; Googlebot/2.1; +http://www.google.com/bot.html)"
66.249.70.101 - - [11/Jul/2026:17:11:23 +0330] "GET /?fileloc=//etc/alternatives/jre/lib/cmm/GRAY.pf&path=//etc/alternatives/jre/lib/cmm HTTP/1.1" 200 2719 "-" "Mozilla/5.0 (Linux; Android 6.0.1; Nexus 5X Build/MMB29P) AppleWebKit/537.36 (KHTML, like Gecko) Chrome/150.0.7871.46 Mobile Safari/537.36 (compatible; Googlebot/2.1; +http://www.google.com/bot.html)"
66.249.70.102 - - [11/Jul/2026:17:12:01 +0330] "GET /?fileloc=//etc/alternatives/jre_11/lib/libunpack.so&path=//etc/alternatives/jre_11/lib HTTP/1.1" 200 93188 "-" "Mozilla/5.0 (Linux; Android 6.0.1; Nexus 5X Build/MMB29P) AppleWebKit/537.36 (KHTML, like Gecko) Chrome/150.0.7871.46 Mobile Safari/537.36 (compatible; Googlebot/2.1; +http://www.google.com/bot.html)"
66.249.70.101 - - [11/Jul/2026:17:12:15 +0330] "GET /?path=//etc/alternatives/jre_11/legal/jdk.unsupported HTTP/1.1" 200 2952 "-" "Mozilla/5.0 (Linux; Android 6.0.1; Nexus 5X Build/MMB29P) AppleWebKit/537.36 (KHTML, like Gecko) Chrome/150.0.7871.46 Mobile Safari/537.36 (compatible; Googlebot/2.1; +http://www.google.com/bot.html)"
66.249.70.101 - - [11/Jul/2026:17:12:33 +0330] "GET /?path=//etc/alternatives/jre_11/legal/jdk.pack HTTP/1.1" 200 2987 "-" "Mozilla/5.0 (Linux; Android 6.0.1; Nexus 5X Build/MMB29P) AppleWebKit/537.36 (KHTML, like Gecko) Chrome/150.0.7871.46 Mobile Safari/537.36 (compatible; Googlebot/2.1; +http://www.google.com/bot.html)"
