HEX
Server: LiteSpeed
System: Linux baran.dnsprotection.me 4.18.0-553.83.1.lve.el8.x86_64 #1 SMP Wed Nov 12 10:04:12 UTC 2025 x86_64
User: ddir12 (3618)
PHP: 8.3.31
Disabled: NONE
Upload Files
File: /home/ddir12/access-logs/4dd.ir-ssl_log
66.249.70.101 - - [11/Jul/2026:15:36:45 +0330] "GET /?fileloc=//etc/alternatives/unversioned-python-man&path=//etc/alternatives HTTP/1.1" 200 3179 "-" "Mozilla/5.0 (Linux; Android 6.0.1; Nexus 5X Build/MMB29P) AppleWebKit/537.36 (KHTML, like Gecko) Chrome/150.0.7871.46 Mobile Safari/537.36 (compatible; Googlebot/2.1; +http://www.google.com/bot.html)"
66.249.70.103 - - [11/Jul/2026:15:37:16 +0330] "GET /?fileloc=//etc/alternatives/pack200.1.gz&path=//etc/alternatives HTTP/1.1" 200 6625 "-" "Mozilla/5.0 (Linux; Android 6.0.1; Nexus 5X Build/MMB29P) AppleWebKit/537.36 (KHTML, like Gecko) Chrome/150.0.7871.46 Mobile Safari/537.36 (compatible; Googlebot/2.1; +http://www.google.com/bot.html)"
66.249.70.102 - - [11/Jul/2026:15:37:27 +0330] "GET /?fileloc=//etc/alternatives/keytool.1.gz&path=//etc/alternatives HTTP/1.1" 200 22541 "-" "Mozilla/5.0 (Linux; Android 6.0.1; Nexus 5X Build/MMB29P) AppleWebKit/537.36 (KHTML, like Gecko) Chrome/150.0.7871.46 Mobile Safari/537.36 (compatible; GoogleOther)"
66.249.70.101 - - [11/Jul/2026:15:37:30 +0330] "GET /?path=//lib64 HTTP/1.1" 200 49984 "-" "Mozilla/5.0 (Linux; Android 6.0.1; Nexus 5X Build/MMB29P) AppleWebKit/537.36 (KHTML, like Gecko) Chrome/150.0.7871.46 Mobile Safari/537.36 (compatible; Googlebot/2.1; +http://www.google.com/bot.html)"
66.249.70.101 - - [11/Jul/2026:15:37:39 +0330] "GET /?fileloc=//etc/alternatives/module.1.gz&path=//etc/alternatives HTTP/1.1" 200 16680 "-" "Mozilla/5.0 (Linux; Android 6.0.1; Nexus 5X Build/MMB29P) AppleWebKit/537.36 (KHTML, like Gecko) Chrome/150.0.7871.46 Mobile Safari/537.36 (compatible; Googlebot/2.1; +http://www.google.com/bot.html)"
66.249.70.101 - - [11/Jul/2026:15:38:35 +0330] "GET /?fileloc=//etc/alternatives/ncman&path=//etc/alternatives HTTP/1.1" 200 8400 "-" "Mozilla/5.0 (Linux; Android 6.0.1; Nexus 5X Build/MMB29P) AppleWebKit/537.36 (KHTML, like Gecko) Chrome/150.0.7871.46 Mobile Safari/537.36 (compatible; Googlebot/2.1; +http://www.google.com/bot.html)"
66.249.70.101 - - [11/Jul/2026:15:39:02 +0330] "GET /?fileloc=//etc/alternatives/java&path=//etc/alternatives HTTP/1.1" 200 5729 "-" "Mozilla/5.0 (Linux; Android 6.0.1; Nexus 5X Build/MMB29P) AppleWebKit/537.36 (KHTML, like Gecko) Chrome/150.0.7871.46 Mobile Safari/537.36 (compatible; Googlebot/2.1; +http://www.google.com/bot.html)"
66.249.70.101 - - [11/Jul/2026:15:39:30 +0330] "GET /?path=//etc/alternatives/jre_11_openjdk HTTP/1.1" 200 2983 "-" "Mozilla/5.0 (Linux; Android 6.0.1; Nexus 5X Build/MMB29P) AppleWebKit/537.36 (KHTML, like Gecko) Chrome/150.0.7871.46 Mobile Safari/537.36 (compatible; Googlebot/2.1; +http://www.google.com/bot.html)"
66.249.70.101 - - [11/Jul/2026:15:40:53 +0330] "GET /?fileloc=//etc/cl.selector.conf.d/php.conf&path=//etc/cl.selector.conf.d HTTP/1.1" 200 4147 "-" "Mozilla/5.0 (Linux; Android 6.0.1; Nexus 5X Build/MMB29P) AppleWebKit/537.36 (KHTML, like Gecko) Chrome/150.0.7871.46 Mobile Safari/537.36 (compatible; Googlebot/2.1; +http://www.google.com/bot.html)"
66.249.70.101 - - [11/Jul/2026:15:41:04 +0330] "GET /?fileloc=//etc/alternatives/jjs.1.gz&path=//etc/alternatives HTTP/1.1" 200 4824 "-" "Mozilla/5.0 (Linux; Android 6.0.1; Nexus 5X Build/MMB29P) AppleWebKit/537.36 (KHTML, like Gecko) Chrome/150.0.7871.46 Mobile Safari/537.36 (compatible; GoogleOther)"
66.249.70.102 - - [11/Jul/2026:15:41:15 +0330] "GET /?fileloc=//usr/sbin/dnssec-keyfromlabel&path=//usr/sbin HTTP/1.1" 200 26444 "-" "Mozilla/5.0 (Linux; Android 6.0.1; Nexus 5X Build/MMB29P) AppleWebKit/537.36 (KHTML, like Gecko) Chrome/150.0.7871.46 Mobile Safari/537.36 (compatible; Googlebot/2.1; +http://www.google.com/bot.html)"
66.249.70.103 - - [11/Jul/2026:15:42:04 +0330] "GET /?path=//usr/src/litespeed-wp-plugin HTTP/1.1" 200 3080 "-" "Mozilla/5.0 (Linux; Android 6.0.1; Nexus 5X Build/MMB29P) AppleWebKit/537.36 (KHTML, like Gecko) Chrome/150.0.7871.46 Mobile Safari/537.36 (compatible; Googlebot/2.1; +http://www.google.com/bot.html)"
66.249.70.102 - - [11/Jul/2026:15:38:00 +0330] "GET /?fileloc=//etc/alternatives/java.1.gz&path=//etc/alternatives HTTP/1.1" 200 25786 "-" "Mozilla/5.0 (Linux; Android 6.0.1; Nexus 5X Build/MMB29P) AppleWebKit/537.36 (KHTML, like Gecko) Chrome/150.0.7871.46 Mobile Safari/537.36 (compatible; Googlebot/2.1; +http://www.google.com/bot.html)"
66.249.70.102 - - [11/Jul/2026:15:39:04 +0330] "GET /?fileloc=//etc/pam.d/password-auth&path=//etc/pam.d HTTP/1.1" 200 2811 "-" "Mozilla/5.0 (Linux; Android 6.0.1; Nexus 5X Build/MMB29P) AppleWebKit/537.36 (KHTML, like Gecko) Chrome/150.0.7871.46 Mobile Safari/537.36 (compatible; Googlebot/2.1; +http://www.google.com/bot.html)"
66.249.70.101 - - [11/Jul/2026:15:39:44 +0330] "GET /?fileloc=//usr/sbin/dnssec-revoke&path=//usr/sbin HTTP/1.1" 200 22601 "-" "Mozilla/5.0 (Linux; Android 6.0.1; Nexus 5X Build/MMB29P) AppleWebKit/537.36 (KHTML, like Gecko) Chrome/150.0.7871.46 Mobile Safari/537.36 (compatible; Googlebot/2.1; +http://www.google.com/bot.html)"
66.249.70.101 - - [11/Jul/2026:15:40:21 +0330] "GET /?fileloc=//usr/sbin/proxyexec&path=//usr/sbin HTTP/1.1" 200 10855 "-" "Mozilla/5.0 (Linux; Android 6.0.1; Nexus 5X Build/MMB29P) AppleWebKit/537.36 (KHTML, like Gecko) Chrome/150.0.7871.46 Mobile Safari/537.36 (compatible; Googlebot/2.1; +http://www.google.com/bot.html)"
66.249.70.101 - - [11/Jul/2026:15:41:47 +0330] "GET /?fileloc=//usr/sbin/dnssec-keymgr&path=//usr/sbin HTTP/1.1" 200 2927 "-" "Mozilla/5.0 (Linux; Android 6.0.1; Nexus 5X Build/MMB29P) AppleWebKit/537.36 (KHTML, like Gecko) Chrome/150.0.7871.46 Mobile Safari/537.36 (compatible; Googlebot/2.1; +http://www.google.com/bot.html)"
66.249.70.101 - - [11/Jul/2026:15:42:52 +0330] "GET /?fileloc=//usr/sbin/dnssec-settime&path=//usr/sbin HTTP/1.1" 200 25620 "-" "Mozilla/5.0 (Linux; Android 6.0.1; Nexus 5X Build/MMB29P) AppleWebKit/537.36 (KHTML, like Gecko) Chrome/150.0.7871.46 Mobile Safari/537.36 (compatible; Googlebot/2.1; +http://www.google.com/bot.html)"
66.249.70.101 - - [11/Jul/2026:15:43:39 +0330] "GET /?fileloc=//etc/cl.selector.conf.d/global_php.ini&path=//etc/cl.selector.conf.d HTTP/1.1" 200 2900 "-" "Mozilla/5.0 (Linux; Android 6.0.1; Nexus 5X Build/MMB29P) AppleWebKit/537.36 (KHTML, like Gecko) Chrome/150.0.7871.46 Mobile Safari/537.36 (compatible; Googlebot/2.1; +http://www.google.com/bot.html)"
66.249.70.102 - - [11/Jul/2026:15:44:02 +0330] "GET /?fileloc=//usr/sbin/dnssec-keygen&path=//usr/sbin HTTP/1.1" 200 28810 "-" "Mozilla/5.0 (Linux; Android 6.0.1; Nexus 5X Build/MMB29P) AppleWebKit/537.36 (KHTML, like Gecko) Chrome/150.0.7871.46 Mobile Safari/537.36 (compatible; Googlebot/2.1; +http://www.google.com/bot.html)"
66.249.70.102 - - [11/Jul/2026:15:46:44 +0330] "GET /?fileloc=//etc/ld.so.conf.d/tix-x86_64.conf&path=//etc/ld.so.conf.d HTTP/1.1" 200 2504 "-" "Mozilla/5.0 (Linux; Android 6.0.1; Nexus 5X Build/MMB29P) AppleWebKit/537.36 (KHTML, like Gecko) Chrome/150.0.7871.46 Mobile Safari/537.36 (compatible; Googlebot/2.1; +http://www.google.com/bot.html)"
66.249.70.102 - - [11/Jul/2026:15:47:40 +0330] "GET /?fileloc=//etc/ld.so.conf.d/kernel-4.18.0-553.121.1.lve.el8.x86_64.conf&path=//etc/ld.so.conf.d HTTP/1.1" 200 2538 "-" "Mozilla/5.0 (Linux; Android 6.0.1; Nexus 5X Build/MMB29P) AppleWebKit/537.36 (KHTML, like Gecko) Chrome/150.0.7871.46 Mobile Safari/537.36 (compatible; Googlebot/2.1; +http://www.google.com/bot.html)"
66.249.70.103 - - [11/Jul/2026:15:48:07 +0330] "GET /?fileloc=//etc/ld.so.conf.d/kernel-4.18.0-553.83.1.lve.el8.x86_64.conf&path=//etc/ld.so.conf.d HTTP/1.1" 200 2534 "-" "Mozilla/5.0 (Linux; Android 6.0.1; Nexus 5X Build/MMB29P) AppleWebKit/537.36 (KHTML, like Gecko) Chrome/150.0.7871.46 Mobile Safari/537.36 (compatible; Googlebot/2.1; +http://www.google.com/bot.html)"
66.249.70.101 - - [11/Jul/2026:15:48:18 +0330] "GET /?fileloc=//etc/alternatives/ld&path=//etc/alternatives HTTP/1.1" 200 228962 "-" "Mozilla/5.0 (Linux; Android 6.0.1; Nexus 5X Build/MMB29P) AppleWebKit/537.36 (KHTML, like Gecko) Chrome/150.0.7871.46 Mobile Safari/537.36 (compatible; GoogleOther)"
66.249.70.101 - - [11/Jul/2026:15:42:10 +0330] "GET /?path=//etc/cl.selector.conf.d/php.extensions.d HTTP/1.1" 200 2883 "-" "Mozilla/5.0 (Linux; Android 6.0.1; Nexus 5X Build/MMB29P) AppleWebKit/537.36 (KHTML, like Gecko) Chrome/150.0.7871.46 Mobile Safari/537.36 (compatible; Googlebot/2.1; +http://www.google.com/bot.html)"
66.249.70.102 - - [11/Jul/2026:15:43:05 +0330] "GET /?fileloc=//usr/sbin/pluginviewer&path=//usr/sbin HTTP/1.1" 200 9179 "-" "Mozilla/5.0 (Linux; Android 6.0.1; Nexus 5X Build/MMB29P) AppleWebKit/537.36 (KHTML, like Gecko) Chrome/150.0.7871.46 Mobile Safari/537.36 (compatible; Googlebot/2.1; +http://www.google.com/bot.html)"
66.249.70.101 - - [11/Jul/2026:15:44:27 +0330] "GET /?fileloc=//etc/cl.selector.conf.d/native.conf&path=//etc/cl.selector.conf.d HTTP/1.1" 200 2531 "-" "Mozilla/5.0 (Linux; Android 6.0.1; Nexus 5X Build/MMB29P) AppleWebKit/537.36 (KHTML, like Gecko) Chrome/150.0.7871.46 Mobile Safari/537.36 (compatible; Googlebot/2.1; +http://www.google.com/bot.html)"
66.249.70.101 - - [11/Jul/2026:15:44:38 +0330] "GET /?fileloc=//etc/alternatives/servertool.1.gz&path=//etc/alternatives HTTP/1.1" 200 5346 "-" "Mozilla/5.0 (Linux; Android 6.0.1; Nexus 5X Build/MMB29P) AppleWebKit/537.36 (KHTML, like Gecko) Chrome/150.0.7871.46 Mobile Safari/537.36 (compatible; GoogleOther)"
66.249.70.101 - - [11/Jul/2026:15:44:51 +0330] "GET /?fileloc=//usr/sbin/saslauthd&path=//usr/sbin HTTP/1.1" 200 40264 "-" "Mozilla/5.0 (Linux; Android 6.0.1; Nexus 5X Build/MMB29P) AppleWebKit/537.36 (KHTML, like Gecko) Chrome/150.0.7871.46 Mobile Safari/537.36 (compatible; Googlebot/2.1; +http://www.google.com/bot.html)"
66.249.70.102 - - [11/Jul/2026:15:45:46 +0330] "GET /?fileloc=//etc/cl.selector.conf.d/defaults.cfg&path=//etc/cl.selector.conf.d HTTP/1.1" 200 3070 "-" "Mozilla/5.0 (Linux; Android 6.0.1; Nexus 5X Build/MMB29P) AppleWebKit/537.36 (KHTML, like Gecko) Chrome/150.0.7871.46 Mobile Safari/537.36 (compatible; Googlebot/2.1; +http://www.google.com/bot.html)"
66.249.70.101 - - [11/Jul/2026:15:45:53 +0330] "GET /?fileloc=//usr/sbin/pam_timestamp_check&path=//usr/sbin HTTP/1.1" 200 7366 "-" "Mozilla/5.0 (Linux; Android 6.0.1; Nexus 5X Build/MMB29P) AppleWebKit/537.36 (KHTML, like Gecko) Chrome/150.0.7871.46 Mobile Safari/537.36 (compatible; Googlebot/2.1; +http://www.google.com/bot.html)"
66.249.70.103 - - [11/Jul/2026:15:46:26 +0330] "GET /?fileloc=//usr/sbin/pwhistory_helper&path=//usr/sbin HTTP/1.1" 200 9018 "-" "Mozilla/5.0 (Linux; Android 6.0.1; Nexus 5X Build/MMB29P) AppleWebKit/537.36 (KHTML, like Gecko) Chrome/150.0.7871.46 Mobile Safari/537.36 (compatible; Googlebot/2.1; +http://www.google.com/bot.html)"
66.249.70.102 - - [11/Jul/2026:15:47:10 +0330] "GET /?fileloc=//etc/ld.so.conf.d/kernel-4.18.0-553.132.1.lve.el8.x86_64.conf&path=//etc/ld.so.conf.d HTTP/1.1" 200 2486 "-" "Mozilla/5.0 (Linux; Android 6.0.1; Nexus 5X Build/MMB29P) AppleWebKit/537.36 (KHTML, like Gecko) Chrome/150.0.7871.46 Mobile Safari/537.36 (compatible; Googlebot/2.1; +http://www.google.com/bot.html)"
66.249.70.101 - - [11/Jul/2026:15:48:42 +0330] "GET /?fileloc=//etc/ld.so.conf.d/oracle-instantclient.conf&path=//etc/ld.so.conf.d HTTP/1.1" 200 2514 "-" "Mozilla/5.0 (Linux; Android 6.0.1; Nexus 5X Build/MMB29P) AppleWebKit/537.36 (KHTML, like Gecko) Chrome/150.0.7871.46 Mobile Safari/537.36 (compatible; Googlebot/2.1; +http://www.google.com/bot.html)"
66.249.70.101 - - [11/Jul/2026:15:49:39 +0330] "GET /?path=//etc/security HTTP/1.1" 200 3498 "-" "Mozilla/5.0 (Linux; Android 6.0.1; Nexus 5X Build/MMB29P) AppleWebKit/537.36 (KHTML, like Gecko) Chrome/150.0.7871.46 Mobile Safari/537.36 (compatible; Googlebot/2.1; +http://www.google.com/bot.html)"
141.94.101.142 - - [11/Jul/2026:15:50:16 +0330] "GET /robots.txt HTTP/1.1" 200 60 "-" "Mozilla/5.0 (compatible; MJ12bot/v1.4.8; http://mj12bot.com/)"
66.249.70.101 - - [11/Jul/2026:15:48:21 +0330] "GET /?fileloc=//etc/pam.d/login&path=//etc/pam.d HTTP/1.1" 200 2713 "-" "Mozilla/5.0 (Linux; Android 6.0.1; Nexus 5X Build/MMB29P) AppleWebKit/537.36 (KHTML, like Gecko) Chrome/150.0.7871.46 Mobile Safari/537.36 (compatible; Googlebot/2.1; +http://www.google.com/bot.html)"
66.249.70.103 - - [11/Jul/2026:15:49:05 +0330] "GET /?fileloc=//etc/.etc.version&path=//etc HTTP/1.1" 200 2466 "-" "Mozilla/5.0 (Linux; Android 6.0.1; Nexus 5X Build/MMB29P) AppleWebKit/537.36 (KHTML, like Gecko) Chrome/150.0.7871.46 Mobile Safari/537.36 (compatible; Googlebot/2.1; +http://www.google.com/bot.html)"
66.249.70.102 - - [11/Jul/2026:15:49:08 +0330] "GET /?fileloc=//bin/mariadb-setpermission&path=//bin HTTP/1.1" 200 8229 "-" "Mozilla/5.0 (Linux; Android 6.0.1; Nexus 5X Build/MMB29P) AppleWebKit/537.36 (KHTML, like Gecko) Chrome/150.0.7871.46 Mobile Safari/537.36 (compatible; Googlebot/2.1; +http://www.google.com/bot.html)"
66.249.70.101 - - [11/Jul/2026:15:49:57 +0330] "GET /?path=//usr/lib HTTP/1.1" 200 4033 "-" "Mozilla/5.0 (Linux; Android 6.0.1; Nexus 5X Build/MMB29P) AppleWebKit/537.36 (KHTML, like Gecko) Chrome/150.0.7871.46 Mobile Safari/537.36 (compatible; Googlebot/2.1; +http://www.google.com/bot.html)"
141.94.101.142 - - [11/Jul/2026:15:50:16 +0330] "GET /robots.txt HTTP/1.1" 200 60 "-" "Mozilla/5.0 (compatible; MJ12bot/v1.4.8; http://mj12bot.com/)"
141.94.101.142 - - [11/Jul/2026:15:50:17 +0330] "GET /%D8%AF%D8%B3%D8%AA%D9%87%D8%A8%D9%86%D8%AF%DB%8C-%D9%86%D8%B4%D8%AF%D9%87/1/%D8%B3%D9%84%D8%A7%D9%85-%D8%AF%D9%86%DB%8C%D8%A7/ HTTP/1.1" 200 3798 "-" "Mozilla/5.0 (compatible; MJ12bot/v1.4.8; http://mj12bot.com/)"
141.94.101.142 - - [11/Jul/2026:15:50:19 +0330] "GET /category/%D8%A7%D9%82%D8%AA%D8%B5%D8%A7%D8%AF%DB%8C/ HTTP/1.1" 200 3783 "-" "Mozilla/5.0 (compatible; MJ12bot/v1.4.8; http://mj12bot.com/)"
141.94.101.142 - - [11/Jul/2026:15:50:25 +0330] "GET /category/%D8%AE%D8%A8%D8%B1%DB%8C/ HTTP/1.1" 200 3800 "-" "Mozilla/5.0 (compatible; MJ12bot/v1.4.8; http://mj12bot.com/)"
141.94.101.142 - - [11/Jul/2026:15:50:28 +0330] "GET /category/%D8%AF%D8%B3%D8%AA%D9%87%D8%A8%D9%86%D8%AF%DB%8C-%D9%86%D8%B4%D8%AF%D9%87/ HTTP/1.1" 200 3800 "-" "Mozilla/5.0 (compatible; MJ12bot/v1.4.8; http://mj12bot.com/)"
141.94.101.142 - - [11/Jul/2026:15:50:31 +0330] "GET /category/%D9%87%D9%86%D8%B1%DB%8C/ HTTP/1.1" 200 3800 "-" "Mozilla/5.0 (compatible; MJ12bot/v1.4.8; http://mj12bot.com/)"
141.94.101.142 - - [11/Jul/2026:15:50:34 +0330] "GET /category/%D9%88%D8%B1%D8%B2%D8%B4%DB%8C/ HTTP/1.1" 200 3769 "-" "Mozilla/5.0 (compatible; MJ12bot/v1.4.8; http://mj12bot.com/)"
141.94.101.142 - - [11/Jul/2026:15:50:37 +0330] "GET /category/%D9%88%D8%B1%D8%B2%D8%B4%DB%8C/abi/ HTTP/1.1" 200 3769 "-" "Mozilla/5.0 (compatible; MJ12bot/v1.4.8; http://mj12bot.com/)"
141.94.101.142 - - [11/Jul/2026:15:50:39 +0330] "GET /category/%D9%88%D8%B1%D8%B2%D8%B4%DB%8C/abi/shena/ HTTP/1.1" 200 3769 "-" "Mozilla/5.0 (compatible; MJ12bot/v1.4.8; http://mj12bot.com/)"
141.94.101.142 - - [11/Jul/2026:15:50:41 +0330] "GET /category/%D9%88%D8%B1%D8%B2%D8%B4%DB%8C/abi/shena/shena100m/ HTTP/1.1" 200 3769 "-" "Mozilla/5.0 (compatible; MJ12bot/v1.4.8; http://mj12bot.com/)"
141.94.101.142 - - [11/Jul/2026:15:50:43 +0330] "GET /defaii/22/%D8%AA%D9%85%D8%AC%DB%8C%D8%AF-%D8%AD%D9%85%D8%A7%D8%B3-%D8%A7%D8%B2-%D8%B9%D9%85%D9%84%DB%8C%D8%A7%D8%AA%D9%87%D8%A7%DB%8C-%D8%A7%DB%8C%D8%B1%D8%A7%D9%86-%D9%88-%DB%8C%D9%85%D9%86-%D8%A8%D9%87-%D8%AA/ HTTP/1.1" 200 3800 "-" "Mozilla/5.0 (compatible; MJ12bot/v1.4.8; http://mj12bot.com/)"
66.249.70.101 - - [11/Jul/2026:15:50:48 +0330] "GET /?fileloc=//etc/profile.d/csh.local&path=//etc/profile.d HTTP/1.1" 200 2535 "-" "Mozilla/5.0 (Linux; Android 6.0.1; Nexus 5X Build/MMB29P) AppleWebKit/537.36 (KHTML, like Gecko) Chrome/150.0.7871.46 Mobile Safari/537.36 (compatible; Googlebot/2.1; +http://www.google.com/bot.html)"
141.94.101.142 - - [11/Jul/2026:15:50:18 +0330] "GET /%D8%AF%D8%B3%D8%AA%D9%87%D8%A8%D9%86%D8%AF%DB%8C-%D9%86%D8%B4%D8%AF%D9%87/1/%D8%B3%D9%84%D8%A7%D9%85-%D8%AF%D9%86%DB%8C%D8%A7/ HTTP/1.1" 200 3744 "-" "Mozilla/5.0 (compatible; MJ12bot/v1.4.8; http://mj12bot.com/)"
141.94.101.142 - - [11/Jul/2026:15:50:20 +0330] "GET /category/%D8%A7%D9%82%D8%AA%D8%B5%D8%A7%D8%AF%DB%8C/ HTTP/1.1" 200 3769 "-" "Mozilla/5.0 (compatible; MJ12bot/v1.4.8; http://mj12bot.com/)"
66.249.70.103 - - [11/Jul/2026:15:50:24 +0330] "GET /?path=//etc/sysconfig HTTP/1.1" 200 2952 "-" "Mozilla/5.0 (Linux; Android 6.0.1; Nexus 5X Build/MMB29P) AppleWebKit/537.36 (KHTML, like Gecko) Chrome/150.0.7871.46 Mobile Safari/537.36 (compatible; Googlebot/2.1; +http://www.google.com/bot.html)"
141.94.101.142 - - [11/Jul/2026:15:50:26 +0330] "GET /category/%D8%AE%D8%A8%D8%B1%DB%8C/ HTTP/1.1" 200 3769 "-" "Mozilla/5.0 (compatible; MJ12bot/v1.4.8; http://mj12bot.com/)"
141.94.101.142 - - [11/Jul/2026:15:50:29 +0330] "GET /category/%D8%AF%D8%B3%D8%AA%D9%87%D8%A8%D9%86%D8%AF%DB%8C-%D9%86%D8%B4%D8%AF%D9%87/ HTTP/1.1" 200 3798 "-" "Mozilla/5.0 (compatible; MJ12bot/v1.4.8; http://mj12bot.com/)"
141.94.101.142 - - [11/Jul/2026:15:50:31 +0330] "GET /category/%D9%87%D9%86%D8%B1%DB%8C/ HTTP/1.1" 200 3798 "-" "Mozilla/5.0 (compatible; MJ12bot/v1.4.8; http://mj12bot.com/)"
141.94.101.142 - - [11/Jul/2026:15:50:33 +0330] "GET /category/%D9%88%D8%B1%D8%B2%D8%B4%DB%8C/ HTTP/1.1" 200 3769 "-" "Mozilla/5.0 (compatible; MJ12bot/v1.4.8; http://mj12bot.com/)"
141.94.101.142 - - [11/Jul/2026:15:50:36 +0330] "GET /category/%D9%88%D8%B1%D8%B2%D8%B4%DB%8C/abi/ HTTP/1.1" 200 3769 "-" "Mozilla/5.0 (compatible; MJ12bot/v1.4.8; http://mj12bot.com/)"
141.94.101.142 - - [11/Jul/2026:15:50:38 +0330] "GET /category/%D9%88%D8%B1%D8%B2%D8%B4%DB%8C/abi/shena/ HTTP/1.1" 200 3769 "-" "Mozilla/5.0 (compatible; MJ12bot/v1.4.8; http://mj12bot.com/)"
141.94.101.142 - - [11/Jul/2026:15:50:40 +0330] "GET /category/%D9%88%D8%B1%D8%B2%D8%B4%DB%8C/abi/shena/shena100m/ HTTP/1.1" 200 3865 "-" "Mozilla/5.0 (compatible; MJ12bot/v1.4.8; http://mj12bot.com/)"
141.94.101.142 - - [11/Jul/2026:15:50:43 +0330] "GET /defaii/22/%D8%AA%D9%85%D8%AC%DB%8C%D8%AF-%D8%AD%D9%85%D8%A7%D8%B3-%D8%A7%D8%B2-%D8%B9%D9%85%D9%84%DB%8C%D8%A7%D8%AA%D9%87%D8%A7%DB%8C-%D8%A7%DB%8C%D8%B1%D8%A7%D9%86-%D9%88-%DB%8C%D9%85%D9%86-%D8%A8%D9%87-%D8%AA/ HTTP/1.1" 200 3769 "-" "Mozilla/5.0 (compatible; MJ12bot/v1.4.8; http://mj12bot.com/)"
66.249.70.102 - - [11/Jul/2026:15:51:08 +0330] "GET /?path=//var/cpanel/ea4 HTTP/1.1" 200 2821 "-" "Mozilla/5.0 (Linux; Android 6.0.1; Nexus 5X Build/MMB29P) AppleWebKit/537.36 (KHTML, like Gecko) Chrome/150.0.7871.46 Mobile Safari/537.36 (compatible; Googlebot/2.1; +http://www.google.com/bot.html)"
66.249.70.102 - - [11/Jul/2026:15:51:27 +0330] "GET /?fileloc=//etc/profile.d/locallib.sh&path=//etc/profile.d HTTP/1.1" 200 2666 "-" "Mozilla/5.0 (Linux; Android 6.0.1; Nexus 5X Build/MMB29P) AppleWebKit/537.36 (KHTML, like Gecko) Chrome/150.0.7871.46 Mobile Safari/537.36 (compatible; Googlebot/2.1; +http://www.google.com/bot.html)"
66.249.70.101 - - [11/Jul/2026:15:51:46 +0330] "GET /?u=64240376907154 HTTP/1.1" 200 3769 "-" "Mozilla/5.0 (Linux; Android 6.0.1; Nexus 5X Build/MMB29P) AppleWebKit/537.36 (KHTML, like Gecko) Chrome/150.0.7871.46 Mobile Safari/537.36 (compatible; GoogleOther)"
141.94.101.142 - - [11/Jul/2026:15:52:29 +0330] "GET /robots.txt HTTP/1.1" 200 60 "-" "Mozilla/5.0 (compatible; MJ12bot/v1.4.8; http://mj12bot.com/)"
141.94.101.142 - - [11/Jul/2026:15:52:31 +0330] "GET /%D8%AF%D8%B3%D8%AA%D9%87%D8%A8%D9%86%D8%AF%DB%8C-%D9%86%D8%B4%D8%AF%D9%87/1/%D8%B3%D9%84%D8%A7%D9%85-%D8%AF%D9%86%DB%8C%D8%A7/ HTTP/1.1" 200 3800 "-" "Mozilla/5.0 (compatible; MJ12bot/v1.4.8; http://mj12bot.com/)"
141.94.101.142 - - [11/Jul/2026:15:52:33 +0330] "GET /category/%D8%A7%D9%82%D8%AA%D8%B5%D8%A7%D8%AF%DB%8C/ HTTP/1.1" 200 3769 "-" "Mozilla/5.0 (compatible; MJ12bot/v1.4.8; http://mj12bot.com/)"
141.94.101.142 - - [11/Jul/2026:15:52:38 +0330] "GET /category/%D8%AE%D8%A8%D8%B1%DB%8C/ HTTP/1.1" 200 3800 "-" "Mozilla/5.0 (compatible; MJ12bot/v1.4.8; http://mj12bot.com/)"
141.94.101.142 - - [11/Jul/2026:15:52:40 +0330] "GET /category/%D8%AF%D8%B3%D8%AA%D9%87%D8%A8%D9%86%D8%AF%DB%8C-%D9%86%D8%B4%D8%AF%D9%87/ HTTP/1.1" 200 3800 "-" "Mozilla/5.0 (compatible; MJ12bot/v1.4.8; http://mj12bot.com/)"
141.94.101.142 - - [11/Jul/2026:15:52:44 +0330] "GET /category/%D9%87%D9%86%D8%B1%DB%8C/ HTTP/1.1" 200 3769 "-" "Mozilla/5.0 (compatible; MJ12bot/v1.4.8; http://mj12bot.com/)"
141.94.101.142 - - [11/Jul/2026:15:52:47 +0330] "GET /category/%D9%88%D8%B1%D8%B2%D8%B4%DB%8C/ HTTP/1.1" 200 3769 "-" "Mozilla/5.0 (compatible; MJ12bot/v1.4.8; http://mj12bot.com/)"
141.94.101.142 - - [11/Jul/2026:15:52:51 +0330] "GET /category/%D9%88%D8%B1%D8%B2%D8%B4%DB%8C/abi/ HTTP/1.1" 200 3769 "-" "Mozilla/5.0 (compatible; MJ12bot/v1.4.8; http://mj12bot.com/)"
141.94.101.142 - - [11/Jul/2026:15:52:53 +0330] "GET /category/%D9%88%D8%B1%D8%B2%D8%B4%DB%8C/abi/shena/ HTTP/1.1" 200 3769 "-" "Mozilla/5.0 (compatible; MJ12bot/v1.4.8; http://mj12bot.com/)"
141.94.101.142 - - [11/Jul/2026:15:52:56 +0330] "GET /category/%D9%88%D8%B1%D8%B2%D8%B4%DB%8C/abi/shena/shena100m/ HTTP/1.1" 200 3798 "-" "Mozilla/5.0 (compatible; MJ12bot/v1.4.8; http://mj12bot.com/)"
141.94.101.142 - - [11/Jul/2026:15:52:59 +0330] "GET /defaii/22/%D8%AA%D9%85%D8%AC%DB%8C%D8%AF-%D8%AD%D9%85%D8%A7%D8%B3-%D8%A7%D8%B2-%D8%B9%D9%85%D9%84%DB%8C%D8%A7%D8%AA%D9%87%D8%A7%DB%8C-%D8%A7%DB%8C%D8%B1%D8%A7%D9%86-%D9%88-%DB%8C%D9%85%D9%86-%D8%A8%D9%87-%D8%AA/ HTTP/1.1" 200 3769 "-" "Mozilla/5.0 (compatible; MJ12bot/v1.4.8; http://mj12bot.com/)"
66.249.70.102 - - [11/Jul/2026:15:53:03 +0330] "GET /?path=//etc/alternatives/jre_1.8.0_openjdk/lib HTTP/1.1" 200 3942 "-" "Mozilla/5.0 (Linux; Android 6.0.1; Nexus 5X Build/MMB29P) AppleWebKit/537.36 (KHTML, like Gecko) Chrome/150.0.7871.46 Mobile Safari/537.36 (compatible; Googlebot/2.1; +http://www.google.com/bot.html)"
66.249.70.102 - - [11/Jul/2026:15:53:42 +0330] "GET /?fileloc=//usr/bin/znew&path=//usr/bin HTTP/1.1" 200 4343 "-" "Mozilla/5.0 (Linux; Android 6.0.1; Nexus 5X Build/MMB29P) AppleWebKit/537.36 (KHTML, like Gecko) Chrome/150.0.7871.46 Mobile Safari/537.36 (compatible; GoogleOther)"
66.249.70.104 - - [11/Jul/2026:15:53:47 +0330] "GET /?fileloc=//etc/alternatives/jre_1.8.0_openjdk/THIRD_PARTY_README&path=//etc/alternatives/jre_1.8.0_openjdk HTTP/1.1" 200 50134 "-" "Mozilla/5.0 (Linux; Android 6.0.1; Nexus 5X Build/MMB29P) AppleWebKit/537.36 (KHTML, like Gecko) Chrome/150.0.7871.46 Mobile Safari/537.36 (compatible; Googlebot/2.1; +http://www.google.com/bot.html)"
66.249.70.101 - - [11/Jul/2026:15:54:14 +0330] "GET /?fileloc=//etc/alternatives/mkisofs-mkhybridman&path=//etc/alternatives HTTP/1.1" 200 28861 "-" "Mozilla/5.0 (Linux; Android 6.0.1; Nexus 5X Build/MMB29P) AppleWebKit/537.36 (KHTML, like Gecko) Chrome/150.0.7871.46 Mobile Safari/537.36 (compatible; GoogleOther)"
66.249.70.101 - - [11/Jul/2026:15:54:39 +0330] "GET /?fileloc=//etc/profile.d/colorzgrep.sh&path=//etc/profile.d HTTP/1.1" 200 2585 "-" "Mozilla/5.0 (Linux; Android 6.0.1; Nexus 5X Build/MMB29P) AppleWebKit/537.36 (KHTML, like Gecko) Chrome/150.0.7871.46 Mobile Safari/537.36 (compatible; Googlebot/2.1; +http://www.google.com/bot.html)"
66.249.70.101 - - [11/Jul/2026:15:55:08 +0330] "GET /?fileloc=//etc/alternatives/tnameserv.1.gz&path=//etc/alternatives HTTP/1.1" 200 6802 "-" "Mozilla/5.0 (Linux; Android 6.0.1; Nexus 5X Build/MMB29P) AppleWebKit/537.36 (KHTML, like Gecko) Chrome/150.0.7871.46 Mobile Safari/537.36 (compatible; GoogleOther)"
66.249.70.102 - - [11/Jul/2026:15:55:20 +0330] "GET /?fileloc=//usr/selector.etc/php.ini&path=//usr/selector.etc HTTP/1.1" 200 2484 "-" "Mozilla/5.0 (Linux; Android 6.0.1; Nexus 5X Build/MMB29P) AppleWebKit/537.36 (KHTML, like Gecko) Chrome/150.0.7871.46 Mobile Safari/537.36 (compatible; Googlebot/2.1; +http://www.google.com/bot.html)"
114.119.146.223 - - [11/Jul/2026:15:51:27 +0330] "GET /businesses/%D8%AE%D8%AF%D9%85%D8%A7%D8%AA-%D9%81%D9%86%D9%8A/reportbusinesses/create HTTP/1.1" 200 3800 "https://4dd.ir/businesses/%D8%AE%D8%AF%D9%85%D8%A7%D8%AA-%D9%81%D9%86%D9%8A/reportbusinesses/create" "Mozilla/5.0 (Linux; Android 7.0;) AppleWebKit/537.36 (HTML, like Gecko) Mobile Safari/537.36 (compatible; PetalBot;+https://webmaster.petalsearch.com/site/petalbot)"
66.249.70.101 - - [11/Jul/2026:15:51:57 +0330] "GET /?fileloc=//etc/alternatives/mkisofs-mkisofsman&path=//etc/alternatives HTTP/1.1" 200 28833 "-" "Mozilla/5.0 (Linux; Android 6.0.1; Nexus 5X Build/MMB29P) AppleWebKit/537.36 (KHTML, like Gecko) Chrome/150.0.7871.46 Mobile Safari/537.36 (compatible; GoogleOther)"
66.249.70.102 - - [11/Jul/2026:15:53:16 +0330] "GET /?fileloc=//etc/alternatives/orbd.1.gz&path=//etc/alternatives HTTP/1.1" 200 6655 "-" "Mozilla/5.0 (Linux; Android 6.0.1; Nexus 5X Build/MMB29P) AppleWebKit/537.36 (KHTML, like Gecko) Chrome/150.0.7871.46 Mobile Safari/537.36 (compatible; GoogleOther)"
66.249.70.101 - - [11/Jul/2026:15:53:26 +0330] "GET /?fileloc=//usr/bin/replace&path=//usr/bin HTTP/1.1" 200 638139 "-" "Mozilla/5.0 (Linux; Android 6.0.1; Nexus 5X Build/MMB29P) AppleWebKit/537.36 (KHTML, like Gecko) Chrome/150.0.7871.46 Mobile Safari/537.36 (compatible; GoogleOther)"
66.249.70.103 - - [11/Jul/2026:15:53:32 +0330] "GET /?path=//etc/alternatives/jre_1.8.0_openjdk/bin HTTP/1.1" 200 3180 "-" "Mozilla/5.0 (Linux; Android 6.0.1; Nexus 5X Build/MMB29P) AppleWebKit/537.36 (KHTML, like Gecko) Chrome/150.0.7871.46 Mobile Safari/537.36 (compatible; Googlebot/2.1; +http://www.google.com/bot.html)"
66.249.70.101 - - [11/Jul/2026:15:54:17 +0330] "GET /?fileloc=//etc/alternatives/jre_1.8.0_openjdk/LICENSE&path=//etc/alternatives/jre_1.8.0_openjdk HTTP/1.1" 200 9756 "-" "Mozilla/5.0 (Linux; Android 6.0.1; Nexus 5X Build/MMB29P) AppleWebKit/537.36 (KHTML, like Gecko) Chrome/150.0.7871.46 Mobile Safari/537.36 (compatible; Googlebot/2.1; +http://www.google.com/bot.html)"
66.249.70.101 - - [11/Jul/2026:15:55:36 +0330] "GET /?path=//usr/libexec/coreutils HTTP/1.1" 200 2826 "-" "Mozilla/5.0 (Linux; Android 6.0.1; Nexus 5X Build/MMB29P) AppleWebKit/537.36 (KHTML, like Gecko) Chrome/150.0.7871.46 Mobile Safari/537.36 (compatible; Googlebot/2.1; +http://www.google.com/bot.html)"
66.249.70.101 - - [11/Jul/2026:15:55:56 +0330] "GET /?path=//usr/libexec/awk HTTP/1.1" 200 2851 "-" "Mozilla/5.0 (Linux; Android 6.0.1; Nexus 5X Build/MMB29P) AppleWebKit/537.36 (KHTML, like Gecko) Chrome/150.0.7871.46 Mobile Safari/537.36 (compatible; Googlebot/2.1; +http://www.google.com/bot.html)"
66.249.70.101 - - [11/Jul/2026:15:56:21 +0330] "GET /?path=//usr/libexec/getconf HTTP/1.1" 200 2944 "-" "Mozilla/5.0 (Linux; Android 6.0.1; Nexus 5X Build/MMB29P) AppleWebKit/537.36 (KHTML, like Gecko) Chrome/150.0.7871.46 Mobile Safari/537.36 (compatible; Googlebot/2.1; +http://www.google.com/bot.html)"
66.249.70.101 - - [11/Jul/2026:15:56:46 +0330] "GET /?path=//usr/libexec/openssh HTTP/1.1" 200 2823 "-" "Mozilla/5.0 (Linux; Android 6.0.1; Nexus 5X Build/MMB29P) AppleWebKit/537.36 (KHTML, like Gecko) Chrome/150.0.7871.46 Mobile Safari/537.36 (compatible; Googlebot/2.1; +http://www.google.com/bot.html)"
66.249.70.101 - - [11/Jul/2026:15:56:55 +0330] "GET /?fileloc=//etc/alternatives/modulefile.4.gz&path=//etc/alternatives HTTP/1.1" 200 11957 "-" "Mozilla/5.0 (Linux; Android 6.0.1; Nexus 5X Build/MMB29P) AppleWebKit/537.36 (KHTML, like Gecko) Chrome/150.0.7871.46 Mobile Safari/537.36 (compatible; GoogleOther)"
66.249.70.101 - - [11/Jul/2026:15:57:45 +0330] "GET /?fileloc=//etc/alternatives/jre_11/release&path=//etc/alternatives/jre_11 HTTP/1.1" 200 3079 "-" "Mozilla/5.0 (Linux; Android 6.0.1; Nexus 5X Build/MMB29P) AppleWebKit/537.36 (KHTML, like Gecko) Chrome/150.0.7871.46 Mobile Safari/537.36 (compatible; Googlebot/2.1; +http://www.google.com/bot.html)"
66.249.70.102 - - [11/Jul/2026:15:58:12 +0330] "GET /?path=//etc/alternatives/jre_11/lib HTTP/1.1" 200 4647 "-" "Mozilla/5.0 (Linux; Android 6.0.1; Nexus 5X Build/MMB29P) AppleWebKit/537.36 (KHTML, like Gecko) Chrome/150.0.7871.46 Mobile Safari/537.36 (compatible; Googlebot/2.1; +http://www.google.com/bot.html)"
66.249.70.101 - - [11/Jul/2026:15:58:32 +0330] "GET /?path=//etc/alternatives/jre_11/bin HTTP/1.1" 200 3101 "-" "Mozilla/5.0 (Linux; Android 6.0.1; Nexus 5X Build/MMB29P) AppleWebKit/537.36 (KHTML, like Gecko) Chrome/150.0.7871.46 Mobile Safari/537.36 (compatible; Googlebot/2.1; +http://www.google.com/bot.html)"
66.249.70.101 - - [11/Jul/2026:15:58:43 +0330] "GET /?fileloc=//etc/alternatives/java.1.gz&path=//etc/alternatives HTTP/1.1" 200 25786 "-" "Mozilla/5.0 (Linux; Android 6.0.1; Nexus 5X Build/MMB29P) AppleWebKit/537.36 (KHTML, like Gecko) Chrome/150.0.7871.46 Mobile Safari/537.36 (compatible; GoogleOther)"
66.249.70.102 - - [11/Jul/2026:15:59:14 +0330] "GET /?fileloc=//etc/alternatives/alt-java&path=//etc/alternatives HTTP/1.1" 200 5905 "-" "Mozilla/5.0 (Linux; Android 6.0.1; Nexus 5X Build/MMB29P) AppleWebKit/537.36 (KHTML, like Gecko) Chrome/150.0.7871.46 Mobile Safari/537.36 (compatible; GoogleOther)"
66.249.70.101 - - [11/Jul/2026:15:59:58 +0330] "GET /?path=//usr/libexec/utempter HTTP/1.1" 200 2775 "-" "Mozilla/5.0 (Linux; Android 6.0.1; Nexus 5X Build/MMB29P) AppleWebKit/537.36 (KHTML, like Gecko) Chrome/150.0.7871.46 Mobile Safari/537.36 (compatible; Googlebot/2.1; +http://www.google.com/bot.html)"
66.249.70.103 - - [11/Jul/2026:16:00:33 +0330] "GET /?fileloc=//etc/alternatives/rmid&path=//etc/alternatives HTTP/1.1" 200 5861 "-" "Mozilla/5.0 (Linux; Android 6.0.1; Nexus 5X Build/MMB29P) AppleWebKit/537.36 (KHTML, like Gecko) Chrome/150.0.7871.46 Mobile Safari/537.36 (compatible; GoogleOther)"
66.249.70.103 - - [11/Jul/2026:16:01:18 +0330] "GET /?path=//usr/libexec/dovecot HTTP/1.1" 200 2821 "-" "Mozilla/5.0 (Linux; Android 6.0.1; Nexus 5X Build/MMB29P) AppleWebKit/537.36 (KHTML, like Gecko) Chrome/150.0.7871.46 Mobile Safari/537.36 (compatible; Googlebot/2.1; +http://www.google.com/bot.html)"
66.249.70.101 - - [11/Jul/2026:16:02:52 +0330] "GET /?fileloc=//etc/alternatives/jre/ASSEMBLY_EXCEPTION&path=//etc/alternatives/jre HTTP/1.1" 200 3209 "-" "Mozilla/5.0 (Linux; Android 6.0.1; Nexus 5X Build/MMB29P) AppleWebKit/537.36 (KHTML, like Gecko) Chrome/150.0.7871.46 Mobile Safari/537.36 (compatible; Googlebot/2.1; +http://www.google.com/bot.html)"
66.249.70.103 - - [11/Jul/2026:16:03:01 +0330] "GET /?fileloc=//etc/alternatives/orbd&path=//etc/alternatives HTTP/1.1" 200 5919 "-" "Mozilla/5.0 (Linux; Android 6.0.1; Nexus 5X Build/MMB29P) AppleWebKit/537.36 (KHTML, like Gecko) Chrome/150.0.7871.46 Mobile Safari/537.36 (compatible; GoogleOther)"
66.249.70.102 - - [11/Jul/2026:16:03:10 +0330] "GET /?fileloc=//etc/alternatives/jre/THIRD_PARTY_README&path=//etc/alternatives/jre HTTP/1.1" 200 50024 "-" "Mozilla/5.0 (Linux; Android 6.0.1; Nexus 5X Build/MMB29P) AppleWebKit/537.36 (KHTML, like Gecko) Chrome/150.0.7871.46 Mobile Safari/537.36 (compatible; Googlebot/2.1; +http://www.google.com/bot.html)"
66.249.70.101 - - [11/Jul/2026:16:03:39 +0330] "GET /?path=//etc/alternatives/jre/bin HTTP/1.1" 200 3168 "-" "Mozilla/5.0 (Linux; Android 6.0.1; Nexus 5X Build/MMB29P) AppleWebKit/537.36 (KHTML, like Gecko) Chrome/150.0.7871.46 Mobile Safari/537.36 (compatible; Googlebot/2.1; +http://www.google.com/bot.html)"
66.249.70.102 - - [11/Jul/2026:16:04:13 +0330] "GET /?fileloc=//etc/alternatives/keytool&path=//etc/alternatives HTTP/1.1" 200 5827 "-" "Mozilla/5.0 (Linux; Android 6.0.1; Nexus 5X Build/MMB29P) AppleWebKit/537.36 (KHTML, like Gecko) Chrome/150.0.7871.46 Mobile Safari/537.36 (compatible; GoogleOther)"
66.249.70.101 - - [11/Jul/2026:15:55:38 +0330] "GET /?fileloc=//etc/alternatives/ncman&path=//etc/alternatives HTTP/1.1" 200 8400 "-" "Mozilla/5.0 (Linux; Android 6.0.1; Nexus 5X Build/MMB29P) AppleWebKit/537.36 (KHTML, like Gecko) Chrome/150.0.7871.46 Mobile Safari/537.36 (compatible; GoogleOther)"
66.249.70.102 - - [11/Jul/2026:15:57:16 +0330] "GET /?path=//etc/alternatives/jre_11/legal HTTP/1.1" 200 4968 "-" "Mozilla/5.0 (Linux; Android 6.0.1; Nexus 5X Build/MMB29P) AppleWebKit/537.36 (KHTML, like Gecko) Chrome/150.0.7871.46 Mobile Safari/537.36 (compatible; Googlebot/2.1; +http://www.google.com/bot.html)"
66.249.70.101 - - [11/Jul/2026:15:59:06 +0330] "GET /?path=//usr/libexec/gcc HTTP/1.1" 200 2803 "-" "Mozilla/5.0 (Linux; Android 6.0.1; Nexus 5X Build/MMB29P) AppleWebKit/537.36 (KHTML, like Gecko) Chrome/150.0.7871.46 Mobile Safari/537.36 (compatible; Googlebot/2.1; +http://www.google.com/bot.html)"
66.249.70.101 - - [11/Jul/2026:15:59:37 +0330] "GET /?fileloc=//usr/libexec/platform-python3.6&path=//usr/libexec HTTP/1.1" 200 6239 "-" "Mozilla/5.0 (Linux; Android 6.0.1; Nexus 5X Build/MMB29P) AppleWebKit/537.36 (KHTML, like Gecko) Chrome/150.0.7871.46 Mobile Safari/537.36 (compatible; Googlebot/2.1; +http://www.google.com/bot.html)"
66.249.70.102 - - [11/Jul/2026:16:00:31 +0330] "GET /?path=//usr/libexec/git-core HTTP/1.1" 200 7732 "-" "Mozilla/5.0 (Linux; Android 6.0.1; Nexus 5X Build/MMB29P) AppleWebKit/537.36 (KHTML, like Gecko) Chrome/150.0.7871.46 Mobile Safari/537.36 (compatible; Googlebot/2.1; +http://www.google.com/bot.html)"
66.249.70.102 - - [11/Jul/2026:16:00:53 +0330] "GET /?path=//usr/libexec/openldap HTTP/1.1" 200 2550 "-" "Mozilla/5.0 (Linux; Android 6.0.1; Nexus 5X Build/MMB29P) AppleWebKit/537.36 (KHTML, like Gecko) Chrome/150.0.7871.46 Mobile Safari/537.36 (compatible; Googlebot/2.1; +http://www.google.com/bot.html)"
66.249.70.102 - - [11/Jul/2026:16:01:52 +0330] "GET /?path=//var/lib/mysql HTTP/1.1" 200 2543 "-" "Mozilla/5.0 (Linux; Android 6.0.1; Nexus 5X Build/MMB29P) AppleWebKit/537.36 (KHTML, like Gecko) Chrome/150.0.7871.46 Mobile Safari/537.36 (compatible; Googlebot/2.1; +http://www.google.com/bot.html)"
66.249.70.103 - - [11/Jul/2026:16:02:22 +0330] "GET /?fileloc=//etc/alternatives/pack200&path=//etc/alternatives HTTP/1.1" 200 5860 "-" "Mozilla/5.0 (Linux; Android 6.0.1; Nexus 5X Build/MMB29P) AppleWebKit/537.36 (KHTML, like Gecko) Chrome/150.0.7871.46 Mobile Safari/537.36 (compatible; GoogleOther)"
66.249.70.102 - - [11/Jul/2026:16:02:27 +0330] "GET /?path=//etc/alternatives/jre/lib HTTP/1.1" 200 3864 "-" "Mozilla/5.0 (Linux; Android 6.0.1; Nexus 5X Build/MMB29P) AppleWebKit/537.36 (KHTML, like Gecko) Chrome/150.0.7871.46 Mobile Safari/537.36 (compatible; Googlebot/2.1; +http://www.google.com/bot.html)"
66.249.70.101 - - [11/Jul/2026:16:03:54 +0330] "GET /?fileloc=//etc/alternatives/jre/LICENSE&path=//etc/alternatives/jre HTTP/1.1" 200 9736 "-" "Mozilla/5.0 (Linux; Android 6.0.1; Nexus 5X Build/MMB29P) AppleWebKit/537.36 (KHTML, like Gecko) Chrome/150.0.7871.46 Mobile Safari/537.36 (compatible; Googlebot/2.1; +http://www.google.com/bot.html)"
66.249.70.102 - - [11/Jul/2026:16:05:39 +0330] "GET /?path=//var/lib/spamassassin HTTP/1.1" 200 2832 "-" "Mozilla/5.0 (Linux; Android 6.0.1; Nexus 5X Build/MMB29P) AppleWebKit/537.36 (KHTML, like Gecko) Chrome/150.0.7871.46 Mobile Safari/537.36 (compatible; Googlebot/2.1; +http://www.google.com/bot.html)"
66.249.70.102 - - [11/Jul/2026:16:06:14 +0330] "GET /?fileloc=//etc/cl.nodejs/selector.json&path=//etc/cl.nodejs HTTP/1.1" 200 2537 "-" "Mozilla/5.0 (Linux; Android 6.0.1; Nexus 5X Build/MMB29P) AppleWebKit/537.36 (KHTML, like Gecko) Chrome/150.0.7871.46 Mobile Safari/537.36 (compatible; Googlebot/2.1; +http://www.google.com/bot.html)"
66.249.70.101 - - [11/Jul/2026:16:06:35 +0330] "GET /?fileloc=//etc/alternatives/jjs&path=//etc/alternatives HTTP/1.1" 200 5838 "-" "Mozilla/5.0 (Linux; Android 6.0.1; Nexus 5X Build/MMB29P) AppleWebKit/537.36 (KHTML, like Gecko) Chrome/150.0.7871.46 Mobile Safari/537.36 (compatible; GoogleOther)"
66.249.70.102 - - [11/Jul/2026:16:04:23 +0330] "GET /?fileloc=//etc/cl.nodejs/yum_cache.dat&path=//etc/cl.nodejs HTTP/1.1" 200 2529 "-" "Mozilla/5.0 (Linux; Android 6.0.1; Nexus 5X Build/MMB29P) AppleWebKit/537.36 (KHTML, like Gecko) Chrome/150.0.7871.46 Mobile Safari/537.36 (compatible; Googlebot/2.1; +http://www.google.com/bot.html)"
66.249.70.101 - - [11/Jul/2026:16:04:46 +0330] "GET /?path=//var/lib/proxyexec HTTP/1.1" 200 2799 "-" "Mozilla/5.0 (Linux; Android 6.0.1; Nexus 5X Build/MMB29P) AppleWebKit/537.36 (KHTML, like Gecko) Chrome/150.0.7871.46 Mobile Safari/537.36 (compatible; Googlebot/2.1; +http://www.google.com/bot.html)"
66.249.70.101 - - [11/Jul/2026:16:05:21 +0330] "GET /?path=//var/lib/net-snmp HTTP/1.1" 200 2838 "-" "Mozilla/5.0 (Linux; Android 6.0.1; Nexus 5X Build/MMB29P) AppleWebKit/537.36 (KHTML, like Gecko) Chrome/150.0.7871.46 Mobile Safari/537.36 (compatible; Googlebot/2.1; +http://www.google.com/bot.html)"
66.249.70.103 - - [11/Jul/2026:16:06:05 +0330] "GET /?fileloc=//etc/alternatives/servertool&path=//etc/alternatives HTTP/1.1" 200 5836 "-" "Mozilla/5.0 (Linux; Android 6.0.1; Nexus 5X Build/MMB29P) AppleWebKit/537.36 (KHTML, like Gecko) Chrome/150.0.7871.46 Mobile Safari/537.36 (compatible; GoogleOther)"
66.249.70.103 - - [11/Jul/2026:16:08:11 +0330] "GET /?fileloc=//var/cache/controlpanelname&path=//var/cache HTTP/1.1" 200 2491 "-" "Mozilla/5.0 (Linux; Android 6.0.1; Nexus 5X Build/MMB29P) AppleWebKit/537.36 (KHTML, like Gecko) Chrome/150.0.7871.46 Mobile Safari/537.36 (compatible; Googlebot/2.1; +http://www.google.com/bot.html)"
66.249.70.101 - - [11/Jul/2026:16:09:28 +0330] "GET /?path=//var/cpanel/php HTTP/1.1" 200 2794 "-" "Mozilla/5.0 (Linux; Android 6.0.1; Nexus 5X Build/MMB29P) AppleWebKit/537.36 (KHTML, like Gecko) Chrome/150.0.7871.46 Mobile Safari/537.36 (compatible; Googlebot/2.1; +http://www.google.com/bot.html)"
66.249.70.102 - - [11/Jul/2026:16:09:43 +0330] "GET /?path=//var/run/screen HTTP/1.1" 200 2536 "-" "Mozilla/5.0 (Linux; Android 6.0.1; Nexus 5X Build/MMB29P) AppleWebKit/537.36 (KHTML, like Gecko) Chrome/150.0.7871.46 Mobile Safari/537.36 (compatible; Googlebot/2.1; +http://www.google.com/bot.html)"
66.249.70.102 - - [11/Jul/2026:16:10:19 +0330] "GET /?path=//var/cache/php-eaccelerator HTTP/1.1" 200 2539 "-" "Mozilla/5.0 (Linux; Android 6.0.1; Nexus 5X Build/MMB29P) AppleWebKit/537.36 (KHTML, like Gecko) Chrome/150.0.7871.46 Mobile Safari/537.36 (compatible; Googlebot/2.1; +http://www.google.com/bot.html)"
66.249.70.102 - - [11/Jul/2026:16:10:28 +0330] "GET /?fileloc=//etc/alternatives/tnameserv&path=//etc/alternatives HTTP/1.1" 200 5976 "-" "Mozilla/5.0 (Linux; Android 6.0.1; Nexus 5X Build/MMB29P) AppleWebKit/537.36 (KHTML, like Gecko) Chrome/150.0.7871.46 Mobile Safari/537.36 (compatible; GoogleOther)"
66.249.70.101 - - [11/Jul/2026:16:10:38 +0330] "GET /?fileloc=//etc/alternatives/rmiregistry&path=//etc/alternatives HTTP/1.1" 200 5845 "-" "Mozilla/5.0 (Linux; Android 6.0.1; Nexus 5X Build/MMB29P) AppleWebKit/537.36 (KHTML, like Gecko) Chrome/150.0.7871.46 Mobile Safari/537.36 (compatible; GoogleOther)"
66.249.70.102 - - [11/Jul/2026:16:11:03 +0330] "GET /?path=//var/log/alt-php70-newrelic HTTP/1.1" 200 2542 "-" "Mozilla/5.0 (Linux; Android 6.0.1; Nexus 5X Build/MMB29P) AppleWebKit/537.36 (KHTML, like Gecko) Chrome/150.0.7871.46 Mobile Safari/537.36 (compatible; Googlebot/2.1; +http://www.google.com/bot.html)"
66.249.70.101 - - [11/Jul/2026:16:12:05 +0330] "GET /?path=//var/log/alt-php71-newrelic HTTP/1.1" 200 2542 "-" "Mozilla/5.0 (Linux; Android 6.0.1; Nexus 5X Build/MMB29P) AppleWebKit/537.36 (KHTML, like Gecko) Chrome/150.0.7871.46 Mobile Safari/537.36 (compatible; Googlebot/2.1; +http://www.google.com/bot.html)"
66.249.70.101 - - [11/Jul/2026:16:12:29 +0330] "GET /?path=//var/run/net-snmp HTTP/1.1" 200 2497 "-" "Mozilla/5.0 (Linux; Android 6.0.1; Nexus 5X Build/MMB29P) AppleWebKit/537.36 (KHTML, like Gecko) Chrome/150.0.7871.46 Mobile Safari/537.36 (compatible; Googlebot/2.1; +http://www.google.com/bot.html)"
66.249.70.102 - - [11/Jul/2026:16:07:52 +0330] "GET /?fileloc=//etc/alternatives/python3-man&path=//etc/alternatives HTTP/1.1" 200 7467 "-" "Mozilla/5.0 (Linux; Android 6.0.1; Nexus 5X Build/MMB29P) AppleWebKit/537.36 (KHTML, like Gecko) Chrome/150.0.7871.46 Mobile Safari/537.36 (compatible; GoogleOther)"
66.249.70.102 - - [11/Jul/2026:16:08:44 +0330] "GET /?path=//var/run/nscd HTTP/1.1" 200 2812 "-" "Mozilla/5.0 (Linux; Android 6.0.1; Nexus 5X Build/MMB29P) AppleWebKit/537.36 (KHTML, like Gecko) Chrome/150.0.7871.46 Mobile Safari/537.36 (compatible; Googlebot/2.1; +http://www.google.com/bot.html)"
66.249.70.101 - - [11/Jul/2026:16:09:56 +0330] "GET /?path=//var/log/alt-php56-newrelic HTTP/1.1" 200 2541 "-" "Mozilla/5.0 (Linux; Android 6.0.1; Nexus 5X Build/MMB29P) AppleWebKit/537.36 (KHTML, like Gecko) Chrome/150.0.7871.46 Mobile Safari/537.36 (compatible; Googlebot/2.1; +http://www.google.com/bot.html)"
66.249.70.101 - - [11/Jul/2026:16:10:33 +0330] "GET /?path=//etc/alternatives/jre_1.8.0 HTTP/1.1" 200 3069 "-" "Mozilla/5.0 (Linux; Android 6.0.1; Nexus 5X Build/MMB29P) AppleWebKit/537.36 (KHTML, like Gecko) Chrome/150.0.7871.46 Mobile Safari/537.36 (compatible; Googlebot/2.1; +http://www.google.com/bot.html)"
66.249.70.101 - - [11/Jul/2026:16:10:35 +0330] "GET /?path=//var/log/alt-php72-newrelic HTTP/1.1" 200 2542 "-" "Mozilla/5.0 (Linux; Android 6.0.1; Nexus 5X Build/MMB29P) AppleWebKit/537.36 (KHTML, like Gecko) Chrome/150.0.7871.46 Mobile Safari/537.36 (compatible; Googlebot/2.1; +http://www.google.com/bot.html)"
66.249.70.101 - - [11/Jul/2026:16:10:39 +0330] "GET /?fileloc=//usr/libexec/grepconf.sh&path=//usr/libexec HTTP/1.1" 200 2644 "-" "Mozilla/5.0 (Linux; Android 6.0.1; Nexus 5X Build/MMB29P) AppleWebKit/537.36 (KHTML, like Gecko) Chrome/150.0.7871.46 Mobile Safari/537.36 (compatible; Googlebot/2.1; +http://www.google.com/bot.html)"
66.249.70.101 - - [11/Jul/2026:16:10:49 +0330] "GET /?path=//var/lve/lveinfo.ver.cagefs HTTP/1.1" 200 2820 "-" "Mozilla/5.0 (Linux; Android 6.0.1; Nexus 5X Build/MMB29P) AppleWebKit/537.36 (KHTML, like Gecko) Chrome/150.0.7871.46 Mobile Safari/537.36 (compatible; Googlebot/2.1; +http://www.google.com/bot.html)"
66.249.70.102 - - [11/Jul/2026:16:11:38 +0330] "GET /?fileloc=//etc/alternatives/unpack200&path=//etc/alternatives HTTP/1.1" 200 91142 "-" "Mozilla/5.0 (Linux; Android 6.0.1; Nexus 5X Build/MMB29P) AppleWebKit/537.36 (KHTML, like Gecko) Chrome/150.0.7871.46 Mobile Safari/537.36 (compatible; GoogleOther)"
66.249.70.101 - - [11/Jul/2026:16:11:57 +0330] "GET /?fileloc=//var/lve/lveinfo.ver&path=//var/lve HTTP/1.1" 200 2497 "-" "Mozilla/5.0 (Linux; Android 6.0.1; Nexus 5X Build/MMB29P) AppleWebKit/537.36 (KHTML, like Gecko) Chrome/150.0.7871.46 Mobile Safari/537.36 (compatible; Googlebot/2.1; +http://www.google.com/bot.html)"
66.249.70.101 - - [11/Jul/2026:16:13:04 +0330] "GET /?path=//var/run/console HTTP/1.1" 200 2543 "-" "Mozilla/5.0 (Linux; Android 6.0.1; Nexus 5X Build/MMB29P) AppleWebKit/537.36 (KHTML, like Gecko) Chrome/150.0.7871.46 Mobile Safari/537.36 (compatible; Googlebot/2.1; +http://www.google.com/bot.html)"
66.249.70.102 - - [11/Jul/2026:16:13:35 +0330] "GET /?fileloc=//etc/alternatives/modules.csh&path=//etc/alternatives HTTP/1.1" 200 2540 "-" "Mozilla/5.0 (Linux; Android 6.0.1; Nexus 5X Build/MMB29P) AppleWebKit/537.36 (KHTML, like Gecko) Chrome/150.0.7871.46 Mobile Safari/537.36 (compatible; GoogleOther)"
66.249.70.102 - - [11/Jul/2026:16:13:48 +0330] "GET /?path=//var/cpanel/userdata HTTP/1.1" 200 2796 "-" "Mozilla/5.0 (Linux; Android 6.0.1; Nexus 5X Build/MMB29P) AppleWebKit/537.36 (KHTML, like Gecko) Chrome/150.0.7871.46 Mobile Safari/537.36 (compatible; Googlebot/2.1; +http://www.google.com/bot.html)"
66.249.70.101 - - [11/Jul/2026:16:14:07 +0330] "GET /?fileloc=//var/run/atd.pid&path=//var/run HTTP/1.1" 200 2493 "-" "Mozilla/5.0 (Linux; Android 6.0.1; Nexus 5X Build/MMB29P) AppleWebKit/537.36 (KHTML, like Gecko) Chrome/150.0.7871.46 Mobile Safari/537.36 (compatible; Googlebot/2.1; +http://www.google.com/bot.html)"
66.249.70.101 - - [11/Jul/2026:16:12:45 +0330] "GET /favicon.ico HTTP/1.1" 404 796 "-" "Googlebot-Image/1.0"
66.249.70.101 - - [11/Jul/2026:16:12:47 +0330] "GET /?fileloc=//var/run/utmp&path=//var/run HTTP/1.1" 200 2480 "-" "Mozilla/5.0 (Linux; Android 6.0.1; Nexus 5X Build/MMB29P) AppleWebKit/537.36 (KHTML, like Gecko) Chrome/150.0.7871.46 Mobile Safari/537.36 (compatible; Googlebot/2.1; +http://www.google.com/bot.html)"
66.249.70.101 - - [11/Jul/2026:16:13:17 +0330] "GET /?fileloc=//var/lve/rubygems&path=//var/lve HTTP/1.1" 200 944475 "-" "Mozilla/5.0 (Linux; Android 6.0.1; Nexus 5X Build/MMB29P) AppleWebKit/537.36 (KHTML, like Gecko) Chrome/150.0.7871.46 Mobile Safari/537.36 (compatible; Googlebot/2.1; +http://www.google.com/bot.html)"
66.249.70.101 - - [11/Jul/2026:16:13:26 +0330] "GET /?path=//var/lve/php.dat.d HTTP/1.1" 200 3177 "-" "Mozilla/5.0 (Linux; Android 6.0.1; Nexus 5X Build/MMB29P) AppleWebKit/537.36 (KHTML, like Gecko) Chrome/150.0.7871.46 Mobile Safari/537.36 (compatible; Googlebot/2.1; +http://www.google.com/bot.html)"
66.249.70.101 - - [11/Jul/2026:16:13:52 +0330] "GET /?fileloc=//usr/bin/infocmp&path=//usr/bin HTTP/1.1" 200 28716 "-" "Mozilla/5.0 (Linux; Android 6.0.1; Nexus 5X Build/MMB29P) AppleWebKit/537.36 (KHTML, like Gecko) Chrome/150.0.7871.46 Mobile Safari/537.36 (compatible; Googlebot/2.1; +http://www.google.com/bot.html)"
66.249.70.101 - - [11/Jul/2026:16:14:29 +0330] "GET /?fileloc=//usr/bin/sha1sum&path=//usr/bin HTTP/1.1" 200 20613 "-" "Mozilla/5.0 (Linux; Android 6.0.1; Nexus 5X Build/MMB29P) AppleWebKit/537.36 (KHTML, like Gecko) Chrome/150.0.7871.46 Mobile Safari/537.36 (compatible; Googlebot/2.1; +http://www.google.com/bot.html)"
66.249.70.103 - - [11/Jul/2026:16:15:09 +0330] "GET /?fileloc=//usr/bin/pwd&path=//usr/bin HTTP/1.1" 200 17354 "-" "Mozilla/5.0 (Linux; Android 6.0.1; Nexus 5X Build/MMB29P) AppleWebKit/537.36 (KHTML, like Gecko) Chrome/150.0.7871.46 Mobile Safari/537.36 (compatible; Googlebot/2.1; +http://www.google.com/bot.html)"
66.249.70.101 - - [11/Jul/2026:16:15:15 +0330] "GET /?fileloc=//usr/bin/fmt&path=//usr/bin HTTP/1.1" 200 20791 "-" "Mozilla/5.0 (Linux; Android 6.0.1; Nexus 5X Build/MMB29P) AppleWebKit/537.36 (KHTML, like Gecko) Chrome/150.0.7871.46 Mobile Safari/537.36 (compatible; Googlebot/2.1; +http://www.google.com/bot.html)"
66.249.70.101 - - [11/Jul/2026:16:15:25 +0330] "GET /?u=28980510464541 HTTP/1.1" 200 3769 "-" "Mozilla/5.0 (Linux; Android 6.0.1; Nexus 5X Build/MMB29P) AppleWebKit/537.36 (KHTML, like Gecko) Chrome/150.0.7871.46 Mobile Safari/537.36 (compatible; GoogleOther)"
66.249.70.101 - - [11/Jul/2026:16:15:30 +0330] "GET /?fileloc=//usr/bin/ssh-keygen&path=//usr/bin HTTP/1.1" 200 165627 "-" "Mozilla/5.0 (Linux; Android 6.0.1; Nexus 5X Build/MMB29P) AppleWebKit/537.36 (KHTML, like Gecko) Chrome/150.0.7871.46 Mobile Safari/537.36 (compatible; Googlebot/2.1; +http://www.google.com/bot.html)"
66.249.70.101 - - [11/Jul/2026:16:15:39 +0330] "GET /?fileloc=/home/ddir12/.gemrc&path=/home/ddir12 HTTP/1.1" 200 2564 "-" "Mozilla/5.0 (Linux; Android 6.0.1; Nexus 5X Build/MMB29P) AppleWebKit/537.36 (KHTML, like Gecko) Chrome/150.0.7871.46 Mobile Safari/537.36 (compatible; GoogleOther)"
66.249.70.101 - - [11/Jul/2026:16:17:37 +0330] "GET /?fileloc=/home/ddir12/.spamassassinenable&path=/home/ddir12 HTTP/1.1" 200 2472 "-" "Mozilla/5.0 (Linux; Android 6.0.1; Nexus 5X Build/MMB29P) AppleWebKit/537.36 (KHTML, like Gecko) Chrome/150.0.7871.46 Mobile Safari/537.36 (compatible; GoogleOther)"
66.249.70.101 - - [11/Jul/2026:16:17:48 +0330] "GET /?fileloc=//etc/alternatives/python3&path=//etc/alternatives HTTP/1.1" 200 6229 "-" "Mozilla/5.0 (Linux; Android 6.0.1; Nexus 5X Build/MMB29P) AppleWebKit/537.36 (KHTML, like Gecko) Chrome/150.0.7871.46 Mobile Safari/537.36 (compatible; GoogleOther)"
66.249.70.102 - - [11/Jul/2026:16:14:12 +0330] "GET /?fileloc=//usr/bin/cal&path=//usr/bin HTTP/1.1" 200 28479 "-" "Mozilla/5.0 (Linux; Android 6.0.1; Nexus 5X Build/MMB29P) AppleWebKit/537.36 (KHTML, like Gecko) Chrome/150.0.7871.46 Mobile Safari/537.36 (compatible; Googlebot/2.1; +http://www.google.com/bot.html)"
66.249.70.101 - - [11/Jul/2026:16:14:35 +0330] "GET /?fileloc=//etc/alternatives/java&path=//etc/alternatives HTTP/1.1" 200 5729 "-" "Mozilla/5.0 (Linux; Android 6.0.1; Nexus 5X Build/MMB29P) AppleWebKit/537.36 (KHTML, like Gecko) Chrome/150.0.7871.46 Mobile Safari/537.36 (compatible; GoogleOther)"
66.249.70.101 - - [11/Jul/2026:16:14:40 +0330] "GET /?fileloc=//usr/bin/h2ph&path=//usr/bin HTTP/1.1" 200 13220 "-" "Mozilla/5.0 (Linux; Android 6.0.1; Nexus 5X Build/MMB29P) AppleWebKit/537.36 (KHTML, like Gecko) Chrome/150.0.7871.46 Mobile Safari/537.36 (compatible; Googlebot/2.1; +http://www.google.com/bot.html)"
66.249.70.101 - - [11/Jul/2026:16:15:50 +0330] "GET /?fileloc=//usr/bin/mysqldump&path=//usr/bin HTTP/1.1" 200 788875 "-" "Mozilla/5.0 (Linux; Android 6.0.1; Nexus 5X Build/MMB29P) AppleWebKit/537.36 (KHTML, like Gecko) Chrome/150.0.7871.46 Mobile Safari/537.36 (compatible; Googlebot/2.1; +http://www.google.com/bot.html)"
66.249.70.102 - - [11/Jul/2026:16:16:02 +0330] "GET /?fileloc=//usr/bin/readelf&path=//usr/bin HTTP/1.1" 200 239835 "-" "Mozilla/5.0 (Linux; Android 6.0.1; Nexus 5X Build/MMB29P) AppleWebKit/537.36 (KHTML, like Gecko) Chrome/150.0.7871.46 Mobile Safari/537.36 (compatible; Googlebot/2.1; +http://www.google.com/bot.html)"
66.249.70.101 - - [11/Jul/2026:16:16:24 +0330] "GET /?fileloc=//usr/bin/xargs&path=//usr/bin HTTP/1.1" 200 33823 "-" "Mozilla/5.0 (Linux; Android 6.0.1; Nexus 5X Build/MMB29P) AppleWebKit/537.36 (KHTML, like Gecko) Chrome/150.0.7871.46 Mobile Safari/537.36 (compatible; Googlebot/2.1; +http://www.google.com/bot.html)"
66.249.70.101 - - [11/Jul/2026:16:16:42 +0330] "GET /?fileloc=//usr/bin/fc-cat&path=//usr/bin HTTP/1.1" 200 8098 "-" "Mozilla/5.0 (Linux; Android 6.0.1; Nexus 5X Build/MMB29P) AppleWebKit/537.36 (KHTML, like Gecko) Chrome/150.0.7871.46 Mobile Safari/537.36 (compatible; Googlebot/2.1; +http://www.google.com/bot.html)"
