216.73.217.165 - - [11/Jul/2026:19:03:54 +0330] "GET /sitemap.xml?fileloc=%2Fhome%2Fddir12%2Fpublic_html%2Fwp-admin%2Fincludes%2Ftemplate.php&path=%2Fhome%2Fddir12%2Fpublic_html%2Fwp-admin%2Fincludes HTTP/2" 200 29452 "-" "Mozilla/5.0 AppleWebKit/537.36 (KHTML, like Gecko; compatible; ClaudeBot/1.0; +claudebot@anthropic.com)"
216.73.217.165 - - [11/Jul/2026:19:03:54 +0330] "GET /sitemap.xml?fileloc=%2Fhome%2Fddir12%2Fpublic_html%2Fwp-admin%2Fincludes%2Fimage-edit.php&path=%2Fhome%2Fddir12%2Fpublic_html%2Fwp-admin%2Fincludes HTTP/2" 200 12898 "-" "Mozilla/5.0 AppleWebKit/537.36 (KHTML, like Gecko; compatible; ClaudeBot/1.0; +claudebot@anthropic.com)"
216.73.217.165 - - [11/Jul/2026:19:03:54 +0330] "GET /sitemap.xml?fileloc=%2F%2Flib64%2Flibasprintf.so&path=%2F%2Flib64 HTTP/2" 200 6380 "-" "Mozilla/5.0 AppleWebKit/537.36 (KHTML, like Gecko; compatible; ClaudeBot/1.0; +claudebot@anthropic.com)"
216.73.217.165 - - [11/Jul/2026:19:03:55 +0330] "GET /sitemap.xml?fileloc=%2Fhome%2Fddir12%2Fpublic_html%2Fwp-admin%2Fcss%2Ffarbtastic.min.css&path=%2Fhome%2Fddir12%2Fpublic_html%2Fwp-admin%2Fcss HTTP/2" 200 2701 "-" "Mozilla/5.0 AppleWebKit/537.36 (KHTML, like Gecko; compatible; ClaudeBot/1.0; +claudebot@anthropic.com)"
216.73.217.165 - - [11/Jul/2026:19:03:55 +0330] "GET /sitemap.xml?fileloc=%2Fhome%2Fddir12%2Fpublic_html%2Fwp-includes%2Fcustomize%2Fclass-wp-customize-nav-menu-section.php&path=%2Fhome%2Fddir12%2Fpublic_html%2Fwp-includes%2Fcustomize HTTP/2" 200 2866 "-" "Mozilla/5.0 AppleWebKit/537.36 (KHTML, like Gecko; compatible; ClaudeBot/1.0; +claudebot@anthropic.com)"
216.73.217.165 - - [11/Jul/2026:19:03:55 +0330] "GET /sitemap.xml?fileloc=%2Fhome%2Fddir12%2Fpublic_html%2Fwp-admin%2Fnetwork%2Fmenu.php&path=%2Fhome%2Fddir12%2Fpublic_html%2Fwp-admin%2Fnetwork HTTP/2" 200 3792 "-" "Mozilla/5.0 AppleWebKit/537.36 (KHTML, like Gecko; compatible; ClaudeBot/1.0; +claudebot@anthropic.com)"
216.73.217.165 - - [11/Jul/2026:19:03:36 +0330] "GET /sitemap.xml?fileloc=%2F%2Fbin%2Fpinentry-curses&path=%2F%2Fbin HTTP/2" 200 33079 "-" "Mozilla/5.0 AppleWebKit/537.36 (KHTML, like Gecko; compatible; ClaudeBot/1.0; +claudebot@anthropic.com)"
216.73.217.165 - - [11/Jul/2026:19:03:36 +0330] "GET /sitemap.xml?fileloc=%2Fhome%2Fddir12%2Fpublic_html%2Fwp-includes%2Fcustomize%2Fclass-wp-customize-partial.php&path=%2Fhome%2Fddir12%2Fpublic_html%2Fwp-includes%2Fcustomize HTTP/2" 200 5412 "-" "Mozilla/5.0 AppleWebKit/537.36 (KHTML, like Gecko; compatible; ClaudeBot/1.0; +claudebot@anthropic.com)"
216.73.217.165 - - [11/Jul/2026:19:03:36 +0330] "GET /sitemap.xml?fileloc=%2Fhome%2Fddir12%2Fpublic_html%2Fwp-includes%2Fcss%2Fadmin-bar.css&path=%2Fhome%2Fddir12%2Fpublic_html%2Fwp-includes%2Fcss HTTP/2" 200 7665 "-" "Mozilla/5.0 AppleWebKit/537.36 (KHTML, like Gecko; compatible; ClaudeBot/1.0; +claudebot@anthropic.com)"
216.73.217.165 - - [11/Jul/2026:19:03:35 +0330] "GET /sitemap.xml?fileloc=%2F%2Fbin%2Fmy_print_defaults&path=%2F%2Fbin HTTP/2" 200 648999 "-" "Mozilla/5.0 AppleWebKit/537.36 (KHTML, like Gecko; compatible; ClaudeBot/1.0; +claudebot@anthropic.com)"
91.137.27.140 - - [11/Jul/2026:19:03:38 +0330] "GET /category/%D8%AF%D8%B3%D8%AA%D9%87%D8%A8%D9%86%D8%AF%DB%8C-%D9%86%D8%B4%D8%AF%D9%87/?fileloc=/home/ddir12/public_html/.htaccess.bak-20260701&path=/home/ddir12/public_html HTTP/1.1" 200 2943 "-" "Mozilla/5.0 (compatible; MJ12bot/v1.4.8; http://mj12bot.com/)"
66.249.70.101 - - [11/Jul/2026:19:03:38 +0330] "GET /?fileloc=//lib64/libpangocairo-1.0.so.0.4200.3&path=//lib64 HTTP/1.1" 200 22906 "-" "Mozilla/5.0 (Linux; Android 6.0.1; Nexus 5X Build/MMB29P) AppleWebKit/537.36 (KHTML, like Gecko) Chrome/150.0.7871.46 Mobile Safari/537.36 (compatible; Googlebot/2.1; +http://www.google.com/bot.html)"
91.137.27.140 - - [11/Jul/2026:19:03:41 +0330] "GET /category/%D8%AF%D8%B3%D8%AA%D9%87%D8%A8%D9%86%D8%AF%DB%8C-%D9%86%D8%B4%D8%AF%D9%87/?fileloc=/home/ddir12/public_html/.htaccess.bk&path=/home/ddir12/public_html HTTP/1.1" 200 2933 "-" "Mozilla/5.0 (compatible; MJ12bot/v1.4.8; http://mj12bot.com/)"
91.137.27.140 - - [11/Jul/2026:19:03:44 +0330] "GET /category/%D8%AF%D8%B3%D8%AA%D9%87%D8%A8%D9%86%D8%AF%DB%8C-%D9%86%D8%B4%D8%AF%D9%87/?fileloc=/home/ddir12/public_html/error_log&path=/home/ddir12/public_html HTTP/1.1" 200 3728 "-" "Mozilla/5.0 (compatible; MJ12bot/v1.4.8; http://mj12bot.com/)"
91.137.27.140 - - [11/Jul/2026:19:03:48 +0330] "GET /category/%D8%AF%D8%B3%D8%AA%D9%87%D8%A8%D9%86%D8%AF%DB%8C-%D9%86%D8%B4%D8%AF%D9%87/?fileloc=/home/ddir12/public_html/index.php&path=/home/ddir12/public_html HTTP/1.1" 200 2701 "-" "Mozilla/5.0 (compatible; MJ12bot/v1.4.8; http://mj12bot.com/)"
66.249.70.101 - - [11/Jul/2026:19:03:50 +0330] "GET /?fileloc=//lib64/libX11-xcb.so.1.0.0&path=//lib64 HTTP/1.1" 200 5070 "-" "Mozilla/5.0 (Linux; Android 6.0.1; Nexus 5X Build/MMB29P) AppleWebKit/537.36 (KHTML, like Gecko) Chrome/150.0.7871.46 Mobile Safari/537.36 (compatible; Googlebot/2.1; +http://www.google.com/bot.html)"
91.137.27.140 - - [11/Jul/2026:19:03:51 +0330] "GET /category/%D8%AF%D8%B3%D8%AA%D9%87%D8%A8%D9%86%D8%AF%DB%8C-%D9%86%D8%B4%D8%AF%D9%87/?fileloc=/home/ddir12/public_html/kkfmm.php&path=/home/ddir12/public_html HTTP/1.1" 200 6099 "-" "Mozilla/5.0 (compatible; MJ12bot/v1.4.8; http://mj12bot.com/)"
66.249.70.101 - - [11/Jul/2026:19:03:52 +0330] "GET /?fileloc=//lib64/libxcb-damage.so.0.0.0&path=//lib64 HTTP/1.1" 200 6071 "-" "Mozilla/5.0 (Linux; Android 6.0.1; Nexus 5X Build/MMB29P) AppleWebKit/537.36 (KHTML, like Gecko) Chrome/150.0.7871.46 Mobile Safari/537.36 (compatible; Googlebot/2.1; +http://www.google.com/bot.html)"
91.137.27.140 - - [11/Jul/2026:19:03:55 +0330] "GET /category/%D8%AF%D8%B3%D8%AA%D9%87%D8%A8%D9%86%D8%AF%DB%8C-%D9%86%D8%B4%D8%AF%D9%87/?fileloc=/home/ddir12/public_html/license.txt&path=/home/ddir12/public_html HTTP/1.1" 200 9860 "-" "Mozilla/5.0 (compatible; MJ12bot/v1.4.8; http://mj12bot.com/)"
216.73.217.165 - - [11/Jul/2026:19:03:58 +0330] "GET /sitemap.xml?fileloc=%2Fhome%2Fddir12%2Fpublic_html%2Fwp-includes%2Fcss%2Fjquery-ui-dialog.min.css&path=%2Fhome%2Fddir12%2Fpublic_html%2Fwp-includes%2Fcss HTTP/2" 200 3959 "-" "Mozilla/5.0 AppleWebKit/537.36 (KHTML, like Gecko; compatible; ClaudeBot/1.0; +claudebot@anthropic.com)"
216.73.217.165 - - [11/Jul/2026:19:03:58 +0330] "GET /sitemap.xml?fileloc=%2Fhome%2Fddir12%2Fpublic_html%2Fwp-includes%2Fcss%2Fjquery-ui-dialog-rtl.css&path=%2Fhome%2Fddir12%2Fpublic_html%2Fwp-includes%2Fcss HTTP/2" 200 4271 "-" "Mozilla/5.0 AppleWebKit/537.36 (KHTML, like Gecko; compatible; ClaudeBot/1.0; +claudebot@anthropic.com)"
216.73.217.165 - - [11/Jul/2026:19:03:58 +0330] "GET /sitemap.xml?fileloc=%2F%2Flib64%2Flibxmlrpc_server_abyss.so.3&path=%2F%2Flib64 HTTP/2" 200 13746 "-" "Mozilla/5.0 AppleWebKit/537.36 (KHTML, like Gecko; compatible; ClaudeBot/1.0; +claudebot@anthropic.com)"
216.73.217.165 - - [11/Jul/2026:19:03:58 +0330] "GET /sitemap.xml?fileloc=%2F%2Flib64%2Flibexpect.so&path=%2F%2Flib64 HTTP/2" 200 87398 "-" "Mozilla/5.0 AppleWebKit/537.36 (KHTML, like Gecko; compatible; ClaudeBot/1.0; +claudebot@anthropic.com)"
91.137.27.140 - - [11/Jul/2026:19:03:58 +0330] "GET /category/%D8%AF%D8%B3%D8%AA%D9%87%D8%A8%D9%86%D8%AF%DB%8C-%D9%86%D8%B4%D8%AF%D9%87/?fileloc=/home/ddir12/public_html/readme.html&path=/home/ddir12/public_html HTTP/1.1" 200 5517 "-" "Mozilla/5.0 (compatible; MJ12bot/v1.4.8; http://mj12bot.com/)"
216.73.217.165 - - [11/Jul/2026:19:03:58 +0330] "GET /sitemap.xml?fileloc=%2Fhome%2Fddir12%2Fpublic_html%2Fwp-admin%2Fnetwork%2Fsites.php&path=%2Fhome%2Fddir12%2Fpublic_html%2Fwp-admin%2Fnetwork HTTP/2" 200 6922 "-" "Mozilla/5.0 AppleWebKit/537.36 (KHTML, like Gecko; compatible; ClaudeBot/1.0; +claudebot@anthropic.com)"
216.73.217.165 - - [11/Jul/2026:19:03:58 +0330] "GET /sitemap.xml?fileloc=%2Fhome%2Fddir12%2Fpublic_html%2Fwp-admin%2Fincludes%2Fupgrade.php&path=%2Fhome%2Fddir12%2Fpublic_html%2Fwp-admin%2Fincludes HTTP/2" 200 31898 "-" "Mozilla/5.0 AppleWebKit/537.36 (KHTML, like Gecko; compatible; ClaudeBot/1.0; +claudebot@anthropic.com)"
216.73.217.165 - - [11/Jul/2026:19:03:58 +0330] "GET /sitemap.xml?fileloc=%2F%2Flib64%2Flibkeyutils.so.1.6&path=%2F%2Flib64 HTTP/2" 200 8977 "-" "Mozilla/5.0 AppleWebKit/537.36 (KHTML, like Gecko; compatible; ClaudeBot/1.0; +claudebot@anthropic.com)"
216.73.217.165 - - [11/Jul/2026:19:03:58 +0330] "GET /sitemap.xml?fileloc=%2Fhome%2Fddir12%2Fpublic_html%2Fwp-includes%2Ftheme-compat%2Fsidebar.php&path=%2Fhome%2Fddir12%2Fpublic_html%2Fwp-includes%2Ftheme-compat HTTP/2" 200 3917 "-" "Mozilla/5.0 AppleWebKit/537.36 (KHTML, like Gecko; compatible; ClaudeBot/1.0; +claudebot@anthropic.com)"
216.73.217.165 - - [11/Jul/2026:19:03:58 +0330] "GET /sitemap.xml?fileloc=%2F%2Flib64%2Flibdevmapper-event-lvm2snapshot.so&path=%2F%2Flib64 HTTP/2" 200 8229 "-" "Mozilla/5.0 AppleWebKit/537.36 (KHTML, like Gecko; compatible; ClaudeBot/1.0; +claudebot@anthropic.com)"
216.73.217.165 - - [11/Jul/2026:19:03:59 +0330] "GET /sitemap.xml?fileloc=%2Fhome%2Fddir12%2Fpublic_html%2Fwp-includes%2Fblocks%2Fcomment-reply-link.php&path=%2Fhome%2Fddir12%2Fpublic_html%2Fwp-includes%2Fblocks HTTP/2" 200 3300 "-" "Mozilla/5.0 AppleWebKit/537.36 (KHTML, like Gecko; compatible; ClaudeBot/1.0; +claudebot@anthropic.com)"
216.73.217.165 - - [11/Jul/2026:19:03:58 +0330] "GET /sitemap.xml?fileloc=%2F%2Flib64%2Flibext2fs.so.2&path=%2F%2Flib64 HTTP/2" 200 185816 "-" "Mozilla/5.0 AppleWebKit/537.36 (KHTML, like Gecko; compatible; ClaudeBot/1.0; +claudebot@anthropic.com)"
216.73.217.165 - - [11/Jul/2026:19:03:59 +0330] "GET /sitemap.xml?fileloc=%2Fhome%2Fddir12%2Fpublic_html%2Fwp-includes%2Fcss%2Fwp-embed-template-ie.min.css&path=%2Fhome%2Fddir12%2Fpublic_html%2Fwp-includes%2Fcss HTTP/2" 200 2537 "-" "Mozilla/5.0 AppleWebKit/537.36 (KHTML, like Gecko; compatible; ClaudeBot/1.0; +claudebot@anthropic.com)"
216.73.217.165 - - [11/Jul/2026:19:04:00 +0330] "GET /sitemap.xml?fileloc=%2Fhome%2Fddir12%2Fpublic_html%2Fwp-includes%2Fblocks%2Ffootnotes.php&path=%2Fhome%2Fddir12%2Fpublic_html%2Fwp-includes%2Fblocks HTTP/2" 200 3889 "-" "Mozilla/5.0 AppleWebKit/537.36 (KHTML, like Gecko; compatible; ClaudeBot/1.0; +claudebot@anthropic.com)"
216.73.217.165 - - [11/Jul/2026:19:03:58 +0330] "GET /sitemap.xml?fileloc=%2Fhome%2Fddir12%2Fpublic_html%2Fwp-admin%2Fnetwork%2Fupgrade.php&path=%2Fhome%2Fddir12%2Fpublic_html%2Fwp-admin%2Fnetwork HTTP/2" 200 4651 "-" "Mozilla/5.0 AppleWebKit/537.36 (KHTML, like Gecko; compatible; ClaudeBot/1.0; +claudebot@anthropic.com)"
216.73.217.165 - - [11/Jul/2026:19:04:00 +0330] "GET /sitemap.xml?fileloc=%2Fhome%2Fddir12%2Fpublic_html%2Fwp-admin%2Fcss%2Fthemes-rtl.min.css&path=%2Fhome%2Fddir12%2Fpublic_html%2Fwp-admin%2Fcss HTTP/2" 200 9320 "-" "Mozilla/5.0 AppleWebKit/537.36 (KHTML, like Gecko; compatible; ClaudeBot/1.0; +claudebot@anthropic.com)"
216.73.217.165 - - [11/Jul/2026:19:04:00 +0330] "GET /sitemap.xml?fileloc=%2Fhome%2Fddir12%2Fpublic_html%2Fwp-admin%2Fcss%2Fcolor-picker.css&path=%2Fhome%2Fddir12%2Fpublic_html%2Fwp-admin%2Fcss HTTP/2" 200 3448 "-" "Mozilla/5.0 AppleWebKit/537.36 (KHTML, like Gecko; compatible; ClaudeBot/1.0; +claudebot@anthropic.com)"
216.73.217.165 - - [11/Jul/2026:19:04:00 +0330] "GET /sitemap.xml?fileloc=%2F%2Flib64%2Flibxmlrpc.so.3.51&path=%2F%2Flib64 HTTP/2" 200 46168 "-" "Mozilla/5.0 AppleWebKit/537.36 (KHTML, like Gecko; compatible; ClaudeBot/1.0; +claudebot@anthropic.com)"
216.73.217.165 - - [11/Jul/2026:19:04:00 +0330] "GET /sitemap.xml?fileloc=%2Fhome%2Fddir12%2Fpublic_html%2Fwp-admin%2Fnetwork%2Fthemes.php&path=%2Fhome%2Fddir12%2Fpublic_html%2Fwp-admin%2Fnetwork HTTP/2" 200 7086 "-" "Mozilla/5.0 AppleWebKit/537.36 (KHTML, like Gecko; compatible; ClaudeBot/1.0; +claudebot@anthropic.com)"
216.73.217.165 - - [11/Jul/2026:19:04:00 +0330] "GET /sitemap.xml?fileloc=%2Fhome%2Fddir12%2Fpublic_html%2Fwp-includes%2FID3%2Fmodule.audio.mp3.php&path=%2Fhome%2Fddir12%2Fpublic_html%2Fwp-includes%2FID3 HTTP/2" 200 25051 "-" "Mozilla/5.0 AppleWebKit/537.36 (KHTML, like Gecko; compatible; ClaudeBot/1.0; +claudebot@anthropic.com)"
216.73.217.165 - - [11/Jul/2026:19:04:00 +0330] "GET /sitemap.xml?fileloc=%2Fhome%2Fddir12%2Fpublic_html%2Fwp-includes%2Fjs%2Fshortcode.js&path=%2Fhome%2Fddir12%2Fpublic_html%2Fwp-includes%2Fjs HTTP/2" 200 6203 "-" "Mozilla/5.0 AppleWebKit/537.36 (KHTML, like Gecko; compatible; ClaudeBot/1.0; +claudebot@anthropic.com)"
216.73.217.165 - - [11/Jul/2026:19:04:00 +0330] "GET /sitemap.xml?fileloc=%2F%2Fbin%2Fperlivp&path=%2F%2Fbin HTTP/2" 200 6230 "-" "Mozilla/5.0 AppleWebKit/537.36 (KHTML, like Gecko; compatible; ClaudeBot/1.0; +claudebot@anthropic.com)"
216.73.217.165 - - [11/Jul/2026:19:04:01 +0330] "GET /sitemap.xml?fileloc=%2Fhome%2Fddir12%2Fpublic_html%2Fwp-includes%2FID3%2Fmodule.audio.flac.php&path=%2Fhome%2Fddir12%2Fpublic_html%2Fwp-includes%2FID3 HTTP/2" 200 7678 "-" "Mozilla/5.0 AppleWebKit/537.36 (KHTML, like Gecko; compatible; ClaudeBot/1.0; +claudebot@anthropic.com)"
216.73.217.165 - - [11/Jul/2026:19:04:01 +0330] "GET /sitemap.xml?fileloc=%2Fhome%2Fddir12%2Fpublic_html%2Fwp-admin%2Fcss%2Fsite-icon.css&path=%2Fhome%2Fddir12%2Fpublic_html%2Fwp-admin%2Fcss HTTP/2" 200 3648 "-" "Mozilla/5.0 AppleWebKit/537.36 (KHTML, like Gecko; compatible; ClaudeBot/1.0; +claudebot@anthropic.com)"
216.73.217.165 - - [11/Jul/2026:19:04:01 +0330] "GET /sitemap.xml?fileloc=%2Fhome%2Fddir12%2Fpublic_html%2Fwp-includes%2FID3%2Fmodule.audio.dts.php&path=%2Fhome%2Fddir12%2Fpublic_html%2Fwp-includes%2FID3 HTTP/2" 200 5535 "-" "Mozilla/5.0 AppleWebKit/537.36 (KHTML, like Gecko; compatible; ClaudeBot/1.0; +claudebot@anthropic.com)"
216.73.217.165 - - [11/Jul/2026:19:04:01 +0330] "GET /sitemap.xml?fileloc=%2F%2Flib64%2Flibfuse.so.2&path=%2F%2Flib64 HTTP/2" 200 76421 "-" "Mozilla/5.0 AppleWebKit/537.36 (KHTML, like Gecko; compatible; ClaudeBot/1.0; +claudebot@anthropic.com)"
216.73.217.165 - - [11/Jul/2026:19:04:01 +0330] "GET /sitemap.xml?fileloc=%2Fhome%2Fddir12%2Fpublic_html%2Fwp-admin%2Fincludes%2Ftaxonomy.php&path=%2Fhome%2Fddir12%2Fpublic_html%2Fwp-admin%2Fincludes HTTP/2" 200 5003 "-" "Mozilla/5.0 AppleWebKit/537.36 (KHTML, like Gecko; compatible; ClaudeBot/1.0; +claudebot@anthropic.com)"
216.73.217.165 - - [11/Jul/2026:19:04:01 +0330] "GET /sitemap.xml?fileloc=%2F%2Flib64%2Flibgcrypt.so&path=%2F%2Flib64 HTTP/2" 200 410144 "-" "Mozilla/5.0 AppleWebKit/537.36 (KHTML, like Gecko; compatible; ClaudeBot/1.0; +claudebot@anthropic.com)"
216.73.217.165 - - [11/Jul/2026:19:04:01 +0330] "GET /sitemap.xml?fileloc=%2Fhome%2Fddir12%2Fpublic_html%2Fwp-includes%2Fwidgets%2Fclass-wp-widget-archives.php&path=%2Fhome%2Fddir12%2Fpublic_html%2Fwp-includes%2Fwidgets HTTP/2" 200 4867 "-" "Mozilla/5.0 AppleWebKit/537.36 (KHTML, like Gecko; compatible; ClaudeBot/1.0; +claudebot@anthropic.com)"
216.73.217.165 - - [11/Jul/2026:19:04:01 +0330] "GET /sitemap.xml?fileloc=%2Fhome%2Fddir12%2Fpublic_html%2Fwp-admin%2Fnetwork%2Fprivacy.php&path=%2Fhome%2Fddir12%2Fpublic_html%2Fwp-admin%2Fnetwork HTTP/2" 200 2660 "-" "Mozilla/5.0 AppleWebKit/537.36 (KHTML, like Gecko; compatible; ClaudeBot/1.0; +claudebot@anthropic.com)"
216.73.217.165 - - [11/Jul/2026:19:04:01 +0330] "GET /sitemap.xml?fileloc=%2F%2Flib64%2Flibcap.so.2&path=%2F%2Flib64 HTTP/2" 200 16422 "-" "Mozilla/5.0 AppleWebKit/537.36 (KHTML, like Gecko; compatible; ClaudeBot/1.0; +claudebot@anthropic.com)"
216.73.217.165 - - [11/Jul/2026:19:04:02 +0330] "GET /sitemap.xml?fileloc=%2Fhome%2Fddir12%2Fpublic_html%2Fwp-admin%2Fnetwork%2Fuser-new.php&path=%2Fhome%2Fddir12%2Fpublic_html%2Fwp-admin%2Fnetwork HTTP/2" 200 4692 "-" "Mozilla/5.0 AppleWebKit/537.36 (KHTML, like Gecko; compatible; ClaudeBot/1.0; +claudebot@anthropic.com)"
91.137.27.140 - - [11/Jul/2026:19:04:02 +0330] "GET /category/%D8%AF%D8%B3%D8%AA%D9%87%D8%A8%D9%86%D8%AF%DB%8C-%D9%86%D8%B4%D8%AF%D9%87/?fileloc=/home/ddir12/public_html/robots.txt&path=/home/ddir12/public_html HTTP/1.1" 200 2475 "-" "Mozilla/5.0 (compatible; MJ12bot/v1.4.8; http://mj12bot.com/)"
216.73.217.165 - - [11/Jul/2026:19:04:01 +0330] "GET /sitemap.xml?fileloc=%2F%2Fbin%2Fmysqlimport&path=%2F%2Fbin HTTP/2" 200 746258 "-" "Mozilla/5.0 AppleWebKit/537.36 (KHTML, like Gecko; compatible; ClaudeBot/1.0; +claudebot@anthropic.com)"
216.73.217.165 - - [11/Jul/2026:19:04:01 +0330] "GET /sitemap.xml?fileloc=%2F%2Flib64%2Flibcgraph.so.6&path=%2F%2Flib64 HTTP/2" 200 43261 "-" "Mozilla/5.0 AppleWebKit/537.36 (KHTML, like Gecko; compatible; ClaudeBot/1.0; +claudebot@anthropic.com)"
216.73.217.165 - - [11/Jul/2026:19:04:02 +0330] "GET /sitemap.xml?fileloc=%2F%2Flib64%2Flibseccomp.so.2&path=%2F%2Flib64 HTTP/2" 200 47214 "-" "Mozilla/5.0 AppleWebKit/537.36 (KHTML, like Gecko; compatible; ClaudeBot/1.0; +claudebot@anthropic.com)"
216.73.217.165 - - [11/Jul/2026:19:04:02 +0330] "GET /sitemap.xml?fileloc=%2Fhome%2Fddir12%2Fpublic_html%2Fwp-includes%2Fcss%2Fwp-auth-check-rtl.css&path=%2Fhome%2Fddir12%2Fpublic_html%2Fwp-includes%2Fcss HTTP/2" 200 3275 "-" "Mozilla/5.0 AppleWebKit/537.36 (KHTML, like Gecko; compatible; ClaudeBot/1.0; +claudebot@anthropic.com)"
216.73.217.165 - - [11/Jul/2026:19:04:02 +0330] "GET /sitemap.xml?fileloc=%2Fhome%2Fddir12%2Fpublic_html%2Fwp-includes%2Fblocks%2Fterm-count.php&path=%2Fhome%2Fddir12%2Fpublic_html%2Fwp-includes%2Fblocks HTTP/2" 200 3269 "-" "Mozilla/5.0 AppleWebKit/537.36 (KHTML, like Gecko; compatible; ClaudeBot/1.0; +claudebot@anthropic.com)"
216.73.217.165 - - [11/Jul/2026:19:04:03 +0330] "GET /sitemap.xml?fileloc=%2Fhome%2Fddir12%2Fpublic_html%2Fwp-admin%2Fuser%2Fabout.php&path=%2Fhome%2Fddir12%2Fpublic_html%2Fwp-admin%2Fuser HTTP/2" 200 2661 "-" "Mozilla/5.0 AppleWebKit/537.36 (KHTML, like Gecko; compatible; ClaudeBot/1.0; +claudebot@anthropic.com)"
216.73.217.165 - - [11/Jul/2026:19:04:03 +0330] "GET /sitemap.xml?fileloc=%2F%2Flib64%2Flibpkgconf.so.3&path=%2F%2Flib64 HTTP/2" 200 25250 "-" "Mozilla/5.0 AppleWebKit/537.36 (KHTML, like Gecko; compatible; ClaudeBot/1.0; +claudebot@anthropic.com)"
216.73.217.165 - - [11/Jul/2026:19:04:03 +0330] "GET /sitemap.xml?fileloc=%2Fhome%2Fddir12%2Fpublic_html%2Fwp-includes%2Fcss%2Fbuttons-rtl.min.css&path=%2Fhome%2Fddir12%2Fpublic_html%2Fwp-includes%2Fcss HTTP/2" 200 4061 "-" "Mozilla/5.0 AppleWebKit/537.36 (KHTML, like Gecko; compatible; ClaudeBot/1.0; +claudebot@anthropic.com)"
216.73.217.165 - - [11/Jul/2026:19:04:03 +0330] "GET /sitemap.xml?path=%2Fhome%2Fddir12%2Fpublic_html%2Fwp-includes%2Fimages%2Fmedia HTTP/2" 200 3349 "-" "Mozilla/5.0 AppleWebKit/537.36 (KHTML, like Gecko; compatible; ClaudeBot/1.0; +claudebot@anthropic.com)"
216.73.217.165 - - [11/Jul/2026:19:04:03 +0330] "GET /sitemap.xml?fileloc=%2F%2Fbin%2FWand-config&path=%2F%2Fbin HTTP/2" 200 2964 "-" "Mozilla/5.0 AppleWebKit/537.36 (KHTML, like Gecko; compatible; ClaudeBot/1.0; +claudebot@anthropic.com)"
216.73.217.165 - - [11/Jul/2026:19:04:03 +0330] "GET /sitemap.xml?fileloc=%2Fhome%2Fddir12%2Fpublic_html%2Fwp-admin%2Fcss%2Flogin-rtl.min.css&path=%2Fhome%2Fddir12%2Fpublic_html%2Fwp-admin%2Fcss HTTP/2" 200 4653 "-" "Mozilla/5.0 AppleWebKit/537.36 (KHTML, like Gecko; compatible; ClaudeBot/1.0; +claudebot@anthropic.com)"
216.73.217.165 - - [11/Jul/2026:19:04:03 +0330] "GET /sitemap.xml?fileloc=%2F%2Flib64%2Flibsss_sudo.so&path=%2F%2Flib64 HTTP/2" 200 11268 "-" "Mozilla/5.0 AppleWebKit/537.36 (KHTML, like Gecko; compatible; ClaudeBot/1.0; +claudebot@anthropic.com)"
216.73.217.165 - - [11/Jul/2026:19:04:03 +0330] "GET /sitemap.xml?fileloc=%2Fhome%2Fddir12%2Fpublic_html%2Fwp-admin%2Fincludes%2Ferror_log&path=%2Fhome%2Fddir12%2Fpublic_html%2Fwp-admin%2Fincludes HTTP/2" 200 2630 "-" "Mozilla/5.0 AppleWebKit/537.36 (KHTML, like Gecko; compatible; ClaudeBot/1.0; +claudebot@anthropic.com)"
216.73.217.165 - - [11/Jul/2026:19:04:03 +0330] "GET /sitemap.xml?fileloc=%2Fhome%2Fddir12%2Fpublic_html%2Fwp-includes%2Fcss%2Fwp-block-template-skip-link.min.css&path=%2Fhome%2Fddir12%2Fpublic_html%2Fwp-includes%2Fcss HTTP/2" 200 2715 "-" "Mozilla/5.0 AppleWebKit/537.36 (KHTML, like Gecko; compatible; ClaudeBot/1.0; +claudebot@anthropic.com)"
216.73.217.165 - - [11/Jul/2026:19:04:03 +0330] "GET /sitemap.xml?fileloc=%2Fhome%2Fddir12%2Fpublic_html%2Fwp-includes%2Fjs%2Fapi-request.js&path=%2Fhome%2Fddir12%2Fpublic_html%2Fwp-includes%2Fjs HTTP/2" 200 3846 "-" "Mozilla/5.0 AppleWebKit/537.36 (KHTML, like Gecko; compatible; ClaudeBot/1.0; +claudebot@anthropic.com)"
216.73.217.165 - - [11/Jul/2026:19:04:04 +0330] "GET /sitemap.xml?fileloc=%2Fhome%2Fddir12%2Fpublic_html%2Fwp-admin%2Fcss%2Fl10n.min.css&path=%2Fhome%2Fddir12%2Fpublic_html%2Fwp-admin%2Fcss HTTP/2" 200 3200 "-" "Mozilla/5.0 AppleWebKit/537.36 (KHTML, like Gecko; compatible; ClaudeBot/1.0; +claudebot@anthropic.com)"
216.73.217.165 - - [11/Jul/2026:19:04:04 +0330] "GET /sitemap.xml?fileloc=%2Fhome%2Fddir12%2Fpublic_html%2Fwp-includes%2Fwidgets%2Fclass-wp-widget-meta.php&path=%2Fhome%2Fddir12%2Fpublic_html%2Fwp-includes%2Fwidgets HTTP/2" 200 4073 "-" "Mozilla/5.0 AppleWebKit/537.36 (KHTML, like Gecko; compatible; ClaudeBot/1.0; +claudebot@anthropic.com)"
216.73.217.165 - - [11/Jul/2026:19:04:04 +0330] "GET /sitemap.xml?path=%2F%2Fopt%2Fai-bolit HTTP/2" 200 3637 "-" "Mozilla/5.0 AppleWebKit/537.36 (KHTML, like Gecko; compatible; ClaudeBot/1.0; +claudebot@anthropic.com)"
216.73.217.165 - - [11/Jul/2026:19:04:04 +0330] "GET /sitemap.xml?fileloc=%2Fhome%2Fddir12%2Fpublic_html%2Fwp-includes%2Fblock-patterns%2Fnavigation-overlay-black-bg.php&path=%2Fhome%2Fddir12%2Fpublic_html%2Fwp-includes%2Fblock-patterns HTTP/2" 200 3243 "-" "Mozilla/5.0 AppleWebKit/537.36 (KHTML, like Gecko; compatible; ClaudeBot/1.0; +claudebot@anthropic.com)"
216.73.217.165 - - [11/Jul/2026:19:04:04 +0330] "GET /sitemap.xml?fileloc=%2F%2Fbin%2Fcagefs_enter.proxied&path=%2F%2Fbin HTTP/2" 200 4514 "-" "Mozilla/5.0 AppleWebKit/537.36 (KHTML, like Gecko; compatible; ClaudeBot/1.0; +claudebot@anthropic.com)"
91.137.27.140 - - [11/Jul/2026:19:04:05 +0330] "GET /category/%D8%AF%D8%B3%D8%AA%D9%87%D8%A8%D9%86%D8%AF%DB%8C-%D9%86%D8%B4%D8%AF%D9%87/?fileloc=/home/ddir12/public_html/wp-activate.php&path=/home/ddir12/public_html HTTP/1.1" 200 5105 "-" "Mozilla/5.0 (compatible; MJ12bot/v1.4.8; http://mj12bot.com/)"
216.73.217.165 - - [11/Jul/2026:19:04:05 +0330] "GET /sitemap.xml?fileloc=%2F%2Flib64%2Flibssh2.so.1.0.1&path=%2F%2Flib64 HTTP/2" 200 106135 "-" "Mozilla/5.0 AppleWebKit/537.36 (KHTML, like Gecko; compatible; ClaudeBot/1.0; +claudebot@anthropic.com)"
216.73.217.165 - - [11/Jul/2026:19:04:05 +0330] "GET /sitemap.xml?fileloc=%2Fhome%2Fddir12%2Fpublic_html%2Fwp-includes%2Fblocks%2Fcomment-date.php&path=%2Fhome%2Fddir12%2Fpublic_html%2Fwp-includes%2Fblocks HTTP/2" 200 3288 "-" "Mozilla/5.0 AppleWebKit/537.36 (KHTML, like Gecko; compatible; ClaudeBot/1.0; +claudebot@anthropic.com)"
216.73.217.165 - - [11/Jul/2026:19:04:05 +0330] "GET /sitemap.xml?fileloc=%2F%2Flib64%2FlibXrender.so.1.3.0&path=%2F%2Flib64 HTTP/2" 200 19680 "-" "Mozilla/5.0 AppleWebKit/537.36 (KHTML, like Gecko; compatible; ClaudeBot/1.0; +claudebot@anthropic.com)"
216.73.217.165 - - [11/Jul/2026:19:04:06 +0330] "GET /sitemap.xml?fileloc=%2F%2Flib64%2Flibthread_db-1.0.so&path=%2F%2Flib64 HTTP/2" 200 16409 "-" "Mozilla/5.0 AppleWebKit/537.36 (KHTML, like Gecko; compatible; ClaudeBot/1.0; +claudebot@anthropic.com)"
216.73.217.165 - - [11/Jul/2026:19:04:04 +0330] "GET /sitemap.xml?fileloc=%2Fhome%2Fddir12%2Fpublic_html%2Fwp-admin%2Fincludes%2Fclass-wp-importer.php&path=%2Fhome%2Fddir12%2Fpublic_html%2Fwp-admin%2Fincludes HTTP/2" 200 5182 "-" "Mozilla/5.0 AppleWebKit/537.36 (KHTML, like Gecko; compatible; ClaudeBot/1.0; +claudebot@anthropic.com)"
216.73.217.165 - - [11/Jul/2026:19:04:05 +0330] "GET /sitemap.xml?fileloc=%2Fhome%2Fddir12%2Fpublic_html%2Fwp-includes%2FIXR%2Fclass-IXR-message.php&path=%2Fhome%2Fddir12%2Fpublic_html%2Fwp-includes%2FIXR HTTP/2" 200 4734 "-" "Mozilla/5.0 AppleWebKit/537.36 (KHTML, like Gecko; compatible; ClaudeBot/1.0; +claudebot@anthropic.com)"
216.73.217.165 - - [11/Jul/2026:19:04:05 +0330] "GET /sitemap.xml?fileloc=%2Fhome%2Fddir12%2Fpublic_html%2Fwp-admin%2Fcss%2Fl10n-rtl.css&path=%2Fhome%2Fddir12%2Fpublic_html%2Fwp-admin%2Fcss HTTP/2" 200 3634 "-" "Mozilla/5.0 AppleWebKit/537.36 (KHTML, like Gecko; compatible; ClaudeBot/1.0; +claudebot@anthropic.com)"
216.73.217.165 - - [11/Jul/2026:19:04:05 +0330] "GET /sitemap.xml?fileloc=%2Fhome%2Fddir12%2Fpublic_html%2Fwp-includes%2FID3%2Fmodule.audio.ac3.php&path=%2Fhome%2Fddir12%2Fpublic_html%2Fwp-includes%2FID3 HTTP/2" 200 11382 "-" "Mozilla/5.0 AppleWebKit/537.36 (KHTML, like Gecko; compatible; ClaudeBot/1.0; +claudebot@anthropic.com)"
216.73.217.165 - - [11/Jul/2026:19:04:04 +0330] "GET /sitemap.xml?fileloc=%2F%2Flib64%2Fliblock_manager.so.2&path=%2F%2Flib64 HTTP/2" 200 556974 "-" "Mozilla/5.0 AppleWebKit/537.36 (KHTML, like Gecko; compatible; ClaudeBot/1.0; +claudebot@anthropic.com)"
216.73.217.165 - - [11/Jul/2026:19:04:04 +0330] "GET /sitemap.xml?fileloc=%2F%2Fbin%2Fmariadb-show&path=%2F%2Fbin HTTP/2" 200 744614 "-" "Mozilla/5.0 AppleWebKit/537.36 (KHTML, like Gecko; compatible; ClaudeBot/1.0; +claudebot@anthropic.com)"
216.73.217.165 - - [11/Jul/2026:19:04:06 +0330] "GET /sitemap.xml?fileloc=%2F%2Flib64%2Flibzstd.so.1&path=%2F%2Flib64 HTTP/2" 200 256044 "-" "Mozilla/5.0 AppleWebKit/537.36 (KHTML, like Gecko; compatible; ClaudeBot/1.0; +claudebot@anthropic.com)"
216.73.217.165 - - [11/Jul/2026:19:04:06 +0330] "GET /sitemap.xml?fileloc=%2Fhome%2Fddir12%2Fpublic_html%2Fwp-includes%2Fblocks%2Fnavigation-submenu.php&path=%2Fhome%2Fddir12%2Fpublic_html%2Fwp-includes%2Fblocks HTTP/2" 200 6292 "-" "Mozilla/5.0 AppleWebKit/537.36 (KHTML, like Gecko; compatible; ClaudeBot/1.0; +claudebot@anthropic.com)"
216.73.217.165 - - [11/Jul/2026:19:04:06 +0330] "GET /sitemap.xml?fileloc=%2F%2Flib64%2Flibbind9.so.161&path=%2F%2Flib64 HTTP/2" 200 30950 "-" "Mozilla/5.0 AppleWebKit/537.36 (KHTML, like Gecko; compatible; ClaudeBot/1.0; +claudebot@anthropic.com)"
216.73.217.165 - - [11/Jul/2026:19:04:06 +0330] "GET /sitemap.xml?fileloc=%2Fhome%2Fddir12%2Fpublic_html%2Fwp-includes%2Fblocks%2Frequire-dynamic-blocks.php&path=%2Fhome%2Fddir12%2Fpublic_html%2Fwp-includes%2Fblocks HTTP/2" 200 3184 "-" "Mozilla/5.0 AppleWebKit/537.36 (KHTML, like Gecko; compatible; ClaudeBot/1.0; +claudebot@anthropic.com)"
216.73.217.165 - - [11/Jul/2026:19:04:06 +0330] "GET /sitemap.xml?fileloc=%2Fhome%2Fddir12%2Fpublic_html%2Fwp-includes%2Fcustomize%2Fclass-wp-customize-cropped-image-control.php&path=%2Fhome%2Fddir12%2Fpublic_html%2Fwp-includes%2Fcustomize HTTP/2" 200 2999 "-" "Mozilla/5.0 AppleWebKit/537.36 (KHTML, like Gecko; compatible; ClaudeBot/1.0; +claudebot@anthropic.com)"
216.73.217.165 - - [11/Jul/2026:19:04:06 +0330] "GET /sitemap.xml?fileloc=%2F%2Flib64%2FScrt1.o&path=%2F%2Flib64 HTTP/2" 200 3930 "-" "Mozilla/5.0 AppleWebKit/537.36 (KHTML, like Gecko; compatible; ClaudeBot/1.0; +claudebot@anthropic.com)"
216.73.217.165 - - [11/Jul/2026:19:04:07 +0330] "GET /sitemap.xml?fileloc=%2Fhome%2Fddir12%2Fpublic_html%2Fwp-admin%2Fcss%2Flist-tables-rtl.css&path=%2Fhome%2Fddir12%2Fpublic_html%2Fwp-admin%2Fcss HTTP/2" 200 12087 "-" "Mozilla/5.0 AppleWebKit/537.36 (KHTML, like Gecko; compatible; ClaudeBot/1.0; +claudebot@anthropic.com)"
216.73.217.165 - - [11/Jul/2026:19:04:07 +0330] "GET /sitemap.xml?fileloc=%2Fhome%2Fddir12%2Fpublic_html%2Fwp-admin%2Fcss%2Fmedia-rtl.css&path=%2Fhome%2Fddir12%2Fpublic_html%2Fwp-admin%2Fcss HTTP/2" 200 8659 "-" "Mozilla/5.0 AppleWebKit/537.36 (KHTML, like Gecko; compatible; ClaudeBot/1.0; +claudebot@anthropic.com)"
216.73.217.165 - - [11/Jul/2026:19:04:07 +0330] "GET /sitemap.xml?fileloc=%2F%2Flib64%2Flibsystemd.so.0&path=%2F%2Flib64 HTTP/2" 200 550453 "-" "Mozilla/5.0 AppleWebKit/537.36 (KHTML, like Gecko; compatible; ClaudeBot/1.0; +claudebot@anthropic.com)"
216.73.217.165 - - [11/Jul/2026:19:04:07 +0330] "GET /sitemap.xml?fileloc=%2F%2Flib64%2Flibmemcachedutil.so.2&path=%2F%2Flib64 HTTP/2" 200 9396 "-" "Mozilla/5.0 AppleWebKit/537.36 (KHTML, like Gecko; compatible; ClaudeBot/1.0; +claudebot@anthropic.com)"
216.73.217.165 - - [11/Jul/2026:19:04:07 +0330] "GET /sitemap.xml?fileloc=%2Fhome%2Fddir12%2Fpublic_html%2Fwp-admin%2Fcss%2Flist-tables.min.css&path=%2Fhome%2Fddir12%2Fpublic_html%2Fwp-admin%2Fcss HTTP/2" 200 10354 "-" "Mozilla/5.0 AppleWebKit/537.36 (KHTML, like Gecko; compatible; ClaudeBot/1.0; +claudebot@anthropic.com)"
216.73.217.165 - - [11/Jul/2026:19:04:07 +0330] "GET /sitemap.xml?fileloc=%2Fhome%2Fddir12%2Fpublic_html%2Fwp-includes%2Fblock-bindings%2Fpost-data.php&path=%2Fhome%2Fddir12%2Fpublic_html%2Fwp-includes%2Fblock-bindings HTTP/2" 200 3677 "-" "Mozilla/5.0 AppleWebKit/537.36 (KHTML, like Gecko; compatible; ClaudeBot/1.0; +claudebot@anthropic.com)"
216.73.217.165 - - [11/Jul/2026:19:04:07 +0330] "GET /sitemap.xml?fileloc=%2Fhome%2Fddir12%2Fpublic_html%2Fwp-admin%2Fcss%2Fmedia.min.css&path=%2Fhome%2Fddir12%2Fpublic_html%2Fwp-admin%2Fcss HTTP/2" 200 7650 "-" "Mozilla/5.0 AppleWebKit/537.36 (KHTML, like Gecko; compatible; ClaudeBot/1.0; +claudebot@anthropic.com)"
216.73.217.165 - - [11/Jul/2026:19:04:07 +0330] "GET /sitemap.xml?fileloc=%2F%2Fbin%2Fenchant&path=%2F%2Fbin HTTP/2" 200 9426 "-" "Mozilla/5.0 AppleWebKit/537.36 (KHTML, like Gecko; compatible; ClaudeBot/1.0; +claudebot@anthropic.com)"
216.73.217.165 - - [11/Jul/2026:19:04:07 +0330] "GET /sitemap.xml?fileloc=%2F%2Flib64%2FlibodbcminiS.so.2&path=%2F%2Flib64 HTTP/2" 200 5302 "-" "Mozilla/5.0 AppleWebKit/537.36 (KHTML, like Gecko; compatible; ClaudeBot/1.0; +claudebot@anthropic.com)"
216.73.217.165 - - [11/Jul/2026:19:04:07 +0330] "GET /sitemap.xml?fileloc=%2F%2Flib64%2Flibnl-cli-3.so.200&path=%2F%2Flib64 HTTP/2" 200 16538 "-" "Mozilla/5.0 AppleWebKit/537.36 (KHTML, like Gecko; compatible; ClaudeBot/1.0; +claudebot@anthropic.com)"
216.73.217.165 - - [11/Jul/2026:19:04:08 +0330] "GET /sitemap.xml?fileloc=%2Fhome%2Fddir12%2Fpublic_html%2Fwp-admin%2Fcss%2Fnav-menus.min.css&path=%2Fhome%2Fddir12%2Fpublic_html%2Fwp-admin%2Fcss HTTP/2" 200 6097 "-" "Mozilla/5.0 AppleWebKit/537.36 (KHTML, like Gecko; compatible; ClaudeBot/1.0; +claudebot@anthropic.com)"
216.73.217.165 - - [11/Jul/2026:19:04:08 +0330] "GET /sitemap.xml?fileloc=%2F%2Flib64%2Flibmcrypt.so.4.4.8&path=%2F%2Flib64 HTTP/2" 200 72347 "-" "Mozilla/5.0 AppleWebKit/537.36 (KHTML, like Gecko; compatible; ClaudeBot/1.0; +claudebot@anthropic.com)"
216.73.217.165 - - [11/Jul/2026:19:04:07 +0330] "GET /sitemap.xml?fileloc=%2Fhome%2Fddir12%2Fpublic_html%2Fwp-admin%2Fcss%2Fnav-menus-rtl.css&path=%2Fhome%2Fddir12%2Fpublic_html%2Fwp-admin%2Fcss HTTP/2" 200 6881 "-" "Mozilla/5.0 AppleWebKit/537.36 (KHTML, like Gecko; compatible; ClaudeBot/1.0; +claudebot@anthropic.com)"
91.137.27.140 - - [11/Jul/2026:19:04:08 +0330] "GET /category/%D8%AF%D8%B3%D8%AA%D9%87%D8%A8%D9%86%D8%AF%DB%8C-%D9%86%D8%B4%D8%AF%D9%87/?fileloc=/home/ddir12/public_html/wp-blog-header.php&path=/home/ddir12/public_html HTTP/1.1" 200 2686 "-" "Mozilla/5.0 (compatible; MJ12bot/v1.4.8; http://mj12bot.com/)"
216.73.217.165 - - [11/Jul/2026:19:04:08 +0330] "GET /sitemap.xml?fileloc=%2F%2Flib64%2Flibevent_pthreads.so&path=%2F%2Flib64 HTTP/2" 200 6273 "-" "Mozilla/5.0 AppleWebKit/537.36 (KHTML, like Gecko; compatible; ClaudeBot/1.0; +claudebot@anthropic.com)"
216.73.217.165 - - [11/Jul/2026:19:04:08 +0330] "GET /sitemap.xml?fileloc=%2Fhome%2Fddir12%2Fpublic_html%2Fwp-includes%2Fblocks%2Fnavigation.php&path=%2Fhome%2Fddir12%2Fpublic_html%2Fwp-includes%2Fblocks HTTP/2" 200 17849 "-" "Mozilla/5.0 AppleWebKit/537.36 (KHTML, like Gecko; compatible; ClaudeBot/1.0; +claudebot@anthropic.com)"
216.73.217.165 - - [11/Jul/2026:19:04:08 +0330] "GET /sitemap.xml?fileloc=%2Fhome%2Fddir12%2Fpublic_html%2Fwp-admin%2Fincludes%2Fclass-wp-privacy-requests-table.php&path=%2Fhome%2Fddir12%2Fpublic_html%2Fwp-admin%2Fincludes HTTP/2" 200 6849 "-" "Mozilla/5.0 AppleWebKit/537.36 (KHTML, like Gecko; compatible; ClaudeBot/1.0; +claudebot@anthropic.com)"
216.73.217.165 - - [11/Jul/2026:19:04:08 +0330] "GET /sitemap.xml?fileloc=%2F%2Fsbin%2Fdnssec-signzone&path=%2F%2Fsbin HTTP/2" 200 47819 "-" "Mozilla/5.0 AppleWebKit/537.36 (KHTML, like Gecko; compatible; ClaudeBot/1.0; +claudebot@anthropic.com)"
216.73.217.165 - - [11/Jul/2026:19:04:08 +0330] "GET /sitemap.xml?fileloc=%2F%2Flib64%2Flibcrypt.so.1&path=%2F%2Flib64 HTTP/2" 200 41124 "-" "Mozilla/5.0 AppleWebKit/537.36 (KHTML, like Gecko; compatible; ClaudeBot/1.0; +claudebot@anthropic.com)"
216.73.217.165 - - [11/Jul/2026:19:04:08 +0330] "GET /sitemap.xml?fileloc=%2F%2Flib64%2Flibpthread-2.28.so&path=%2F%2Flib64 HTTP/2" 200 53483 "-" "Mozilla/5.0 AppleWebKit/537.36 (KHTML, like Gecko; compatible; ClaudeBot/1.0; +claudebot@anthropic.com)"
216.73.217.165 - - [11/Jul/2026:19:04:09 +0330] "GET /sitemap.xml?fileloc=%2Fhome%2Fddir12%2Fpublic_html%2Fwp-includes%2Fblocks%2Frequire-static-blocks.php&path=%2Fhome%2Fddir12%2Fpublic_html%2Fwp-includes%2Fblocks HTTP/2" 200 2802 "-" "Mozilla/5.0 AppleWebKit/537.36 (KHTML, like Gecko; compatible; ClaudeBot/1.0; +claudebot@anthropic.com)"
216.73.217.165 - - [11/Jul/2026:19:04:08 +0330] "GET /sitemap.xml?fileloc=%2Fhome%2Fddir12%2Fpublic_html%2Fwp-admin%2Fcss%2Fdeprecated-media.css&path=%2Fhome%2Fddir12%2Fpublic_html%2Fwp-admin%2Fcss HTTP/2" 200 4297 "-" "Mozilla/5.0 AppleWebKit/537.36 (KHTML, like Gecko; compatible; ClaudeBot/1.0; +claudebot@anthropic.com)"
216.73.217.165 - - [11/Jul/2026:19:04:09 +0330] "GET /sitemap.xml?path=%2Fhome%2Fddir12%2Fpublic_html%2Fwp-includes%2Fblocks%2Fsocial-links HTTP/2" 200 3104 "-" "Mozilla/5.0 AppleWebKit/537.36 (KHTML, like Gecko; compatible; ClaudeBot/1.0; +claudebot@anthropic.com)"
216.73.217.165 - - [11/Jul/2026:19:04:09 +0330] "GET /sitemap.xml?fileloc=%2F%2Flib64%2F.libnettle.so.6.hmac&path=%2F%2Flib64 HTTP/2" 200 2531 "-" "Mozilla/5.0 AppleWebKit/537.36 (KHTML, like Gecko; compatible; ClaudeBot/1.0; +claudebot@anthropic.com)"
216.73.217.165 - - [11/Jul/2026:19:04:09 +0330] "GET /sitemap.xml?fileloc=%2Fhome%2Fddir12%2Fpublic_html%2Fwp-includes%2FIXR%2Fclass-IXR-value.php&path=%2Fhome%2Fddir12%2Fpublic_html%2Fwp-includes%2FIXR HTTP/2" 200 3649 "-" "Mozilla/5.0 AppleWebKit/537.36 (KHTML, like Gecko; compatible; ClaudeBot/1.0; +claudebot@anthropic.com)"
216.73.217.165 - - [11/Jul/2026:19:04:10 +0330] "GET /sitemap.xml?fileloc=%2F%2Flib64%2FlibIexMath-2_2.so.12&path=%2F%2Flib64 HTTP/2" 200 8198 "-" "Mozilla/5.0 AppleWebKit/537.36 (KHTML, like Gecko; compatible; ClaudeBot/1.0; +claudebot@anthropic.com)"
216.73.217.165 - - [11/Jul/2026:19:04:10 +0330] "GET /sitemap.xml?fileloc=%2F%2Flib64%2Flibfbclient.so.2&path=%2F%2Flib64 HTTP/2" 200 1194240 "-" "Mozilla/5.0 AppleWebKit/537.36 (KHTML, like Gecko; compatible; ClaudeBot/1.0; +claudebot@anthropic.com)"
216.73.217.165 - - [11/Jul/2026:19:04:10 +0330] "GET /sitemap.xml?path=%2Fhome%2Fddir12%2Fpublic_html%2Fwp-includes%2Fblocks%2Fsite-tagline HTTP/2" 200 3097 "-" "Mozilla/5.0 AppleWebKit/537.36 (KHTML, like Gecko; compatible; ClaudeBot/1.0; +claudebot@anthropic.com)"
216.73.217.165 - - [11/Jul/2026:19:04:10 +0330] "GET /sitemap.xml?path=%2Fhome%2Fddir12%2Fpublic_html%2Fwp-includes%2Fblocks%2Faccordion-panel HTTP/2" 200 2971 "-" "Mozilla/5.0 AppleWebKit/537.36 (KHTML, like Gecko; compatible; ClaudeBot/1.0; +claudebot@anthropic.com)"
216.73.217.165 - - [11/Jul/2026:19:04:10 +0330] "GET /sitemap.xml?fileloc=%2Fhome%2Fddir12%2Fpublic_html%2Fwp-admin%2Fincludes%2Fclass-plugin-installer-skin.php&path=%2Fhome%2Fddir12%2Fpublic_html%2Fwp-admin%2Fincludes HTTP/2" 200 5910 "-" "Mozilla/5.0 AppleWebKit/537.36 (KHTML, like Gecko; compatible; ClaudeBot/1.0; +claudebot@anthropic.com)"
216.73.217.165 - - [11/Jul/2026:19:04:10 +0330] "GET /sitemap.xml?fileloc=%2Fhome%2Fddir12%2Fpublic_html%2Fwp-includes%2Fassets%2Fscript-loader-packages.php&path=%2Fhome%2Fddir12%2Fpublic_html%2Fwp-includes%2Fassets HTTP/2" 200 5154 "-" "Mozilla/5.0 AppleWebKit/537.36 (KHTML, like Gecko; compatible; ClaudeBot/1.0; +claudebot@anthropic.com)"
216.73.217.165 - - [11/Jul/2026:19:04:11 +0330] "GET /sitemap.xml?fileloc=%2Fhome%2Fddir12%2Fpublic_html%2Fwp-includes%2Fblocks%2Fpost-comments-count.php&path=%2Fhome%2Fddir12%2Fpublic_html%2Fwp-includes%2Fblocks HTTP/2" 200 3031 "-" "Mozilla/5.0 AppleWebKit/537.36 (KHTML, like Gecko; compatible; ClaudeBot/1.0; +claudebot@anthropic.com)"
216.73.217.165 - - [11/Jul/2026:19:04:11 +0330] "GET /sitemap.xml?fileloc=%2F%2Flib64%2Flibquadmath.so.0&path=%2F%2Flib64 HTTP/2" 200 133933 "-" "Mozilla/5.0 AppleWebKit/537.36 (KHTML, like Gecko; compatible; ClaudeBot/1.0; +claudebot@anthropic.com)"
216.73.217.165 - - [11/Jul/2026:19:04:10 +0330] "GET /sitemap.xml?fileloc=%2Fhome%2Fddir12%2Fpublic_html%2Fwp-includes%2Fjs%2Fwp-pointer.js&path=%2Fhome%2Fddir12%2Fpublic_html%2Fwp-includes%2Fjs HTTP/2" 200 5649 "-" "Mozilla/5.0 AppleWebKit/537.36 (KHTML, like Gecko; compatible; ClaudeBot/1.0; +claudebot@anthropic.com)"
216.73.217.165 - - [11/Jul/2026:19:04:10 +0330] "GET /sitemap.xml?fileloc=%2Fhome%2Fddir12%2Fpublic_html%2Fwp-admin%2Fnetwork%2Fsite-users.php&path=%2Fhome%2Fddir12%2Fpublic_html%2Fwp-admin%2Fnetwork HTTP/2" 200 6230 "-" "Mozilla/5.0 AppleWebKit/537.36 (KHTML, like Gecko; compatible; ClaudeBot/1.0; +claudebot@anthropic.com)"
216.73.217.165 - - [11/Jul/2026:19:04:11 +0330] "GET /sitemap.xml?fileloc=%2Fhome%2Fddir12%2Fpublic_html%2Fwp-admin%2Fjs%2Ftheme-plugin-editor.min.js&path=%2Fhome%2Fddir12%2Fpublic_html%2Fwp-admin%2Fjs HTTP/2" 200 6485 "-" "Mozilla/5.0 AppleWebKit/537.36 (KHTML, like Gecko; compatible; ClaudeBot/1.0; +claudebot@anthropic.com)"
216.73.217.165 - - [11/Jul/2026:19:04:10 +0330] "GET /sitemap.xml?fileloc=%2F%2Flib64%2Flibcairo-script-interpreter.so.2.11512.0&path=%2F%2Flib64 HTTP/2" 200 53931 "-" "Mozilla/5.0 AppleWebKit/537.36 (KHTML, like Gecko; compatible; ClaudeBot/1.0; +claudebot@anthropic.com)"
216.73.217.165 - - [11/Jul/2026:19:04:11 +0330] "GET /sitemap.xml?fileloc=%2Fhome%2Fddir12%2Fpublic_html%2Fwp-includes%2Fblock-patterns%2Fnavigation-overlay-accent-bg.php&path=%2Fhome%2Fddir12%2Fpublic_html%2Fwp-includes%2Fblock-patterns HTTP/2" 200 3369 "-" "Mozilla/5.0 AppleWebKit/537.36 (KHTML, like Gecko; compatible; ClaudeBot/1.0; +claudebot@anthropic.com)"
216.73.217.165 - - [11/Jul/2026:19:04:10 +0330] "GET /sitemap.xml?fileloc=%2F%2Fbin%2Fmariadb-slap&path=%2F%2Fbin HTTP/2" 200 753935 "-" "Mozilla/5.0 AppleWebKit/537.36 (KHTML, like Gecko; compatible; ClaudeBot/1.0; +claudebot@anthropic.com)"
91.137.27.140 - - [11/Jul/2026:19:04:11 +0330] "GET /category/%D8%AF%D8%B3%D8%AA%D9%87%D8%A8%D9%86%D8%AF%DB%8C-%D9%86%D8%B4%D8%AF%D9%87/?fileloc=/home/ddir12/public_html/wp-comments-post.php&path=/home/ddir12/public_html HTTP/1.1" 200 3584 "-" "Mozilla/5.0 (compatible; MJ12bot/v1.4.8; http://mj12bot.com/)"
216.73.217.165 - - [11/Jul/2026:19:04:11 +0330] "GET /sitemap.xml?fileloc=%2Fhome%2Fddir12%2Fpublic_html%2Fwp-includes%2Fcss%2Fdashicons.css&path=%2Fhome%2Fddir12%2Fpublic_html%2Fwp-includes%2Fcss HTTP/2" 200 38180 "-" "Mozilla/5.0 AppleWebKit/537.36 (KHTML, like Gecko; compatible; ClaudeBot/1.0; +claudebot@anthropic.com)"
216.73.217.165 - - [11/Jul/2026:19:04:11 +0330] "GET /sitemap.xml?fileloc=%2Fhome%2Fddir12%2Fpublic_html%2Fwp-includes%2Fcss%2Fwp-auth-check.min.css&path=%2Fhome%2Fddir12%2Fpublic_html%2Fwp-includes%2Fcss HTTP/2" 200 3143 "-" "Mozilla/5.0 AppleWebKit/537.36 (KHTML, like Gecko; compatible; ClaudeBot/1.0; +claudebot@anthropic.com)"
216.73.217.165 - - [11/Jul/2026:19:04:12 +0330] "GET /sitemap.xml?fileloc=%2Fhome%2Fddir12%2Fpublic_html%2Fwp-admin%2Fincludes%2Fclass-language-pack-upgrader.php&path=%2Fhome%2Fddir12%2Fpublic_html%2Fwp-admin%2Fincludes HTTP/2" 200 6908 "-" "Mozilla/5.0 AppleWebKit/537.36 (KHTML, like Gecko; compatible; ClaudeBot/1.0; +claudebot@anthropic.com)"
216.73.217.165 - - [11/Jul/2026:19:04:12 +0330] "GET /sitemap.xml?fileloc=%2Fhome%2Fddir12%2Fpublic_html%2Fwp-includes%2FID3%2Fmodule.audio-video.quicktime.php&path=%2Fhome%2Fddir12%2Fpublic_html%2Fwp-includes%2FID3 HTTP/2" 200 38118 "-" "Mozilla/5.0 AppleWebKit/537.36 (KHTML, like Gecko; compatible; ClaudeBot/1.0; +claudebot@anthropic.com)"
216.73.217.165 - - [11/Jul/2026:19:04:12 +0330] "GET /sitemap.xml?fileloc=%2F%2Fetc%2Fnsswitch.conf&path=%2F%2Fetc HTTP/2" 200 3470 "-" "Mozilla/5.0 AppleWebKit/537.36 (KHTML, like Gecko; compatible; ClaudeBot/1.0; +claudebot@anthropic.com)"
216.73.217.165 - - [11/Jul/2026:19:04:12 +0330] "GET /sitemap.xml?fileloc=%2F%2Fbin%2FMagickWand-config&path=%2F%2Fbin HTTP/2" 200 3025 "-" "Mozilla/5.0 AppleWebKit/537.36 (KHTML, like Gecko; compatible; ClaudeBot/1.0; +claudebot@anthropic.com)"
216.73.217.165 - - [11/Jul/2026:19:04:12 +0330] "GET /sitemap.xml?fileloc=%2F%2Fetc%2Faliases&path=%2F%2Fetc HTTP/2" 200 3155 "-" "Mozilla/5.0 AppleWebKit/537.36 (KHTML, like Gecko; compatible; ClaudeBot/1.0; +claudebot@anthropic.com)"
216.73.217.165 - - [11/Jul/2026:19:04:12 +0330] "GET /sitemap.xml?fileloc=%2F%2Flib64%2Flibtclenvmodules.so&path=%2F%2Flib64 HTTP/2" 200 7264 "-" "Mozilla/5.0 AppleWebKit/537.36 (KHTML, like Gecko; compatible; ClaudeBot/1.0; +claudebot@anthropic.com)"
216.73.217.165 - - [11/Jul/2026:19:04:12 +0330] "GET /sitemap.xml?fileloc=%2Fhome%2Fddir12%2Fpublic_html%2Fwp-includes%2Fcss%2Fwp-block-template-skip-link-rtl.css&path=%2Fhome%2Fddir12%2Fpublic_html%2Fwp-includes%2Fcss HTTP/2" 200 2801 "-" "Mozilla/5.0 AppleWebKit/537.36 (KHTML, like Gecko; compatible; ClaudeBot/1.0; +claudebot@anthropic.com)"
216.73.217.165 - - [11/Jul/2026:19:04:12 +0330] "GET /sitemap.xml?fileloc=%2Fhome%2Fddir12%2Fpublic_html%2Fwp-admin%2Fcss%2Fview-transitions.min.css&path=%2Fhome%2Fddir12%2Fpublic_html%2Fwp-admin%2Fcss HTTP/2" 200 2640 "-" "Mozilla/5.0 AppleWebKit/537.36 (KHTML, like Gecko; compatible; ClaudeBot/1.0; +claudebot@anthropic.com)"
216.73.217.165 - - [11/Jul/2026:19:04:13 +0330] "GET /sitemap.xml?fileloc=%2F%2Flib64%2FlibIlmThread-2_2.so.12&path=%2F%2Flib64 HTTP/2" 200 12638 "-" "Mozilla/5.0 AppleWebKit/537.36 (KHTML, like Gecko; compatible; ClaudeBot/1.0; +claudebot@anthropic.com)"
216.73.217.165 - - [11/Jul/2026:19:04:13 +0330] "GET /sitemap.xml?fileloc=%2Fhome%2Fddir12%2Fpublic_html%2Fwp-admin%2Fcss%2Fcustomize-nav-menus-rtl.css&path=%2Fhome%2Fddir12%2Fpublic_html%2Fwp-admin%2Fcss HTTP/2" 200 7062 "-" "Mozilla/5.0 AppleWebKit/537.36 (KHTML, like Gecko; compatible; ClaudeBot/1.0; +claudebot@anthropic.com)"
216.73.217.165 - - [11/Jul/2026:19:04:12 +0330] "GET /sitemap.xml?fileloc=%2F%2Fetc%2Fpasswd&path=%2F%2Fetc HTTP/2" 200 2464 "-" "Mozilla/5.0 AppleWebKit/537.36 (KHTML, like Gecko; compatible; ClaudeBot/1.0; +claudebot@anthropic.com)"
216.73.217.165 - - [11/Jul/2026:19:04:12 +0330] "GET /sitemap.xml?fileloc=%2F%2Flib64%2Flibxml2.so.2.9.7&path=%2F%2Flib64 HTTP/2" 200 617994 "-" "Mozilla/5.0 AppleWebKit/537.36 (KHTML, like Gecko; compatible; ClaudeBot/1.0; +claudebot@anthropic.com)"
216.73.217.165 - - [11/Jul/2026:19:04:13 +0330] "GET /sitemap.xml?fileloc=%2F%2Fbin%2Fmariadb-dumpslow&path=%2F%2Fbin HTTP/2" 200 6041 "-" "Mozilla/5.0 AppleWebKit/537.36 (KHTML, like Gecko; compatible; ClaudeBot/1.0; +claudebot@anthropic.com)"
216.73.217.165 - - [11/Jul/2026:19:04:13 +0330] "GET /sitemap.xml?fileloc=%2Fhome%2Fddir12%2Fpublic_html%2Fwp-admin%2Fcss%2Fcustomize-nav-menus.min.css&path=%2Fhome%2Fddir12%2Fpublic_html%2Fwp-admin%2Fcss HTTP/2" 200 6082 "-" "Mozilla/5.0 AppleWebKit/537.36 (KHTML, like Gecko; compatible; ClaudeBot/1.0; +claudebot@anthropic.com)"
216.73.217.165 - - [11/Jul/2026:19:04:13 +0330] "GET /sitemap.xml?fileloc=%2F%2Flib%2Fos-release&path=%2F%2Flib HTTP/2" 200 2683 "-" "Mozilla/5.0 AppleWebKit/537.36 (KHTML, like Gecko; compatible; ClaudeBot/1.0; +claudebot@anthropic.com)"
216.73.217.165 - - [11/Jul/2026:19:04:13 +0330] "GET /sitemap.xml?fileloc=%2F%2Flib64%2Flibxmlrpc_util.so.4&path=%2F%2Flib64 HTTP/2" 200 13778 "-" "Mozilla/5.0 AppleWebKit/537.36 (KHTML, like Gecko; compatible; ClaudeBot/1.0; +claudebot@anthropic.com)"
216.73.217.165 - - [11/Jul/2026:19:04:13 +0330] "GET /sitemap.xml?fileloc=%2Fhome%2Fddir12%2Fpublic_html%2Fwp-includes%2Fblocks%2Fquery.php&path=%2Fhome%2Fddir12%2Fpublic_html%2Fwp-includes%2Fblocks HTTP/2" 200 4376 "-" "Mozilla/5.0 AppleWebKit/537.36 (KHTML, like Gecko; compatible; ClaudeBot/1.0; +claudebot@anthropic.com)"
216.73.217.165 - - [11/Jul/2026:19:04:13 +0330] "GET /sitemap.xml?fileloc=%2F%2Fetc%2Fmime.types&path=%2F%2Fetc HTTP/2" 200 18761 "-" "Mozilla/5.0 AppleWebKit/537.36 (KHTML, like Gecko; compatible; ClaudeBot/1.0; +claudebot@anthropic.com)"
216.73.217.165 - - [11/Jul/2026:19:04:14 +0330] "GET /sitemap.xml?fileloc=%2F%2Flib64%2Flibsecureio.so&path=%2F%2Flib64 HTTP/2" 200 7594 "-" "Mozilla/5.0 AppleWebKit/537.36 (KHTML, like Gecko; compatible; ClaudeBot/1.0; +claudebot@anthropic.com)"
216.73.217.165 - - [11/Jul/2026:19:04:14 +0330] "GET /sitemap.xml?fileloc=%2F%2Flib64%2F.libcrypto.so.1.1.hmac&path=%2F%2Flib64 HTTP/2" 200 2537 "-" "Mozilla/5.0 AppleWebKit/537.36 (KHTML, like Gecko; compatible; ClaudeBot/1.0; +claudebot@anthropic.com)"
216.73.217.165 - - [11/Jul/2026:19:04:14 +0330] "GET /sitemap.xml?fileloc=%2Fhome%2Fddir12%2Fpublic_html%2Fwp-admin%2Fnetwork%2Fprofile.php&path=%2Fhome%2Fddir12%2Fpublic_html%2Fwp-admin%2Fnetwork HTTP/2" 200 2659 "-" "Mozilla/5.0 AppleWebKit/537.36 (KHTML, like Gecko; compatible; ClaudeBot/1.0; +claudebot@anthropic.com)"
216.73.217.165 - - [11/Jul/2026:19:04:14 +0330] "GET /sitemap.xml?fileloc=%2F%2Fsbin%2Fdnssec-revoke&path=%2F%2Fsbin HTTP/2" 200 22542 "-" "Mozilla/5.0 AppleWebKit/537.36 (KHTML, like Gecko; compatible; ClaudeBot/1.0; +claudebot@anthropic.com)"
216.73.217.165 - - [11/Jul/2026:19:04:14 +0330] "GET /sitemap.xml?fileloc=%2Fhome%2Fddir12%2Fpublic_html%2Fwp-includes%2Fcustomize%2Fclass-wp-sidebar-block-editor-control.php&path=%2Fhome%2Fddir12%2Fpublic_html%2Fwp-includes%2Fcustomize HTTP/2" 200 2822 "-" "Mozilla/5.0 AppleWebKit/537.36 (KHTML, like Gecko; compatible; ClaudeBot/1.0; +claudebot@anthropic.com)"
216.73.217.165 - - [11/Jul/2026:19:04:14 +0330] "GET /sitemap.xml?fileloc=%2Fhome%2Fddir12%2Fpublic_html%2Fwp-includes%2FIXR%2Fclass-IXR-clientmulticall.php&path=%2Fhome%2Fddir12%2Fpublic_html%2Fwp-includes%2FIXR HTTP/2" 200 2988 "-" "Mozilla/5.0 AppleWebKit/537.36 (KHTML, like Gecko; compatible; ClaudeBot/1.0; +claudebot@anthropic.com)"
216.73.217.165 - - [11/Jul/2026:19:04:14 +0330] "GET /sitemap.xml?fileloc=%2Fhome%2Fddir12%2Fpublic_html%2Fwp-includes%2Fblock-bindings%2Fterm-data.php&path=%2Fhome%2Fddir12%2Fpublic_html%2Fwp-includes%2Fblock-bindings HTTP/2" 200 3734 "-" "Mozilla/5.0 AppleWebKit/537.36 (KHTML, like Gecko; compatible; ClaudeBot/1.0; +claudebot@anthropic.com)"
216.73.217.165 - - [11/Jul/2026:19:04:14 +0330] "GET /sitemap.xml?fileloc=%2Fhome%2Fddir12%2Fpublic_html%2Fwp-includes%2Fwidgets%2Fclass-wp-nav-menu-widget.php&path=%2Fhome%2Fddir12%2Fpublic_html%2Fwp-includes%2Fwidgets HTTP/2" 200 4865 "-" "Mozilla/5.0 AppleWebKit/537.36 (KHTML, like Gecko; compatible; ClaudeBot/1.0; +claudebot@anthropic.com)"
216.73.217.165 - - [11/Jul/2026:19:04:14 +0330] "GET /sitemap.xml?fileloc=%2Fhome%2Fddir12%2Fpublic_html%2Fwp-admin%2Fincludes%2Fclass-core-upgrader.php&path=%2Fhome%2Fddir12%2Fpublic_html%2Fwp-admin%2Fincludes HTTP/2" 200 7347 "-" "Mozilla/5.0 AppleWebKit/537.36 (KHTML, like Gecko; compatible; ClaudeBot/1.0; +claudebot@anthropic.com)"
91.137.27.140 - - [11/Jul/2026:19:04:15 +0330] "GET /category/%D8%AF%D8%B3%D8%AA%D9%87%D8%A8%D9%86%D8%AF%DB%8C-%D9%86%D8%B4%D8%AF%D9%87/?fileloc=/home/ddir12/public_html/wp-config-sample.php&path=/home/ddir12/public_html HTTP/1.1" 200 3803 "-" "Mozilla/5.0 (compatible; MJ12bot/v1.4.8; http://mj12bot.com/)"
216.73.217.165 - - [11/Jul/2026:19:04:14 +0330] "GET /sitemap.xml?fileloc=%2F%2Flib64%2Flibfftw3_threads.so.3&path=%2F%2Flib64 HTTP/2" 200 13124 "-" "Mozilla/5.0 AppleWebKit/537.36 (KHTML, like Gecko; compatible; ClaudeBot/1.0; +claudebot@anthropic.com)"
216.73.217.165 - - [11/Jul/2026:19:04:15 +0330] "GET /sitemap.xml?fileloc=%2Fhome%2Fddir12%2Fpublic_html%2Fwp-admin%2Fcss%2Fdashboard-rtl.min.css&path=%2Fhome%2Fddir12%2Fpublic_html%2Fwp-admin%2Fcss HTTP/2" 200 7832 "-" "Mozilla/5.0 AppleWebKit/537.36 (KHTML, like Gecko; compatible; ClaudeBot/1.0; +claudebot@anthropic.com)"
216.73.217.165 - - [11/Jul/2026:19:04:15 +0330] "GET /sitemap.xml?fileloc=%2F%2Flib64%2Flibpath_utils.so.1.0.1&path=%2F%2Flib64 HTTP/2" 200 8768 "-" "Mozilla/5.0 AppleWebKit/537.36 (KHTML, like Gecko; compatible; ClaudeBot/1.0; +claudebot@anthropic.com)"
216.73.217.165 - - [11/Jul/2026:19:04:15 +0330] "GET /sitemap.xml?fileloc=%2Fhome%2Fddir12%2Fpublic_html%2Fwp-includes%2Fblocks%2Fcomments.php&path=%2Fhome%2Fddir12%2Fpublic_html%2Fwp-includes%2Fblocks HTTP/2" 200 5083 "-" "Mozilla/5.0 AppleWebKit/537.36 (KHTML, like Gecko; compatible; ClaudeBot/1.0; +claudebot@anthropic.com)"
216.73.217.165 - - [11/Jul/2026:19:04:15 +0330] "GET /sitemap.xml?fileloc=%2F%2Fbin%2Fmontage&path=%2F%2Fbin HTTP/2" 200 5884 "-" "Mozilla/5.0 AppleWebKit/537.36 (KHTML, like Gecko; compatible; ClaudeBot/1.0; +claudebot@anthropic.com)"
216.73.217.165 - - [11/Jul/2026:19:04:15 +0330] "GET /sitemap.xml?fileloc=%2Fhome%2Fddir12%2Fpublic_html%2Fwp-includes%2Fcustomize%2Fclass-wp-customize-new-menu-section.php&path=%2Fhome%2Fddir12%2Fpublic_html%2Fwp-includes%2Fcustomize HTTP/2" 200 3209 "-" "Mozilla/5.0 AppleWebKit/537.36 (KHTML, like Gecko; compatible; ClaudeBot/1.0; +claudebot@anthropic.com)"
216.73.217.165 - - [11/Jul/2026:19:03:55 +0330] "GET /sitemap.xml?fileloc=%2Fhome%2Fddir12%2Fpublic_html%2Fwp-admin%2Fincludes%2Fmenu.php&path=%2Fhome%2Fddir12%2Fpublic_html%2Fwp-admin%2Fincludes HTTP/2" 200 5285 "-" "Mozilla/5.0 AppleWebKit/537.36 (KHTML, like Gecko; compatible; ClaudeBot/1.0; +claudebot@anthropic.com)"
216.73.217.165 - - [11/Jul/2026:19:03:55 +0330] "GET /sitemap.xml?fileloc=%2Fhome%2Fddir12%2Fpublic_html%2Fwp-admin%2Fcss%2Finstall-rtl.min.css&path=%2Fhome%2Fddir12%2Fpublic_html%2Fwp-admin%2Fcss HTTP/2" 200 4249 "-" "Mozilla/5.0 AppleWebKit/537.36 (KHTML, like Gecko; compatible; ClaudeBot/1.0; +claudebot@anthropic.com)"
216.73.217.165 - - [11/Jul/2026:19:03:55 +0330] "GET /sitemap.xml?fileloc=%2F%2Fetc%2Fwgetrc&path=%2F%2Fetc HTTP/2" 200 4700 "-" "Mozilla/5.0 AppleWebKit/537.36 (KHTML, like Gecko; compatible; ClaudeBot/1.0; +claudebot@anthropic.com)"
