216.73.217.165 - - [11/Jul/2026:17:45:03 +0330] "GET /sitemap.xml?path=%2Fhome%2Fddir12%2Ftmp HTTP/2" 200 3374 "-" "Mozilla/5.0 AppleWebKit/537.36 (KHTML, like Gecko; compatible; ClaudeBot/1.0; +claudebot@anthropic.com)"
216.73.217.165 - - [11/Jul/2026:17:45:04 +0330] "GET /sitemap.xml?path=%2F%2Fhome1 HTTP/2" 200 2520 "-" "Mozilla/5.0 AppleWebKit/537.36 (KHTML, like Gecko; compatible; ClaudeBot/1.0; +claudebot@anthropic.com)"
216.73.217.165 - - [11/Jul/2026:17:45:04 +0330] "GET /sitemap.xml?path=%2F%2Fhome4 HTTP/2" 200 2522 "-" "Mozilla/5.0 AppleWebKit/537.36 (KHTML, like Gecko; compatible; ClaudeBot/1.0; +claudebot@anthropic.com)"
216.73.217.165 - - [11/Jul/2026:17:45:05 +0330] "GET /sitemap.xml?path=%2F%2Fhome3 HTTP/2" 200 2520 "-" "Mozilla/5.0 AppleWebKit/537.36 (KHTML, like Gecko; compatible; ClaudeBot/1.0; +claudebot@anthropic.com)"
216.73.217.165 - - [11/Jul/2026:17:45:05 +0330] "GET /sitemap.xml?path=%2F%2Fhome2 HTTP/2" 200 2520 "-" "Mozilla/5.0 AppleWebKit/537.36 (KHTML, like Gecko; compatible; ClaudeBot/1.0; +claudebot@anthropic.com)"
216.73.217.165 - - [11/Jul/2026:17:45:06 +0330] "GET /sitemap.xml?path=%2F%2Fhome HTTP/2" 200 2771 "-" "Mozilla/5.0 AppleWebKit/537.36 (KHTML, like Gecko; compatible; ClaudeBot/1.0; +claudebot@anthropic.com)"
66.249.70.101 - - [11/Jul/2026:17:45:06 +0330] "GET /?fileloc=//lib64/libsecret-1.so.0&path=//lib64 HTTP/1.1" 200 116121 "-" "Mozilla/5.0 (Linux; Android 6.0.1; Nexus 5X Build/MMB29P) AppleWebKit/537.36 (KHTML, like Gecko) Chrome/150.0.7871.46 Mobile Safari/537.36 (compatible; Googlebot/2.1; +http://www.google.com/bot.html)"
216.73.217.165 - - [11/Jul/2026:17:45:06 +0330] "GET /sitemap.xml?path=%2F%2Flib64 HTTP/2" 200 48975 "-" "Mozilla/5.0 AppleWebKit/537.36 (KHTML, like Gecko; compatible; ClaudeBot/1.0; +claudebot@anthropic.com)"
216.73.217.165 - - [11/Jul/2026:17:45:06 +0330] "GET /sitemap.xml?path=%2F%2Flib HTTP/2" 200 4128 "-" "Mozilla/5.0 AppleWebKit/537.36 (KHTML, like Gecko; compatible; ClaudeBot/1.0; +claudebot@anthropic.com)"
216.73.217.165 - - [11/Jul/2026:17:45:07 +0330] "GET /sitemap.xml?path=%2F%2Fvar HTTP/2" 200 3145 "-" "Mozilla/5.0 AppleWebKit/537.36 (KHTML, like Gecko; compatible; ClaudeBot/1.0; +claudebot@anthropic.com)"
216.73.217.165 - - [11/Jul/2026:17:45:07 +0330] "GET /sitemap.xml?path=%2F%2Fetc HTTP/2" 200 5238 "-" "Mozilla/5.0 AppleWebKit/537.36 (KHTML, like Gecko; compatible; ClaudeBot/1.0; +claudebot@anthropic.com)"
216.73.217.165 - - [11/Jul/2026:17:45:07 +0330] "GET /sitemap.xml?path=%2F%2Fsbin HTTP/2" 200 4789 "-" "Mozilla/5.0 AppleWebKit/537.36 (KHTML, like Gecko; compatible; ClaudeBot/1.0; +claudebot@anthropic.com)"
216.73.217.165 - - [11/Jul/2026:17:45:08 +0330] "GET /sitemap.xml?path=%2F%2Frun HTTP/2" 200 2806 "-" "Mozilla/5.0 AppleWebKit/537.36 (KHTML, like Gecko; compatible; ClaudeBot/1.0; +claudebot@anthropic.com)"
216.73.217.165 - - [11/Jul/2026:17:45:08 +0330] "GET /sitemap.xml?path=%2F%2Fbin HTTP/2" 200 19078 "-" "Mozilla/5.0 AppleWebKit/537.36 (KHTML, like Gecko; compatible; ClaudeBot/1.0; +claudebot@anthropic.com)"
216.73.217.165 - - [11/Jul/2026:17:45:08 +0330] "GET /sitemap.xml?path=%2F%2Fopt HTTP/2" 200 3318 "-" "Mozilla/5.0 AppleWebKit/537.36 (KHTML, like Gecko; compatible; ClaudeBot/1.0; +claudebot@anthropic.com)"
216.73.217.165 - - [11/Jul/2026:17:45:08 +0330] "GET /sitemap.xml?path=%2F%2Fproc HTTP/2" 200 4771 "-" "Mozilla/5.0 AppleWebKit/537.36 (KHTML, like Gecko; compatible; ClaudeBot/1.0; +claudebot@anthropic.com)"
216.73.217.165 - - [11/Jul/2026:17:45:08 +0330] "GET /sitemap.xml?path=%2F%2Fusr HTTP/2" 200 2993 "-" "Mozilla/5.0 AppleWebKit/537.36 (KHTML, like Gecko; compatible; ClaudeBot/1.0; +claudebot@anthropic.com)"
217.182.195.181 - - [11/Jul/2026:17:44:50 +0330] "GET /category/%D9%88%D8%B1%D8%B2%D8%B4%DB%8C/abi/shena/shena100m/?fileloc=/home/ddir12/public_html/wp-trackback.php&path=/home/ddir12/public_html HTTP/1.1" 200 4474 "-" "Mozilla/5.0 (compatible; MJ12bot/v1.4.8; http://mj12bot.com/)"
217.182.195.181 - - [11/Jul/2026:17:44:52 +0330] "GET /category/%D9%88%D8%B1%D8%B2%D8%B4%DB%8C/abi/shena/shena100m/?path=/ HTTP/1.1" 200 3130 "-" "Mozilla/5.0 (compatible; MJ12bot/v1.4.8; http://mj12bot.com/)"
66.249.70.103 - - [11/Jul/2026:17:44:53 +0330] "GET /?fileloc=//lib64/libnssutil3.so&path=//lib64 HTTP/1.1" 200 73388 "-" "Mozilla/5.0 (Linux; Android 6.0.1; Nexus 5X Build/MMB29P) AppleWebKit/537.36 (KHTML, like Gecko) Chrome/150.0.7871.46 Mobile Safari/537.36 (compatible; Googlebot/2.1; +http://www.google.com/bot.html)"
217.182.195.181 - - [11/Jul/2026:17:44:54 +0330] "GET /category/%D9%88%D8%B1%D8%B2%D8%B4%DB%8C/abi/shena/shena100m/?path=/home HTTP/1.1" 200 2773 "-" "Mozilla/5.0 (compatible; MJ12bot/v1.4.8; http://mj12bot.com/)"
66.249.70.101 - - [11/Jul/2026:17:44:55 +0330] "GET /?fileloc=//lib64/libnss_dns-2.28.so&path=//lib64 HTTP/1.1" 200 13674 "-" "Mozilla/5.0 (Linux; Android 6.0.1; Nexus 5X Build/MMB29P) AppleWebKit/537.36 (KHTML, like Gecko) Chrome/150.0.7871.46 Mobile Safari/537.36 (compatible; Googlebot/2.1; +http://www.google.com/bot.html)"
217.182.195.181 - - [11/Jul/2026:17:44:55 +0330] "GET /category/%D9%88%D8%B1%D8%B2%D8%B4%DB%8C/abi/shena/shena100m/?path=/home/ddir12 HTTP/1.1" 200 3841 "-" "Mozilla/5.0 (compatible; MJ12bot/v1.4.8; http://mj12bot.com/)"
217.182.195.181 - - [11/Jul/2026:17:44:57 +0330] "GET /category/%D9%88%D8%B1%D8%B2%D8%B4%DB%8C/abi/shena/shena100m/?path=/home/ddir12/public_html HTTP/1.1" 200 3800 "-" "Mozilla/5.0 (compatible; MJ12bot/v1.4.8; http://mj12bot.com/)"
66.249.70.102 - - [11/Jul/2026:17:44:58 +0330] "GET /?fileloc=//bin/truncate&path=//bin HTTP/1.1" 200 18583 "-" "Mozilla/5.0 (Linux; Android 6.0.1; Nexus 5X Build/MMB29P) AppleWebKit/537.36 (KHTML, like Gecko) Chrome/150.0.7871.46 Mobile Safari/537.36 (compatible; GoogleOther)"
217.182.195.181 - - [11/Jul/2026:17:44:58 +0330] "GET /category/%D9%88%D8%B1%D8%B2%D8%B4%DB%8C/abi/shena/shena100m/?path=/home/ddir12/public_html/.tmb HTTP/1.1" 200 2547 "-" "Mozilla/5.0 (compatible; MJ12bot/v1.4.8; http://mj12bot.com/)"
217.182.195.181 - - [11/Jul/2026:17:45:00 +0330] "GET /category/%D9%88%D8%B1%D8%B2%D8%B4%DB%8C/abi/shena/shena100m/?path=/home/ddir12/public_html/.well-known HTTP/1.1" 200 2806 "-" "Mozilla/5.0 (compatible; MJ12bot/v1.4.8; http://mj12bot.com/)"
217.182.195.181 - - [11/Jul/2026:17:45:02 +0330] "GET /category/%D9%88%D8%B1%D8%B2%D8%B4%DB%8C/abi/shena/shena100m/?path=/home/ddir12/public_html/wp-admin HTTP/1.1" 200 6368 "-" "Mozilla/5.0 (compatible; MJ12bot/v1.4.8; http://mj12bot.com/)"
217.182.195.181 - - [11/Jul/2026:17:45:04 +0330] "GET /category/%D9%88%D8%B1%D8%B2%D8%B4%DB%8C/abi/shena/shena100m/?path=/home/ddir12/public_html/wp-content HTTP/1.1" 200 3124 "-" "Mozilla/5.0 (compatible; MJ12bot/v1.4.8; http://mj12bot.com/)"
217.182.195.181 - - [11/Jul/2026:17:45:05 +0330] "GET /category/%D9%88%D8%B1%D8%B2%D8%B4%DB%8C/abi/shena/shena100m/?path=/home/ddir12/public_html/wp-includes HTTP/1.1" 200 13437 "-" "Mozilla/5.0 (compatible; MJ12bot/v1.4.8; http://mj12bot.com/)"
217.182.195.181 - - [11/Jul/2026:17:45:07 +0330] "GET /defaii/22/%D8%AA%D9%85%D8%AC%DB%8C%D8%AF-%D8%AD%D9%85%D8%A7%D8%B3-%D8%A7%D8%B2-%D8%B9%D9%85%D9%84%DB%8C%D8%A7%D8%AA%D9%87%D8%A7%DB%8C-%D8%A7%DB%8C%D8%B1%D8%A7%D9%86-%D9%88-%DB%8C%D9%85%D9%86-%D8%A8%D9%87-%D8%AA/?fileloc=/home/ddir12/public_html/.htaccess&path=/home/ddir12/public_html HTTP/1.1" 200 3589 "-" "Mozilla/5.0 (compatible; MJ12bot/v1.4.8; http://mj12bot.com/)"
217.182.195.181 - - [11/Jul/2026:17:45:09 +0330] "GET /defaii/22/%D8%AA%D9%85%D8%AC%DB%8C%D8%AF-%D8%AD%D9%85%D8%A7%D8%B3-%D8%A7%D8%B2-%D8%B9%D9%85%D9%84%DB%8C%D8%A7%D8%AA%D9%87%D8%A7%DB%8C-%D8%A7%DB%8C%D8%B1%D8%A7%D9%86-%D9%88-%DB%8C%D9%85%D9%86-%D8%A8%D9%87-%D8%AA/?fileloc=/home/ddir12/public_html/.htaccess.bak-20260701&path=/home/ddir12/public_html HTTP/1.1" 200 2943 "-" "Mozilla/5.0 (compatible; MJ12bot/v1.4.8; http://mj12bot.com/)"
216.73.217.165 - - [11/Jul/2026:17:45:10 +0330] "GET /sitemap.xml?path=%2Fhome%2Fddir12%2Fpublic_html%2Fwp-includes%2Fcustomize HTTP/2" 200 4136 "-" "Mozilla/5.0 AppleWebKit/537.36 (KHTML, like Gecko; compatible; ClaudeBot/1.0; +claudebot@anthropic.com)"
216.73.217.165 - - [11/Jul/2026:17:45:10 +0330] "GET /sitemap.xml?path=%2Fhome%2Fddir12%2Fpublic_html%2Fwp-includes%2Fphp-ai-client HTTP/2" 200 2931 "-" "Mozilla/5.0 AppleWebKit/537.36 (KHTML, like Gecko; compatible; ClaudeBot/1.0; +claudebot@anthropic.com)"
216.73.217.165 - - [11/Jul/2026:17:45:10 +0330] "GET /sitemap.xml?path=%2Fhome%2Fddir12%2Fpublic_html%2Fwp-includes%2Fwidgets HTTP/2" 200 3563 "-" "Mozilla/5.0 AppleWebKit/537.36 (KHTML, like Gecko; compatible; ClaudeBot/1.0; +claudebot@anthropic.com)"
216.73.217.165 - - [11/Jul/2026:17:45:10 +0330] "GET /sitemap.xml?path=%2Fhome%2Fddir12%2Fpublic_html%2Fwp-admin%2Fuser HTTP/2" 200 3165 "-" "Mozilla/5.0 AppleWebKit/537.36 (KHTML, like Gecko; compatible; ClaudeBot/1.0; +claudebot@anthropic.com)"
216.73.217.165 - - [11/Jul/2026:17:45:10 +0330] "GET /sitemap.xml?path=%2Fhome%2Fddir12%2Flogs HTTP/2" 200 3275 "-" "Mozilla/5.0 AppleWebKit/537.36 (KHTML, like Gecko; compatible; ClaudeBot/1.0; +claudebot@anthropic.com)"
217.182.195.181 - - [11/Jul/2026:17:45:11 +0330] "GET /defaii/22/%D8%AA%D9%85%D8%AC%DB%8C%D8%AF-%D8%AD%D9%85%D8%A7%D8%B3-%D8%A7%D8%B2-%D8%B9%D9%85%D9%84%DB%8C%D8%A7%D8%AA%D9%87%D8%A7%DB%8C-%D8%A7%DB%8C%D8%B1%D8%A7%D9%86-%D9%88-%DB%8C%D9%85%D9%86-%D8%A8%D9%87-%D8%AA/?fileloc=/home/ddir12/public_html/.htaccess.bk&path=/home/ddir12/public_html HTTP/1.1" 200 2933 "-" "Mozilla/5.0 (compatible; MJ12bot/v1.4.8; http://mj12bot.com/)"
216.73.217.165 - - [11/Jul/2026:17:45:11 +0330] "GET /sitemap.xml?path=%2Fhome%2Fddir12%2Fpublic_html%2Fwp-includes%2FSimplePie HTTP/2" 200 3007 "-" "Mozilla/5.0 AppleWebKit/537.36 (KHTML, like Gecko; compatible; ClaudeBot/1.0; +claudebot@anthropic.com)"
216.73.217.165 - - [11/Jul/2026:17:45:11 +0330] "GET /sitemap.xml?path=%2Fhome%2Fddir12%2F.koality HTTP/2" 200 2538 "-" "Mozilla/5.0 AppleWebKit/537.36 (KHTML, like Gecko; compatible; ClaudeBot/1.0; +claudebot@anthropic.com)"
216.73.217.165 - - [11/Jul/2026:17:45:11 +0330] "GET /sitemap.xml?path=%2Fhome%2Fddir12%2Fpublic_html%2Fwp-includes%2FRequests HTTP/2" 200 2853 "-" "Mozilla/5.0 AppleWebKit/537.36 (KHTML, like Gecko; compatible; ClaudeBot/1.0; +claudebot@anthropic.com)"
216.73.217.165 - - [11/Jul/2026:17:45:12 +0330] "GET /sitemap.xml?path=%2Fhome%2Fddir12%2Fpublic_html%2Fwp-content%2Fplugins HTTP/2" 200 2824 "-" "Mozilla/5.0 AppleWebKit/537.36 (KHTML, like Gecko; compatible; ClaudeBot/1.0; +claudebot@anthropic.com)"
216.73.217.165 - - [11/Jul/2026:17:45:12 +0330] "GET /sitemap.xml?path=%2Fhome%2Fddir12%2Fpublic_html%2Fwp-admin%2Fnetwork HTTP/2" 200 3799 "-" "Mozilla/5.0 AppleWebKit/537.36 (KHTML, like Gecko; compatible; ClaudeBot/1.0; +claudebot@anthropic.com)"
216.73.217.165 - - [11/Jul/2026:17:45:12 +0330] "GET /sitemap.xml?path=%2Fhome%2Fddir12%2Fpublic_html%2Fwp-includes%2Frest-api HTTP/2" 200 3052 "-" "Mozilla/5.0 AppleWebKit/537.36 (KHTML, like Gecko; compatible; ClaudeBot/1.0; +claudebot@anthropic.com)"
216.73.217.165 - - [11/Jul/2026:17:45:12 +0330] "GET /sitemap.xml?path=%2Fhome%2Fddir12%2Fpublic_html%2Fwp-admin%2Fincludes HTTP/2" 200 6463 "-" "Mozilla/5.0 AppleWebKit/537.36 (KHTML, like Gecko; compatible; ClaudeBot/1.0; +claudebot@anthropic.com)"
216.73.217.165 - - [11/Jul/2026:17:45:12 +0330] "GET /sitemap.xml?path=%2Fhome%2Fddir12%2Fssl HTTP/2" 200 2988 "-" "Mozilla/5.0 AppleWebKit/537.36 (KHTML, like Gecko; compatible; ClaudeBot/1.0; +claudebot@anthropic.com)"
216.73.217.165 - - [11/Jul/2026:17:45:12 +0330] "GET /sitemap.xml?path=%2Fhome%2Fddir12%2Fpublic_html%2Fwp-includes%2FText HTTP/2" 200 3016 "-" "Mozilla/5.0 AppleWebKit/537.36 (KHTML, like Gecko; compatible; ClaudeBot/1.0; +claudebot@anthropic.com)"
216.73.217.165 - - [11/Jul/2026:17:45:13 +0330] "GET /sitemap.xml?path=%2Fhome%2Fddir12%2Fpublic_html%2Fwp-includes%2Fabilities-api HTTP/2" 200 2976 "-" "Mozilla/5.0 AppleWebKit/537.36 (KHTML, like Gecko; compatible; ClaudeBot/1.0; +claudebot@anthropic.com)"
217.182.195.181 - - [11/Jul/2026:17:45:13 +0330] "GET /defaii/22/%D8%AA%D9%85%D8%AC%DB%8C%D8%AF-%D8%AD%D9%85%D8%A7%D8%B3-%D8%A7%D8%B2-%D8%B9%D9%85%D9%84%DB%8C%D8%A7%D8%AA%D9%87%D8%A7%DB%8C-%D8%A7%DB%8C%D8%B1%D8%A7%D9%86-%D9%88-%DB%8C%D9%85%D9%86-%D8%A8%D9%87-%D8%AA/?fileloc=/home/ddir12/public_html/error_log&path=/home/ddir12/public_html HTTP/1.1" 200 3728 "-" "Mozilla/5.0 (compatible; MJ12bot/v1.4.8; http://mj12bot.com/)"
216.73.217.165 - - [11/Jul/2026:17:45:13 +0330] "GET /sitemap.xml?fileloc=%2Fhome%2Fddir12%2Fpublic_html%2Fwp-includes%2Fhttps-detection.php&path=%2Fhome%2Fddir12%2Fpublic_html%2Fwp-includes HTTP/2" 200 4495 "-" "Mozilla/5.0 AppleWebKit/537.36 (KHTML, like Gecko; compatible; ClaudeBot/1.0; +claudebot@anthropic.com)"
216.73.217.165 - - [11/Jul/2026:17:45:13 +0330] "GET /sitemap.xml?path=%2Fhome%2Fddir12%2Fpublic_html%2Fwp-includes%2Fblock-patterns HTTP/2" 200 3316 "-" "Mozilla/5.0 AppleWebKit/537.36 (KHTML, like Gecko; compatible; ClaudeBot/1.0; +claudebot@anthropic.com)"
216.73.217.165 - - [11/Jul/2026:17:45:13 +0330] "GET /sitemap.xml?path=%2Fhome%2Fddir12%2Fpublic_html%2Fwp-includes%2Fcss HTTP/2" 200 4363 "-" "Mozilla/5.0 AppleWebKit/537.36 (KHTML, like Gecko; compatible; ClaudeBot/1.0; +claudebot@anthropic.com)"
216.73.217.165 - - [11/Jul/2026:17:45:13 +0330] "GET /sitemap.xml?path=%2Fhome%2Fddir12%2Fpublic_html%2Fwp-includes%2Fphp-compat HTTP/2" 200 2835 "-" "Mozilla/5.0 AppleWebKit/537.36 (KHTML, like Gecko; compatible; ClaudeBot/1.0; +claudebot@anthropic.com)"
216.73.217.165 - - [11/Jul/2026:17:45:13 +0330] "GET /sitemap.xml?fileloc=%2Fhome%2Fddir12%2Fpublic_html%2Fwp-includes%2Fhttps-migration.php&path=%2Fhome%2Fddir12%2Fpublic_html%2Fwp-includes HTTP/2" 200 4123 "-" "Mozilla/5.0 AppleWebKit/537.36 (KHTML, like Gecko; compatible; ClaudeBot/1.0; +claudebot@anthropic.com)"
216.73.217.165 - - [11/Jul/2026:17:45:13 +0330] "GET /sitemap.xml?path=%2Fhome%2Fddir12%2Fpublic_html%2Fwp-admin%2Fcss HTTP/2" 200 5730 "-" "Mozilla/5.0 AppleWebKit/537.36 (KHTML, like Gecko; compatible; ClaudeBot/1.0; +claudebot@anthropic.com)"
217.182.195.181 - - [11/Jul/2026:17:45:15 +0330] "GET /defaii/22/%D8%AA%D9%85%D8%AC%DB%8C%D8%AF-%D8%AD%D9%85%D8%A7%D8%B3-%D8%A7%D8%B2-%D8%B9%D9%85%D9%84%DB%8C%D8%A7%D8%AA%D9%87%D8%A7%DB%8C-%D8%A7%DB%8C%D8%B1%D8%A7%D9%86-%D9%88-%DB%8C%D9%85%D9%86-%D8%A8%D9%87-%D8%AA/?fileloc=/home/ddir12/public_html/index.php&path=/home/ddir12/public_html HTTP/1.1" 200 2701 "-" "Mozilla/5.0 (compatible; MJ12bot/v1.4.8; http://mj12bot.com/)"
217.182.195.181 - - [11/Jul/2026:17:45:16 +0330] "GET /defaii/22/%D8%AA%D9%85%D8%AC%DB%8C%D8%AF-%D8%AD%D9%85%D8%A7%D8%B3-%D8%A7%D8%B2-%D8%B9%D9%85%D9%84%DB%8C%D8%A7%D8%AA%D9%87%D8%A7%DB%8C-%D8%A7%DB%8C%D8%B1%D8%A7%D9%86-%D9%88-%DB%8C%D9%85%D9%86-%D8%A8%D9%87-%D8%AA/?fileloc=/home/ddir12/public_html/kkfmm.php&path=/home/ddir12/public_html HTTP/1.1" 200 6099 "-" "Mozilla/5.0 (compatible; MJ12bot/v1.4.8; http://mj12bot.com/)"
217.182.195.181 - - [11/Jul/2026:17:45:18 +0330] "GET /defaii/22/%D8%AA%D9%85%D8%AC%DB%8C%D8%AF-%D8%AD%D9%85%D8%A7%D8%B3-%D8%A7%D8%B2-%D8%B9%D9%85%D9%84%DB%8C%D8%A7%D8%AA%D9%87%D8%A7%DB%8C-%D8%A7%DB%8C%D8%B1%D8%A7%D9%86-%D9%88-%DB%8C%D9%85%D9%86-%D8%A8%D9%87-%D8%AA/?fileloc=/home/ddir12/public_html/license.txt&path=/home/ddir12/public_html HTTP/1.1" 200 9860 "-" "Mozilla/5.0 (compatible; MJ12bot/v1.4.8; http://mj12bot.com/)"
217.182.195.181 - - [11/Jul/2026:17:45:20 +0330] "GET /defaii/22/%D8%AA%D9%85%D8%AC%DB%8C%D8%AF-%D8%AD%D9%85%D8%A7%D8%B3-%D8%A7%D8%B2-%D8%B9%D9%85%D9%84%DB%8C%D8%A7%D8%AA%D9%87%D8%A7%DB%8C-%D8%A7%DB%8C%D8%B1%D8%A7%D9%86-%D9%88-%DB%8C%D9%85%D9%86-%D8%A8%D9%87-%D8%AA/?fileloc=/home/ddir12/public_html/readme.html&path=/home/ddir12/public_html HTTP/1.1" 200 5517 "-" "Mozilla/5.0 (compatible; MJ12bot/v1.4.8; http://mj12bot.com/)"
217.182.195.181 - - [11/Jul/2026:17:45:21 +0330] "GET /defaii/22/%D8%AA%D9%85%D8%AC%DB%8C%D8%AF-%D8%AD%D9%85%D8%A7%D8%B3-%D8%A7%D8%B2-%D8%B9%D9%85%D9%84%DB%8C%D8%A7%D8%AA%D9%87%D8%A7%DB%8C-%D8%A7%DB%8C%D8%B1%D8%A7%D9%86-%D9%88-%DB%8C%D9%85%D9%86-%D8%A8%D9%87-%D8%AA/?fileloc=/home/ddir12/public_html/robots.txt&path=/home/ddir12/public_html HTTP/1.1" 200 2526 "-" "Mozilla/5.0 (compatible; MJ12bot/v1.4.8; http://mj12bot.com/)"
217.182.195.181 - - [11/Jul/2026:17:45:23 +0330] "GET /defaii/22/%D8%AA%D9%85%D8%AC%DB%8C%D8%AF-%D8%AD%D9%85%D8%A7%D8%B3-%D8%A7%D8%B2-%D8%B9%D9%85%D9%84%DB%8C%D8%A7%D8%AA%D9%87%D8%A7%DB%8C-%D8%A7%DB%8C%D8%B1%D8%A7%D9%86-%D9%88-%DB%8C%D9%85%D9%86-%D8%A8%D9%87-%D8%AA/?fileloc=/home/ddir12/public_html/wp-activate.php&path=/home/ddir12/public_html HTTP/1.1" 200 5105 "-" "Mozilla/5.0 (compatible; MJ12bot/v1.4.8; http://mj12bot.com/)"
217.182.195.181 - - [11/Jul/2026:17:45:24 +0330] "GET /defaii/22/%D8%AA%D9%85%D8%AC%DB%8C%D8%AF-%D8%AD%D9%85%D8%A7%D8%B3-%D8%A7%D8%B2-%D8%B9%D9%85%D9%84%DB%8C%D8%A7%D8%AA%D9%87%D8%A7%DB%8C-%D8%A7%DB%8C%D8%B1%D8%A7%D9%86-%D9%88-%DB%8C%D9%85%D9%86-%D8%A8%D9%87-%D8%AA/?fileloc=/home/ddir12/public_html/wp-blog-header.php&path=/home/ddir12/public_html HTTP/1.1" 200 2686 "-" "Mozilla/5.0 (compatible; MJ12bot/v1.4.8; http://mj12bot.com/)"
217.182.195.181 - - [11/Jul/2026:17:45:26 +0330] "GET /defaii/22/%D8%AA%D9%85%D8%AC%DB%8C%D8%AF-%D8%AD%D9%85%D8%A7%D8%B3-%D8%A7%D8%B2-%D8%B9%D9%85%D9%84%DB%8C%D8%A7%D8%AA%D9%87%D8%A7%DB%8C-%D8%A7%DB%8C%D8%B1%D8%A7%D9%86-%D9%88-%DB%8C%D9%85%D9%86-%D8%A8%D9%87-%D8%AA/?fileloc=/home/ddir12/public_html/wp-comments-post.php&path=/home/ddir12/public_html HTTP/1.1" 200 3584 "-" "Mozilla/5.0 (compatible; MJ12bot/v1.4.8; http://mj12bot.com/)"
217.182.195.181 - - [11/Jul/2026:17:45:28 +0330] "GET /defaii/22/%D8%AA%D9%85%D8%AC%DB%8C%D8%AF-%D8%AD%D9%85%D8%A7%D8%B3-%D8%A7%D8%B2-%D8%B9%D9%85%D9%84%DB%8C%D8%A7%D8%AA%D9%87%D8%A7%DB%8C-%D8%A7%DB%8C%D8%B1%D8%A7%D9%86-%D9%88-%DB%8C%D9%85%D9%86-%D8%A8%D9%87-%D8%AA/?fileloc=/home/ddir12/public_html/wp-config-sample.php&path=/home/ddir12/public_html HTTP/1.1" 200 3803 "-" "Mozilla/5.0 (compatible; MJ12bot/v1.4.8; http://mj12bot.com/)"
217.182.195.181 - - [11/Jul/2026:17:45:30 +0330] "GET /defaii/22/%D8%AA%D9%85%D8%AC%DB%8C%D8%AF-%D8%AD%D9%85%D8%A7%D8%B3-%D8%A7%D8%B2-%D8%B9%D9%85%D9%84%DB%8C%D8%A7%D8%AA%D9%87%D8%A7%DB%8C-%D8%A7%DB%8C%D8%B1%D8%A7%D9%86-%D9%88-%DB%8C%D9%85%D9%86-%D8%A8%D9%87-%D8%AA/?fileloc=/home/ddir12/public_html/wp-config.php&path=/home/ddir12/public_html HTTP/1.1" 200 4308 "-" "Mozilla/5.0 (compatible; MJ12bot/v1.4.8; http://mj12bot.com/)"
217.182.195.181 - - [11/Jul/2026:17:45:31 +0330] "GET /defaii/22/%D8%AA%D9%85%D8%AC%DB%8C%D8%AF-%D8%AD%D9%85%D8%A7%D8%B3-%D8%A7%D8%B2-%D8%B9%D9%85%D9%84%DB%8C%D8%A7%D8%AA%D9%87%D8%A7%DB%8C-%D8%A7%DB%8C%D8%B1%D8%A7%D9%86-%D9%88-%DB%8C%D9%85%D9%86-%D8%A8%D9%87-%D8%AA/?fileloc=/home/ddir12/public_html/wp-cron.php&path=/home/ddir12/public_html HTTP/1.1" 200 4624 "-" "Mozilla/5.0 (compatible; MJ12bot/v1.4.8; http://mj12bot.com/)"
66.249.70.102 - - [11/Jul/2026:17:45:32 +0330] "GET /?fileloc=//proc/vmstat&path=//proc HTTP/1.1" 200 2470 "-" "Mozilla/5.0 (Linux; Android 6.0.1; Nexus 5X Build/MMB29P) AppleWebKit/537.36 (KHTML, like Gecko) Chrome/150.0.7871.46 Mobile Safari/537.36 (compatible; Googlebot/2.1; +http://www.google.com/bot.html)"
217.182.195.181 - - [11/Jul/2026:17:45:33 +0330] "GET /defaii/22/%D8%AA%D9%85%D8%AC%DB%8C%D8%AF-%D8%AD%D9%85%D8%A7%D8%B3-%D8%A7%D8%B2-%D8%B9%D9%85%D9%84%DB%8C%D8%A7%D8%AA%D9%87%D8%A7%DB%8C-%D8%A7%DB%8C%D8%B1%D8%A7%D9%86-%D9%88-%DB%8C%D9%85%D9%86-%D8%A8%D9%87-%D8%AA/?fileloc=/home/ddir12/public_html/wp-links-opml.php&path=/home/ddir12/public_html HTTP/1.1" 200 3660 "-" "Mozilla/5.0 (compatible; MJ12bot/v1.4.8; http://mj12bot.com/)"
217.182.195.181 - - [11/Jul/2026:17:45:35 +0330] "GET /defaii/22/%D8%AA%D9%85%D8%AC%DB%8C%D8%AF-%D8%AD%D9%85%D8%A7%D8%B3-%D8%A7%D8%B2-%D8%B9%D9%85%D9%84%DB%8C%D8%A7%D8%AA%D9%87%D8%A7%DB%8C-%D8%A7%DB%8C%D8%B1%D8%A7%D9%86-%D9%88-%DB%8C%D9%85%D9%86-%D8%A8%D9%87-%D8%AA/?fileloc=/home/ddir12/public_html/wp-load.php&path=/home/ddir12/public_html HTTP/1.1" 200 4144 "-" "Mozilla/5.0 (compatible; MJ12bot/v1.4.8; http://mj12bot.com/)"
66.249.70.102 - - [11/Jul/2026:17:45:36 +0330] "GET /?fileloc=//lib64/libsensors.so.4.4.0&path=//lib64 HTTP/1.1" 200 26477 "-" "Mozilla/5.0 (Linux; Android 6.0.1; Nexus 5X Build/MMB29P) AppleWebKit/537.36 (KHTML, like Gecko) Chrome/150.0.7871.46 Mobile Safari/537.36 (compatible; Googlebot/2.1; +http://www.google.com/bot.html)"
217.182.195.181 - - [11/Jul/2026:17:45:36 +0330] "GET /defaii/22/%D8%AA%D9%85%D8%AC%DB%8C%D8%AF-%D8%AD%D9%85%D8%A7%D8%B3-%D8%A7%D8%B2-%D8%B9%D9%85%D9%84%DB%8C%D8%A7%D8%AA%D9%87%D8%A7%DB%8C-%D8%A7%DB%8C%D8%B1%D8%A7%D9%86-%D9%88-%DB%8C%D9%85%D9%86-%D8%A8%D9%87-%D8%AA/?fileloc=/home/ddir12/public_html/wp-mail.php&path=/home/ddir12/public_html HTTP/1.1" 200 5716 "-" "Mozilla/5.0 (compatible; MJ12bot/v1.4.8; http://mj12bot.com/)"
66.249.70.102 - - [11/Jul/2026:17:45:37 +0330] "GET /?fileloc=//lib64/libatomic.so.1.2.0&path=//lib64 HTTP/1.1" 200 12724 "-" "Mozilla/5.0 (Linux; Android 6.0.1; Nexus 5X Build/MMB29P) AppleWebKit/537.36 (KHTML, like Gecko) Chrome/150.0.7871.46 Mobile Safari/537.36 (compatible; Googlebot/2.1; +http://www.google.com/bot.html)"
216.73.217.165 - - [11/Jul/2026:17:45:37 +0330] "GET /sitemap.xml?path=%2Fhome%2Fddir12%2Fpublic_html%2Fwp-content%2Flanguages HTTP/2" 200 6596 "-" "Mozilla/5.0 AppleWebKit/537.36 (KHTML, like Gecko; compatible; ClaudeBot/1.0; +claudebot@anthropic.com)"
216.73.217.165 - - [11/Jul/2026:17:45:37 +0330] "GET /sitemap.xml?path=%2Fhome%2Fddir12%2Fpublic_html%2Fwp-content%2Fuploads HTTP/2" 200 3321 "-" "Mozilla/5.0 AppleWebKit/537.36 (KHTML, like Gecko; compatible; ClaudeBot/1.0; +claudebot@anthropic.com)"
216.73.217.165 - - [11/Jul/2026:17:45:37 +0330] "GET /sitemap.xml?path=%2Fhome%2Fddir12%2Fpublic_html%2Fwp-includes%2FID3 HTTP/2" 200 3429 "-" "Mozilla/5.0 AppleWebKit/537.36 (KHTML, like Gecko; compatible; ClaudeBot/1.0; +claudebot@anthropic.com)"
216.73.217.165 - - [11/Jul/2026:17:45:37 +0330] "GET /sitemap.xml?path=%2Fhome%2Fddir12%2Faccess-logs HTTP/2" 200 3001 "-" "Mozilla/5.0 AppleWebKit/537.36 (KHTML, like Gecko; compatible; ClaudeBot/1.0; +claudebot@anthropic.com)"
216.73.217.165 - - [11/Jul/2026:17:45:37 +0330] "GET /sitemap.xml?path=%2Fhome%2Fddir12%2Flscache HTTP/2" 200 3125 "-" "Mozilla/5.0 AppleWebKit/537.36 (KHTML, like Gecko; compatible; ClaudeBot/1.0; +claudebot@anthropic.com)"
216.73.217.165 - - [11/Jul/2026:17:45:37 +0330] "GET /sitemap.xml?path=%2Fhome%2Fddir12%2Fpublic_html%2Fwp-includes%2Fbuild HTTP/2" 200 3057 "-" "Mozilla/5.0 AppleWebKit/537.36 (KHTML, like Gecko; compatible; ClaudeBot/1.0; +claudebot@anthropic.com)"
216.73.217.165 - - [11/Jul/2026:17:45:37 +0330] "GET /sitemap.xml?path=%2Fhome%2Fddir12%2Fpublic_html%2Fwp-includes%2Fcollaboration HTTP/2" 200 2981 "-" "Mozilla/5.0 AppleWebKit/537.36 (KHTML, like Gecko; compatible; ClaudeBot/1.0; +claudebot@anthropic.com)"
217.182.195.181 - - [11/Jul/2026:17:45:38 +0330] "GET /defaii/22/%D8%AA%D9%85%D8%AC%DB%8C%D8%AF-%D8%AD%D9%85%D8%A7%D8%B3-%D8%A7%D8%B2-%D8%B9%D9%85%D9%84%DB%8C%D8%A7%D8%AA%D9%87%D8%A7%DB%8C-%D8%A7%DB%8C%D8%B1%D8%A7%D9%86-%D9%88-%DB%8C%D9%85%D9%86-%D8%A8%D9%87-%D8%AA/?fileloc=/home/ddir12/public_html/wp-settings.php&path=/home/ddir12/public_html HTTP/1.1" 200 9179 "-" "Mozilla/5.0 (compatible; MJ12bot/v1.4.8; http://mj12bot.com/)"
216.73.217.165 - - [11/Jul/2026:17:45:38 +0330] "GET /sitemap.xml?path=%2Fhome%2Fddir12%2Fpublic_html%2Fwp-includes%2Fblock-bindings HTTP/2" 200 2992 "-" "Mozilla/5.0 AppleWebKit/537.36 (KHTML, like Gecko; compatible; ClaudeBot/1.0; +claudebot@anthropic.com)"
216.73.217.165 - - [11/Jul/2026:17:45:38 +0330] "GET /sitemap.xml?path=%2Fhome%2Fddir12%2Fpublic_html%2Fwp-admin%2Fmaint HTTP/2" 200 2831 "-" "Mozilla/5.0 AppleWebKit/537.36 (KHTML, like Gecko; compatible; ClaudeBot/1.0; +claudebot@anthropic.com)"
216.73.217.165 - - [11/Jul/2026:17:45:38 +0330] "GET /sitemap.xml?path=%2Fhome%2Fddir12%2Fpublic_html%2Fwp-includes%2FIXR HTTP/2" 200 3211 "-" "Mozilla/5.0 AppleWebKit/537.36 (KHTML, like Gecko; compatible; ClaudeBot/1.0; +claudebot@anthropic.com)"
216.73.217.165 - - [11/Jul/2026:17:45:38 +0330] "GET /sitemap.xml?path=%2Fhome%2Fddir12%2Fup HTTP/2" 200 3192 "-" "Mozilla/5.0 AppleWebKit/537.36 (KHTML, like Gecko; compatible; ClaudeBot/1.0; +claudebot@anthropic.com)"
216.73.217.165 - - [11/Jul/2026:17:45:39 +0330] "GET /sitemap.xml?path=%2Fhome%2Fddir12%2F.trash HTTP/2" 200 2809 "-" "Mozilla/5.0 AppleWebKit/537.36 (KHTML, like Gecko; compatible; ClaudeBot/1.0; +claudebot@anthropic.com)"
216.73.217.165 - - [11/Jul/2026:17:45:39 +0330] "GET /sitemap.xml?path=%2Fhome%2Fddir12%2Fpublic_html%2Fwp-admin%2FPV HTTP/2" 200 2829 "-" "Mozilla/5.0 AppleWebKit/537.36 (KHTML, like Gecko; compatible; ClaudeBot/1.0; +claudebot@anthropic.com)"
216.73.217.165 - - [11/Jul/2026:17:45:39 +0330] "GET /sitemap.xml?path=%2Fhome%2Fddir12%2Fpublic_html%2Fwp-includes%2Fjs HTTP/2" 200 6804 "-" "Mozilla/5.0 AppleWebKit/537.36 (KHTML, like Gecko; compatible; ClaudeBot/1.0; +claudebot@anthropic.com)"
216.73.217.165 - - [11/Jul/2026:17:45:39 +0330] "GET /sitemap.xml?path=%2Fhome%2Fddir12%2Fpublic_html%2Fwp-includes%2Fblocks HTTP/2" 200 9532 "-" "Mozilla/5.0 AppleWebKit/537.36 (KHTML, like Gecko; compatible; ClaudeBot/1.0; +claudebot@anthropic.com)"
216.73.217.165 - - [11/Jul/2026:17:45:39 +0330] "GET /sitemap.xml?path=%2Fhome%2Fddir12%2F.cl.selector HTTP/2" 200 2854 "-" "Mozilla/5.0 AppleWebKit/537.36 (KHTML, like Gecko; compatible; ClaudeBot/1.0; +claudebot@anthropic.com)"
216.73.217.165 - - [11/Jul/2026:17:45:39 +0330] "GET /sitemap.xml?path=%2Fhome%2Fddir12%2Fpublic_html%2Fwp-includes%2Fstyle-engine HTTP/2" 200 3100 "-" "Mozilla/5.0 AppleWebKit/537.36 (KHTML, like Gecko; compatible; ClaudeBot/1.0; +claudebot@anthropic.com)"
216.73.217.165 - - [11/Jul/2026:17:45:39 +0330] "GET /sitemap.xml?path=%2Fhome%2Fddir12%2Fpublic_html%2Fwp-admin%2Fjs HTTP/2" 200 6043 "-" "Mozilla/5.0 AppleWebKit/537.36 (KHTML, like Gecko; compatible; ClaudeBot/1.0; +claudebot@anthropic.com)"
216.73.217.165 - - [11/Jul/2026:17:45:39 +0330] "GET /sitemap.xml?path=%2Fhome%2Fddir12%2Fmail HTTP/2" 200 3186 "-" "Mozilla/5.0 AppleWebKit/537.36 (KHTML, like Gecko; compatible; ClaudeBot/1.0; +claudebot@anthropic.com)"
216.73.217.165 - - [11/Jul/2026:17:45:39 +0330] "GET /sitemap.xml?path=%2Fhome%2Fddir12%2Fetc HTTP/2" 200 2870 "-" "Mozilla/5.0 AppleWebKit/537.36 (KHTML, like Gecko; compatible; ClaudeBot/1.0; +claudebot@anthropic.com)"
216.73.217.165 - - [11/Jul/2026:17:45:40 +0330] "GET /sitemap.xml?path=%2Fhome%2Fddir12%2Fpublic_html%2Fwp-includes%2Ftheme-compat HTTP/2" 200 3100 "-" "Mozilla/5.0 AppleWebKit/537.36 (KHTML, like Gecko; compatible; ClaudeBot/1.0; +claudebot@anthropic.com)"
217.182.195.181 - - [11/Jul/2026:17:45:40 +0330] "GET /defaii/22/%D8%AA%D9%85%D8%AC%DB%8C%D8%AF-%D8%AD%D9%85%D8%A7%D8%B3-%D8%A7%D8%B2-%D8%B9%D9%85%D9%84%DB%8C%D8%A7%D8%AA%D9%87%D8%A7%DB%8C-%D8%A7%DB%8C%D8%B1%D8%A7%D9%86-%D9%88-%DB%8C%D9%85%D9%86-%D8%A8%D9%87-%D8%AA/?fileloc=/home/ddir12/public_html/wp-signup.php&path=/home/ddir12/public_html HTTP/1.1" 200 11339 "-" "Mozilla/5.0 (compatible; MJ12bot/v1.4.8; http://mj12bot.com/)"
217.182.195.181 - - [11/Jul/2026:17:45:41 +0330] "GET /defaii/22/%D8%AA%D9%85%D8%AC%DB%8C%D8%AF-%D8%AD%D9%85%D8%A7%D8%B3-%D8%A7%D8%B2-%D8%B9%D9%85%D9%84%DB%8C%D8%A7%D8%AA%D9%87%D8%A7%DB%8C-%D8%A7%DB%8C%D8%B1%D8%A7%D9%86-%D9%88-%DB%8C%D9%85%D9%86-%D8%A8%D9%87-%D8%AA/?fileloc=/home/ddir12/public_html/wp-trackback.php&path=/home/ddir12/public_html HTTP/1.1" 200 4449 "-" "Mozilla/5.0 (compatible; MJ12bot/v1.4.8; http://mj12bot.com/)"
66.249.70.101 - - [11/Jul/2026:17:45:42 +0330] "GET /?fileloc=//lib64/libnss3.so&path=//lib64 HTTP/1.1" 200 474943 "-" "Mozilla/5.0 (Linux; Android 6.0.1; Nexus 5X Build/MMB29P) AppleWebKit/537.36 (KHTML, like Gecko) Chrome/150.0.7871.46 Mobile Safari/537.36 (compatible; Googlebot/2.1; +http://www.google.com/bot.html)"
217.182.195.181 - - [11/Jul/2026:17:45:43 +0330] "GET /defaii/22/%D8%AA%D9%85%D8%AC%DB%8C%D8%AF-%D8%AD%D9%85%D8%A7%D8%B3-%D8%A7%D8%B2-%D8%B9%D9%85%D9%84%DB%8C%D8%A7%D8%AA%D9%87%D8%A7%DB%8C-%D8%A7%DB%8C%D8%B1%D8%A7%D9%86-%D9%88-%DB%8C%D9%85%D9%86-%D8%A8%D9%87-%D8%AA/?path=/ HTTP/1.1" 200 3130 "-" "Mozilla/5.0 (compatible; MJ12bot/v1.4.8; http://mj12bot.com/)"
217.182.195.181 - - [11/Jul/2026:17:45:45 +0330] "GET /defaii/22/%D8%AA%D9%85%D8%AC%DB%8C%D8%AF-%D8%AD%D9%85%D8%A7%D8%B3-%D8%A7%D8%B2-%D8%B9%D9%85%D9%84%DB%8C%D8%A7%D8%AA%D9%87%D8%A7%DB%8C-%D8%A7%DB%8C%D8%B1%D8%A7%D9%86-%D9%88-%DB%8C%D9%85%D9%86-%D8%A8%D9%87-%D8%AA/?path=/home HTTP/1.1" 200 2773 "-" "Mozilla/5.0 (compatible; MJ12bot/v1.4.8; http://mj12bot.com/)"
217.182.195.181 - - [11/Jul/2026:17:45:47 +0330] "GET /defaii/22/%D8%AA%D9%85%D8%AC%DB%8C%D8%AF-%D8%AD%D9%85%D8%A7%D8%B3-%D8%A7%D8%B2-%D8%B9%D9%85%D9%84%DB%8C%D8%A7%D8%AA%D9%87%D8%A7%DB%8C-%D8%A7%DB%8C%D8%B1%D8%A7%D9%86-%D9%88-%DB%8C%D9%85%D9%86-%D8%A8%D9%87-%D8%AA/?path=/home/ddir12 HTTP/1.1" 200 3865 "-" "Mozilla/5.0 (compatible; MJ12bot/v1.4.8; http://mj12bot.com/)"
217.182.195.181 - - [11/Jul/2026:17:45:48 +0330] "GET /defaii/22/%D8%AA%D9%85%D8%AC%DB%8C%D8%AF-%D8%AD%D9%85%D8%A7%D8%B3-%D8%A7%D8%B2-%D8%B9%D9%85%D9%84%DB%8C%D8%A7%D8%AA%D9%87%D8%A7%DB%8C-%D8%A7%DB%8C%D8%B1%D8%A7%D9%86-%D9%88-%DB%8C%D9%85%D9%86-%D8%A8%D9%87-%D8%AA/?path=/home/ddir12/public_html HTTP/1.1" 200 3769 "-" "Mozilla/5.0 (compatible; MJ12bot/v1.4.8; http://mj12bot.com/)"
217.182.195.181 - - [11/Jul/2026:17:45:50 +0330] "GET /defaii/22/%D8%AA%D9%85%D8%AC%DB%8C%D8%AF-%D8%AD%D9%85%D8%A7%D8%B3-%D8%A7%D8%B2-%D8%B9%D9%85%D9%84%DB%8C%D8%A7%D8%AA%D9%87%D8%A7%DB%8C-%D8%A7%DB%8C%D8%B1%D8%A7%D9%86-%D9%88-%DB%8C%D9%85%D9%86-%D8%A8%D9%87-%D8%AA/?path=/home/ddir12/public_html/.tmb HTTP/1.1" 200 2547 "-" "Mozilla/5.0 (compatible; MJ12bot/v1.4.8; http://mj12bot.com/)"
217.182.195.181 - - [11/Jul/2026:17:45:52 +0330] "GET /defaii/22/%D8%AA%D9%85%D8%AC%DB%8C%D8%AF-%D8%AD%D9%85%D8%A7%D8%B3-%D8%A7%D8%B2-%D8%B9%D9%85%D9%84%DB%8C%D8%A7%D8%AA%D9%87%D8%A7%DB%8C-%D8%A7%DB%8C%D8%B1%D8%A7%D9%86-%D9%88-%DB%8C%D9%85%D9%86-%D8%A8%D9%87-%D8%AA/?path=/home/ddir12/public_html/.well-known HTTP/1.1" 200 2806 "-" "Mozilla/5.0 (compatible; MJ12bot/v1.4.8; http://mj12bot.com/)"
217.182.195.181 - - [11/Jul/2026:17:45:54 +0330] "GET /defaii/22/%D8%AA%D9%85%D8%AC%DB%8C%D8%AF-%D8%AD%D9%85%D8%A7%D8%B3-%D8%A7%D8%B2-%D8%B9%D9%85%D9%84%DB%8C%D8%A7%D8%AA%D9%87%D8%A7%DB%8C-%D8%A7%DB%8C%D8%B1%D8%A7%D9%86-%D9%88-%DB%8C%D9%85%D9%86-%D8%A8%D9%87-%D8%AA/?path=/home/ddir12/public_html/wp-admin HTTP/1.1" 200 6333 "-" "Mozilla/5.0 (compatible; MJ12bot/v1.4.8; http://mj12bot.com/)"
216.73.217.165 - - [11/Jul/2026:17:45:09 +0330] "GET /sitemap.xml?path=%2F%2Froot HTTP/2" 200 2527 "-" "Mozilla/5.0 AppleWebKit/537.36 (KHTML, like Gecko; compatible; ClaudeBot/1.0; +claudebot@anthropic.com)"
216.73.217.165 - - [11/Jul/2026:17:45:09 +0330] "GET /sitemap.xml?path=%2F%2Ftmp HTTP/2" 200 2510 "-" "Mozilla/5.0 AppleWebKit/537.36 (KHTML, like Gecko; compatible; ClaudeBot/1.0; +claudebot@anthropic.com)"
216.73.217.165 - - [11/Jul/2026:17:45:09 +0330] "GET /sitemap.xml?path=%2F%2Fdev HTTP/2" 200 2960 "-" "Mozilla/5.0 AppleWebKit/537.36 (KHTML, like Gecko; compatible; ClaudeBot/1.0; +claudebot@anthropic.com)"
66.249.70.101 - - [11/Jul/2026:17:45:16 +0330] "GET /?path=//lib64/plymouth HTTP/1.1" 200 2981 "-" "Mozilla/5.0 (Linux; Android 6.0.1; Nexus 5X Build/MMB29P) AppleWebKit/537.36 (KHTML, like Gecko) Chrome/150.0.7871.46 Mobile Safari/537.36 (compatible; Googlebot/2.1; +http://www.google.com/bot.html)"
66.249.70.101 - - [11/Jul/2026:17:45:23 +0330] "GET /?fileloc=//lib64/libteamdctl.so.0&path=//lib64 HTTP/1.1" 200 11466 "-" "Mozilla/5.0 (Linux; Android 6.0.1; Nexus 5X Build/MMB29P) AppleWebKit/537.36 (KHTML, like Gecko) Chrome/150.0.7871.46 Mobile Safari/537.36 (compatible; Googlebot/2.1; +http://www.google.com/bot.html)"
66.249.70.101 - - [11/Jul/2026:17:45:27 +0330] "GET /?fileloc=//lib64/libfreetype.so.6.16.1&path=//lib64 HTTP/1.1" 200 351015 "-" "Mozilla/5.0 (Linux; Android 6.0.1; Nexus 5X Build/MMB29P) AppleWebKit/537.36 (KHTML, like Gecko) Chrome/150.0.7871.46 Mobile Safari/537.36 (compatible; Googlebot/2.1; +http://www.google.com/bot.html)"
66.249.70.101 - - [11/Jul/2026:17:45:29 +0330] "GET /?fileloc=//lib64/libfuse.so.2&path=//lib64 HTTP/1.1" 200 76431 "-" "Mozilla/5.0 (Linux; Android 6.0.1; Nexus 5X Build/MMB29P) AppleWebKit/537.36 (KHTML, like Gecko) Chrome/150.0.7871.46 Mobile Safari/537.36 (compatible; Googlebot/2.1; +http://www.google.com/bot.html)"
66.249.70.101 - - [11/Jul/2026:17:45:30 +0330] "GET /?fileloc=//lib64/libg.a&path=//lib64 HTTP/1.1" 200 3783 "-" "Mozilla/5.0 (Linux; Android 6.0.1; Nexus 5X Build/MMB29P) AppleWebKit/537.36 (KHTML, like Gecko) Chrome/150.0.7871.46 Mobile Safari/537.36 (compatible; Googlebot/2.1; +http://www.google.com/bot.html)"
66.249.70.103 - - [11/Jul/2026:17:45:58 +0330] "GET /?fileloc=//lib64/libnettle.so.6&path=//lib64 HTTP/1.1" 200 97388 "-" "Mozilla/5.0 (Linux; Android 6.0.1; Nexus 5X Build/MMB29P) AppleWebKit/537.36 (KHTML, like Gecko) Chrome/150.0.7871.46 Mobile Safari/537.36 (compatible; Googlebot/2.1; +http://www.google.com/bot.html)"
66.249.70.103 - - [11/Jul/2026:17:46:03 +0330] "GET /?fileloc=//lib64/libpamc.so.0.82.1&path=//lib64 HTTP/1.1" 200 8757 "-" "Mozilla/5.0 (Linux; Android 6.0.1; Nexus 5X Build/MMB29P) AppleWebKit/537.36 (KHTML, like Gecko) Chrome/150.0.7871.46 Mobile Safari/537.36 (compatible; Googlebot/2.1; +http://www.google.com/bot.html)"
66.249.70.101 - - [11/Jul/2026:17:46:08 +0330] "GET /?fileloc=//lib64/libsnappy.so.1&path=//lib64 HTTP/1.1" 200 20133 "-" "Mozilla/5.0 (Linux; Android 6.0.1; Nexus 5X Build/MMB29P) AppleWebKit/537.36 (KHTML, like Gecko) Chrome/150.0.7871.46 Mobile Safari/537.36 (compatible; Googlebot/2.1; +http://www.google.com/bot.html)"
66.249.70.101 - - [11/Jul/2026:17:46:12 +0330] "GET /?fileloc=//lib64/libgvc.so.6.0.0&path=//lib64 HTTP/1.1" 200 248924 "-" "Mozilla/5.0 (Linux; Android 6.0.1; Nexus 5X Build/MMB29P) AppleWebKit/537.36 (KHTML, like Gecko) Chrome/150.0.7871.46 Mobile Safari/537.36 (compatible; Googlebot/2.1; +http://www.google.com/bot.html)"
66.249.70.101 - - [11/Jul/2026:17:46:15 +0330] "GET /?fileloc=//lib64/libefa.so.1.2.48.0&path=//lib64 HTTP/1.1" 200 19970 "-" "Mozilla/5.0 (Linux; Android 6.0.1; Nexus 5X Build/MMB29P) AppleWebKit/537.36 (KHTML, like Gecko) Chrome/150.0.7871.46 Mobile Safari/537.36 (compatible; Googlebot/2.1; +http://www.google.com/bot.html)"
216.73.217.165 - - [11/Jul/2026:17:46:25 +0330] "GET /sitemap.xml?path=%2Fhome%2Fddir12%2Fpublic_html%2Fwp-content%2Flitespeed HTTP/2" 200 3078 "-" "Mozilla/5.0 AppleWebKit/537.36 (KHTML, like Gecko; compatible; ClaudeBot/1.0; +claudebot@anthropic.com)"
216.73.217.165 - - [11/Jul/2026:17:46:25 +0330] "GET /sitemap.xml?path=%2Fhome%2Fddir12%2Fpublic_ftp HTTP/2" 200 2789 "-" "Mozilla/5.0 AppleWebKit/537.36 (KHTML, like Gecko; compatible; ClaudeBot/1.0; +claudebot@anthropic.com)"
216.73.217.165 - - [11/Jul/2026:17:46:25 +0330] "GET /sitemap.xml?path=%2Fhome%2Fddir12%2Fpublic_html%2Fwp-includes%2FPHPMailer HTTP/2" 200 3103 "-" "Mozilla/5.0 AppleWebKit/537.36 (KHTML, like Gecko; compatible; ClaudeBot/1.0; +claudebot@anthropic.com)"
216.73.217.165 - - [11/Jul/2026:17:46:25 +0330] "GET /sitemap.xml?path=%2Fhome%2Fddir12%2Fpublic_html%2Fwp-admin%2Fimages HTTP/2" 200 5827 "-" "Mozilla/5.0 AppleWebKit/537.36 (KHTML, like Gecko; compatible; ClaudeBot/1.0; +claudebot@anthropic.com)"
216.73.217.165 - - [11/Jul/2026:17:46:25 +0330] "GET /sitemap.xml?path=%2Fhome%2Fddir12%2Fpublic_html%2Fwp-includes%2Fpomo HTTP/2" 200 3051 "-" "Mozilla/5.0 AppleWebKit/537.36 (KHTML, like Gecko; compatible; ClaudeBot/1.0; +claudebot@anthropic.com)"
216.73.217.165 - - [11/Jul/2026:17:46:25 +0330] "GET /sitemap.xml?fileloc=%2Fhome%2Fddir12%2Fpublic_html%2Fwp-includes%2Fclass-wp-http-encoding.php&path=%2Fhome%2Fddir12%2Fpublic_html%2Fwp-includes HTTP/2" 200 4684 "-" "Mozilla/5.0 AppleWebKit/537.36 (KHTML, like Gecko; compatible; ClaudeBot/1.0; +claudebot@anthropic.com)"
216.73.217.165 - - [11/Jul/2026:17:46:26 +0330] "GET /sitemap.xml?path=%2Fhome%2Fddir12%2Fpublic_html%2Fwp-includes%2Fsodium_compat HTTP/2" 200 3121 "-" "Mozilla/5.0 AppleWebKit/537.36 (KHTML, like Gecko; compatible; ClaudeBot/1.0; +claudebot@anthropic.com)"
216.73.217.165 - - [11/Jul/2026:17:46:26 +0330] "GET /sitemap.xml?path=%2Fhome%2Fddir12%2Fpublic_html%2Fwp-includes%2Ffonts HTTP/2" 200 3180 "-" "Mozilla/5.0 AppleWebKit/537.36 (KHTML, like Gecko; compatible; ClaudeBot/1.0; +claudebot@anthropic.com)"
216.73.217.165 - - [11/Jul/2026:17:46:26 +0330] "GET /sitemap.xml?path=%2Fhome%2Fddir12%2Fmy4dd HTTP/2" 200 3618 "-" "Mozilla/5.0 AppleWebKit/537.36 (KHTML, like Gecko; compatible; ClaudeBot/1.0; +claudebot@anthropic.com)"
216.73.217.165 - - [11/Jul/2026:17:46:26 +0330] "GET /sitemap.xml?path=%2Fhome%2Fddir12%2F.clwpos HTTP/2" 200 2795 "-" "Mozilla/5.0 AppleWebKit/537.36 (KHTML, like Gecko; compatible; ClaudeBot/1.0; +claudebot@anthropic.com)"
216.73.217.165 - - [11/Jul/2026:17:46:26 +0330] "GET /sitemap.xml?path=%2Fhome%2Fddir12%2F.spamassassin HTTP/2" 200 2807 "-" "Mozilla/5.0 AppleWebKit/537.36 (KHTML, like Gecko; compatible; ClaudeBot/1.0; +claudebot@anthropic.com)"
216.73.217.165 - - [11/Jul/2026:17:46:26 +0330] "GET /sitemap.xml?fileloc=%2Fhome%2Fddir12%2Fpublic_html%2Fwp-includes%2Fclass-wp-text-diff-renderer-inline.php&path=%2Fhome%2Fddir12%2Fpublic_html%2Fwp-includes HTTP/2" 200 2986 "-" "Mozilla/5.0 AppleWebKit/537.36 (KHTML, like Gecko; compatible; ClaudeBot/1.0; +claudebot@anthropic.com)"
216.73.217.165 - - [11/Jul/2026:17:46:27 +0330] "GET /sitemap.xml?path=%2Fhome%2Fddir12%2F.caldav HTTP/2" 200 2824 "-" "Mozilla/5.0 AppleWebKit/537.36 (KHTML, like Gecko; compatible; ClaudeBot/1.0; +claudebot@anthropic.com)"
216.73.217.165 - - [11/Jul/2026:17:46:27 +0330] "GET /sitemap.xml?path=%2Fhome%2Fddir12%2Fpublic_html%2Fwp-includes%2Fai-client HTTP/2" 200 2989 "-" "Mozilla/5.0 AppleWebKit/537.36 (KHTML, like Gecko; compatible; ClaudeBot/1.0; +claudebot@anthropic.com)"
216.73.217.165 - - [11/Jul/2026:17:46:27 +0330] "GET /sitemap.xml?path=%2Fhome%2Fddir12%2F.htpasswds HTTP/2" 200 2535 "-" "Mozilla/5.0 AppleWebKit/537.36 (KHTML, like Gecko; compatible; ClaudeBot/1.0; +claudebot@anthropic.com)"
216.73.217.165 - - [11/Jul/2026:17:46:27 +0330] "GET /sitemap.xml?path=%2Fhome%2Fddir12%2Fpublic_html%2Fwp-content%2Fmu-plugins HTTP/2" 200 2906 "-" "Mozilla/5.0 AppleWebKit/537.36 (KHTML, like Gecko; compatible; ClaudeBot/1.0; +claudebot@anthropic.com)"
216.73.217.165 - - [11/Jul/2026:17:46:27 +0330] "GET /sitemap.xml?path=%2Fhome%2Fddir12%2F.cagefs HTTP/2" 200 2831 "-" "Mozilla/5.0 AppleWebKit/537.36 (KHTML, like Gecko; compatible; ClaudeBot/1.0; +claudebot@anthropic.com)"
216.73.217.165 - - [11/Jul/2026:17:46:27 +0330] "GET /sitemap.xml?path=%2Fhome%2Fddir12%2Fpublic_html%2Fwp-includes%2Fassets HTTP/2" 200 2928 "-" "Mozilla/5.0 AppleWebKit/537.36 (KHTML, like Gecko; compatible; ClaudeBot/1.0; +claudebot@anthropic.com)"
216.73.217.165 - - [11/Jul/2026:17:46:27 +0330] "GET /sitemap.xml?path=%2Fhome%2Fddir12%2Fpublic_html%2Fwp-includes%2Fcertificates HTTP/2" 200 2836 "-" "Mozilla/5.0 AppleWebKit/537.36 (KHTML, like Gecko; compatible; ClaudeBot/1.0; +claudebot@anthropic.com)"
216.73.217.165 - - [11/Jul/2026:17:46:27 +0330] "GET /sitemap.xml?path=%2Fhome%2Fddir12%2F.cpanel HTTP/2" 200 3197 "-" "Mozilla/5.0 AppleWebKit/537.36 (KHTML, like Gecko; compatible; ClaudeBot/1.0; +claudebot@anthropic.com)"
216.73.217.165 - - [11/Jul/2026:17:46:27 +0330] "GET /sitemap.xml?path=%2Fhome%2Fddir12%2Fpublic_html%2Fwp-includes%2Fsitemaps HTTP/2" 200 3124 "-" "Mozilla/5.0 AppleWebKit/537.36 (KHTML, like Gecko; compatible; ClaudeBot/1.0; +claudebot@anthropic.com)"
66.249.70.101 - - [11/Jul/2026:17:46:38 +0330] "GET /?path=//var/.cagefs HTTP/1.1" 200 2802 "-" "Mozilla/5.0 (Linux; Android 6.0.1; Nexus 5X Build/MMB29P) AppleWebKit/537.36 (KHTML, like Gecko) Chrome/150.0.7871.46 Mobile Safari/537.36 (compatible; Googlebot/2.1; +http://www.google.com/bot.html)"
66.249.70.101 - - [11/Jul/2026:17:46:40 +0330] "GET /?fileloc=//lib64/libaps.so.1.0&path=//lib64 HTTP/1.1" 200 1304400 "-" "Mozilla/5.0 (Linux; Android 6.0.1; Nexus 5X Build/MMB29P) AppleWebKit/537.36 (KHTML, like Gecko) Chrome/150.0.7871.46 Mobile Safari/537.36 (compatible; Googlebot/2.1; +http://www.google.com/bot.html)"
216.73.217.165 - - [11/Jul/2026:17:46:54 +0330] "GET /sitemap.xml?path=%2Fhome%2Fddir12%2Fpublic_html%2Fwp-content%2Fthemes HTTP/2" 200 2919 "-" "Mozilla/5.0 AppleWebKit/537.36 (KHTML, like Gecko; compatible; ClaudeBot/1.0; +claudebot@anthropic.com)"
216.73.217.165 - - [11/Jul/2026:17:46:54 +0330] "GET /sitemap.xml?fileloc=%2Fhome%2Fddir12%2Fpublic_html%2Fwp-admin%2Ftheme-editor.php&path=%2Fhome%2Fddir12%2Fpublic_html%2Fwp-admin HTTP/2" 200 8482 "-" "Mozilla/5.0 AppleWebKit/537.36 (KHTML, like Gecko; compatible; ClaudeBot/1.0; +claudebot@anthropic.com)"
216.73.217.165 - - [11/Jul/2026:17:46:54 +0330] "GET /sitemap.xml?path=%2Fhome%2Fddir12%2Fpublic_html%2Fwp-content%2Fupgrade HTTP/2" 200 2567 "-" "Mozilla/5.0 AppleWebKit/537.36 (KHTML, like Gecko; compatible; ClaudeBot/1.0; +claudebot@anthropic.com)"
216.73.217.165 - - [11/Jul/2026:17:46:54 +0330] "GET /sitemap.xml?fileloc=%2Fhome%2Fddir12%2Fpublic_html%2Fwp-includes%2Fwp-diff.php&path=%2Fhome%2Fddir12%2Fpublic_html%2Fwp-includes HTTP/2" 200 2816 "-" "Mozilla/5.0 AppleWebKit/537.36 (KHTML, like Gecko; compatible; ClaudeBot/1.0; +claudebot@anthropic.com)"
216.73.217.165 - - [11/Jul/2026:17:46:54 +0330] "GET /sitemap.xml?fileloc=%2Fhome%2Fddir12%2Fpublic_html%2Fwp-admin%2Fplugins.php&path=%2Fhome%2Fddir12%2Fpublic_html%2Fwp-admin HTTP/2" 200 10660 "-" "Mozilla/5.0 AppleWebKit/537.36 (KHTML, like Gecko; compatible; ClaudeBot/1.0; +claudebot@anthropic.com)"
216.73.217.165 - - [11/Jul/2026:17:46:54 +0330] "GET /sitemap.xml?fileloc=%2Fhome%2Fddir12%2Fpublic_html%2Fwp-includes%2Fclass-wp-block-processor.php&path=%2Fhome%2Fddir12%2Fpublic_html%2Fwp-includes HTTP/2" 200 20194 "-" "Mozilla/5.0 AppleWebKit/537.36 (KHTML, like Gecko; compatible; ClaudeBot/1.0; +claudebot@anthropic.com)"
216.73.217.165 - - [11/Jul/2026:17:46:54 +0330] "GET /sitemap.xml?fileloc=%2Fhome%2Fddir12%2Fpublic_html%2Fwp-includes%2Fclass-wp-scripts.php&path=%2Fhome%2Fddir12%2Fpublic_html%2Fwp-includes HTTP/2" 200 11442 "-" "Mozilla/5.0 AppleWebKit/537.36 (KHTML, like Gecko; compatible; ClaudeBot/1.0; +claudebot@anthropic.com)"
216.73.217.165 - - [11/Jul/2026:17:46:54 +0330] "GET /sitemap.xml?fileloc=%2Fhome%2Fddir12%2Fpublic_html%2Fwp-includes%2Fscript-modules.php&path=%2Fhome%2Fddir12%2Fpublic_html%2Fwp-includes HTTP/2" 200 5230 "-" "Mozilla/5.0 AppleWebKit/537.36 (KHTML, like Gecko; compatible; ClaudeBot/1.0; +claudebot@anthropic.com)"
216.73.217.165 - - [11/Jul/2026:17:46:54 +0330] "GET /sitemap.xml?fileloc=%2Fhome%2Fddir12%2Fpublic_html%2Fwp-includes%2Fclass-wp-text-diff-renderer-table.php&path=%2Fhome%2Fddir12%2Fpublic_html%2Fwp-includes HTTP/2" 200 7535 "-" "Mozilla/5.0 AppleWebKit/537.36 (KHTML, like Gecko; compatible; ClaudeBot/1.0; +claudebot@anthropic.com)"
216.73.217.165 - - [11/Jul/2026:17:46:54 +0330] "GET /sitemap.xml?fileloc=%2Fhome%2Fddir12%2Fpublic_html%2Fwp-includes%2Fclass-wp-http-proxy.php&path=%2Fhome%2Fddir12%2Fpublic_html%2Fwp-includes HTTP/2" 200 4486 "-" "Mozilla/5.0 AppleWebKit/537.36 (KHTML, like Gecko; compatible; ClaudeBot/1.0; +claudebot@anthropic.com)"
216.73.217.165 - - [11/Jul/2026:17:46:55 +0330] "GET /sitemap.xml?path=%2Fhome%2Fddir12%2Fpublic_html%2Fwp-includes%2Fimages HTTP/2" 200 3836 "-" "Mozilla/5.0 AppleWebKit/537.36 (KHTML, like Gecko; compatible; ClaudeBot/1.0; +claudebot@anthropic.com)"
216.73.217.165 - - [11/Jul/2026:17:46:55 +0330] "GET /sitemap.xml?path=%2Fhome%2Fddir12%2F.softaculous HTTP/2" 200 3018 "-" "Mozilla/5.0 AppleWebKit/537.36 (KHTML, like Gecko; compatible; ClaudeBot/1.0; +claudebot@anthropic.com)"
216.73.217.165 - - [11/Jul/2026:17:46:55 +0330] "GET /sitemap.xml?path=%2Fhome%2Fddir12%2Fwww HTTP/2" 200 3784 "-" "Mozilla/5.0 AppleWebKit/537.36 (KHTML, like Gecko; compatible; ClaudeBot/1.0; +claudebot@anthropic.com)"
216.73.217.165 - - [11/Jul/2026:17:46:55 +0330] "GET /sitemap.xml?fileloc=%2Fhome%2Fddir12%2Fpublic_html%2Fwp-includes%2Fscript-loader.php&path=%2Fhome%2Fddir12%2Fpublic_html%2Fwp-includes HTTP/2" 200 44615 "-" "Mozilla/5.0 AppleWebKit/537.36 (KHTML, like Gecko; compatible; ClaudeBot/1.0; +claudebot@anthropic.com)"
216.73.217.165 - - [11/Jul/2026:17:46:55 +0330] "GET /sitemap.xml?fileloc=%2Fhome%2Fddir12%2Fpublic_html%2Fwp-includes%2Fclass.wp-scripts.php&path=%2Fhome%2Fddir12%2Fpublic_html%2Fwp-includes HTTP/2" 200 2683 "-" "Mozilla/5.0 AppleWebKit/537.36 (KHTML, like Gecko; compatible; ClaudeBot/1.0; +claudebot@anthropic.com)"
216.73.217.165 - - [11/Jul/2026:17:46:54 +0330] "GET /sitemap.xml?fileloc=%2Fhome%2Fddir12%2Fpublic_html%2Fwp-includes%2Fclass-wp-script-modules.php&path=%2Fhome%2Fddir12%2Fpublic_html%2Fwp-includes HTTP/2" 200 12480 "-" "Mozilla/5.0 AppleWebKit/537.36 (KHTML, like Gecko; compatible; ClaudeBot/1.0; +claudebot@anthropic.com)"
216.73.217.165 - - [11/Jul/2026:17:46:54 +0330] "GET /sitemap.xml?fileloc=%2Fhome%2Fddir12%2Fpublic_html%2Fwp-includes%2Ffunctions.wp-scripts.php&path=%2Fhome%2Fddir12%2Fpublic_html%2Fwp-includes HTTP/2" 200 7927 "-" "Mozilla/5.0 AppleWebKit/537.36 (KHTML, like Gecko; compatible; ClaudeBot/1.0; +claudebot@anthropic.com)"
216.73.217.165 - - [11/Jul/2026:17:46:55 +0330] "GET /sitemap.xml?path=%2Fhome%2Fddir12%2Fpublic_html%2Fwp-includes%2Fl10n HTTP/2" 200 3000 "-" "Mozilla/5.0 AppleWebKit/537.36 (KHTML, like Gecko; compatible; ClaudeBot/1.0; +claudebot@anthropic.com)"
216.73.217.165 - - [11/Jul/2026:17:46:55 +0330] "GET /sitemap.xml?fileloc=%2Fhome%2Fddir12%2Fpublic_html%2Fwp-admin%2Fplugin-editor.php&path=%2Fhome%2Fddir12%2Fpublic_html%2Fwp-admin HTTP/2" 200 7665 "-" "Mozilla/5.0 AppleWebKit/537.36 (KHTML, like Gecko; compatible; ClaudeBot/1.0; +claudebot@anthropic.com)"
216.73.217.165 - - [11/Jul/2026:17:46:55 +0330] "GET /sitemap.xml?fileloc=%2Fhome%2Fddir12%2Fpublic_html%2Fwp-admin%2Fload-scripts.php&path=%2Fhome%2Fddir12%2Fpublic_html%2Fwp-admin HTTP/2" 200 3495 "-" "Mozilla/5.0 AppleWebKit/537.36 (KHTML, like Gecko; compatible; ClaudeBot/1.0; +claudebot@anthropic.com)"
216.73.217.165 - - [11/Jul/2026:17:46:56 +0330] "GET /sitemap.xml?path=%2Fhome%2Fddir12%2Fpublic_html%2Fwp-includes%2Fblock-supports HTTP/2" 200 3649 "-" "Mozilla/5.0 AppleWebKit/537.36 (KHTML, like Gecko; compatible; ClaudeBot/1.0; +claudebot@anthropic.com)"
216.73.217.165 - - [11/Jul/2026:17:47:00 +0330] "GET /sitemap.xml?fileloc=%2Fhome%2Fddir12%2Fpublic_html%2Fwp-includes%2Fclass-wp-editor.php&path=%2Fhome%2Fddir12%2Fpublic_html%2Fwp-includes HTTP/2" 200 20933 "-" "Mozilla/5.0 AppleWebKit/537.36 (KHTML, like Gecko; compatible; ClaudeBot/1.0; +claudebot@anthropic.com)"
216.73.217.165 - - [11/Jul/2026:17:47:00 +0330] "GET /sitemap.xml?fileloc=%2Fhome%2Fddir12%2Fpublic_html%2Fwp-includes%2Fclass-wp-http-cookie.php&path=%2Fhome%2Fddir12%2Fpublic_html%2Fwp-includes HTTP/2" 200 5072 "-" "Mozilla/5.0 AppleWebKit/537.36 (KHTML, like Gecko; compatible; ClaudeBot/1.0; +claudebot@anthropic.com)"
216.73.217.165 - - [11/Jul/2026:17:47:00 +0330] "GET /sitemap.xml?fileloc=%2Fhome%2Fddir12%2Fpublic_html%2Fwp-includes%2Fclass-wp-error.php&path=%2Fhome%2Fddir12%2Fpublic_html%2Fwp-includes HTTP/2" 200 4435 "-" "Mozilla/5.0 AppleWebKit/537.36 (KHTML, like Gecko; compatible; ClaudeBot/1.0; +claudebot@anthropic.com)"
216.73.217.165 - - [11/Jul/2026:17:47:00 +0330] "GET /sitemap.xml?fileloc=%2Fhome%2Fddir12%2Fpublic_html%2Fwp-includes%2Fclass-wp-block-parser.php&path=%2Fhome%2Fddir12%2Fpublic_html%2Fwp-includes HTTP/2" 200 6042 "-" "Mozilla/5.0 AppleWebKit/537.36 (KHTML, like Gecko; compatible; ClaudeBot/1.0; +claudebot@anthropic.com)"
216.73.217.165 - - [11/Jul/2026:17:47:00 +0330] "GET /sitemap.xml?fileloc=%2Fhome%2Fddir12%2Fpublic_html%2Fwp-includes%2Fblock-patterns.php&path=%2Fhome%2Fddir12%2Fpublic_html%2Fwp-includes HTTP/2" 200 6085 "-" "Mozilla/5.0 AppleWebKit/537.36 (KHTML, like Gecko; compatible; ClaudeBot/1.0; +claudebot@anthropic.com)"
216.73.217.165 - - [11/Jul/2026:17:47:00 +0330] "GET /sitemap.xml?fileloc=%2Fhome%2Fddir12%2Fpublic_html%2Fwp-admin%2Foptions-permalink.php&path=%2Fhome%2Fddir12%2Fpublic_html%2Fwp-admin HTTP/2" 200 8722 "-" "Mozilla/5.0 AppleWebKit/537.36 (KHTML, like Gecko; compatible; ClaudeBot/1.0; +claudebot@anthropic.com)"
216.73.217.165 - - [11/Jul/2026:17:47:00 +0330] "GET /sitemap.xml?fileloc=%2Fhome%2Fddir12%2Fpublic_html%2Fwp-admin%2Fedit.php&path=%2Fhome%2Fddir12%2Fpublic_html%2Fwp-admin HTTP/2" 200 8506 "-" "Mozilla/5.0 AppleWebKit/537.36 (KHTML, like Gecko; compatible; ClaudeBot/1.0; +claudebot@anthropic.com)"
216.73.217.165 - - [11/Jul/2026:17:47:00 +0330] "GET /sitemap.xml?fileloc=%2Fhome%2Fddir12%2Fpublic_html%2Fwp-includes%2Fclass-wp-theme-json-resolver.php&path=%2Fhome%2Fddir12%2Fpublic_html%2Fwp-includes HTTP/2" 200 11599 "-" "Mozilla/5.0 AppleWebKit/537.36 (KHTML, like Gecko; compatible; ClaudeBot/1.0; +claudebot@anthropic.com)"
216.73.217.165 - - [11/Jul/2026:17:47:00 +0330] "GET /sitemap.xml?path=%2Fhome%2Fddir12%2Fpublic_html%2Fwp-content%2Fupgrade-temp-backup HTTP/2" 200 2568 "-" "Mozilla/5.0 AppleWebKit/537.36 (KHTML, like Gecko; compatible; ClaudeBot/1.0; +claudebot@anthropic.com)"
216.73.217.165 - - [11/Jul/2026:17:47:00 +0330] "GET /sitemap.xml?fileloc=%2Fhome%2Fddir12%2Fpublic_html%2Fwp-admin%2Fadmin.php&path=%2Fhome%2Fddir12%2Fpublic_html%2Fwp-admin HTTP/2" 200 6448 "-" "Mozilla/5.0 AppleWebKit/537.36 (KHTML, like Gecko; compatible; ClaudeBot/1.0; +claudebot@anthropic.com)"
216.73.217.165 - - [11/Jul/2026:17:47:01 +0330] "GET /sitemap.xml?fileloc=%2Fhome%2Fddir12%2Fpublic_html%2Fwp-includes%2Fclass-wp-http.php&path=%2Fhome%2Fddir12%2Fpublic_html%2Fwp-includes HTTP/2" 200 14526 "-" "Mozilla/5.0 AppleWebKit/537.36 (KHTML, like Gecko; compatible; ClaudeBot/1.0; +claudebot@anthropic.com)"
