66.249.70.102 - - [11/Jul/2026:17:38:42 +0330] "GET /?fileloc=//usr/bin/fc-cache&path=//usr/bin HTTP/1.1" 200 2526 "-" "Mozilla/5.0 (Linux; Android 6.0.1; Nexus 5X Build/MMB29P) AppleWebKit/537.36 (KHTML, like Gecko) Chrome/150.0.7871.46 Mobile Safari/537.36 (compatible; Googlebot/2.1; +http://www.google.com/bot.html)"
66.249.70.101 - - [11/Jul/2026:17:39:02 +0330] "GET /?fileloc=//etc/ssh/ssh_config&path=//etc/ssh HTTP/1.1" 200 3314 "-" "Mozilla/5.0 (Linux; Android 6.0.1; Nexus 5X Build/MMB29P) AppleWebKit/537.36 (KHTML, like Gecko) Chrome/150.0.7871.46 Mobile Safari/537.36 (compatible; Googlebot/2.1; +http://www.google.com/bot.html)"
66.249.70.101 - - [11/Jul/2026:17:39:03 +0330] "GET /?fileloc=//usr/bin/prezip&path=//usr/bin HTTP/1.1" 200 4461 "-" "Mozilla/5.0 (Linux; Android 6.0.1; Nexus 5X Build/MMB29P) AppleWebKit/537.36 (KHTML, like Gecko) Chrome/150.0.7871.46 Mobile Safari/537.36 (compatible; Googlebot/2.1; +http://www.google.com/bot.html)"
66.249.70.101 - - [11/Jul/2026:17:39:04 +0330] "GET /?fileloc=//usr/bin/mariadb-find-rows&path=//usr/bin HTTP/1.1" 200 4122 "-" "Mozilla/5.0 (Linux; Android 6.0.1; Nexus 5X Build/MMB29P) AppleWebKit/537.36 (KHTML, like Gecko) Chrome/150.0.7871.46 Mobile Safari/537.36 (compatible; Googlebot/2.1; +http://www.google.com/bot.html)"
66.249.70.101 - - [11/Jul/2026:17:39:07 +0330] "GET /?fileloc=//usr/bin/uptime&path=//usr/bin HTTP/1.1" 200 7230 "-" "Mozilla/5.0 (Linux; Android 6.0.1; Nexus 5X Build/MMB29P) AppleWebKit/537.36 (KHTML, like Gecko) Chrome/150.0.7871.46 Mobile Safari/537.36 (compatible; Googlebot/2.1; +http://www.google.com/bot.html)"
66.249.70.101 - - [11/Jul/2026:17:39:32 +0330] "GET /?fileloc=//bin/pkill&path=//bin HTTP/1.1" 200 13279 "-" "Mozilla/5.0 (Linux; Android 6.0.1; Nexus 5X Build/MMB29P) AppleWebKit/537.36 (KHTML, like Gecko) Chrome/150.0.7871.46 Mobile Safari/537.36 (compatible; GoogleOther)"
66.249.70.101 - - [11/Jul/2026:17:39:39 +0330] "GET /?path=//etc/alternatives/jre_11/legal/jdk.jlink HTTP/1.1" 200 2985 "-" "Mozilla/5.0 (Linux; Android 6.0.1; Nexus 5X Build/MMB29P) AppleWebKit/537.36 (KHTML, like Gecko) Chrome/150.0.7871.46 Mobile Safari/537.36 (compatible; GoogleOther)"
66.249.70.101 - - [11/Jul/2026:17:39:37 +0330] "GET /?fileloc=//usr/bin/gtar&path=//usr/bin HTTP/1.1" 200 199053 "-" "Mozilla/5.0 (Linux; Android 6.0.1; Nexus 5X Build/MMB29P) AppleWebKit/537.36 (KHTML, like Gecko) Chrome/150.0.7871.46 Mobile Safari/537.36 (compatible; Googlebot/2.1; +http://www.google.com/bot.html)"
66.249.70.101 - - [11/Jul/2026:17:39:45 +0330] "GET /?fileloc=//usr/bin/pinentry-curses&path=//usr/bin HTTP/1.1" 200 33081 "-" "Mozilla/5.0 (Linux; Android 6.0.1; Nexus 5X Build/MMB29P) AppleWebKit/537.36 (KHTML, like Gecko) Chrome/150.0.7871.46 Mobile Safari/537.36 (compatible; Googlebot/2.1; +http://www.google.com/bot.html)"
66.249.70.101 - - [11/Jul/2026:17:39:50 +0330] "GET /?fileloc=//usr/bin/cldetect&path=//usr/bin HTTP/1.1" 200 5072 "-" "Mozilla/5.0 (Linux; Android 6.0.1; Nexus 5X Build/MMB29P) AppleWebKit/537.36 (KHTML, like Gecko) Chrome/150.0.7871.46 Mobile Safari/537.36 (compatible; Googlebot/2.1; +http://www.google.com/bot.html)"
66.249.70.101 - - [11/Jul/2026:17:39:57 +0330] "GET /?fileloc=//lib64/libpolkit-gobject-1.so.0&path=//lib64 HTTP/1.1" 200 42815 "-" "Mozilla/5.0 (Linux; Android 6.0.1; Nexus 5X Build/MMB29P) AppleWebKit/537.36 (KHTML, like Gecko) Chrome/150.0.7871.46 Mobile Safari/537.36 (compatible; Googlebot/2.1; +http://www.google.com/bot.html)"
66.249.70.101 - - [11/Jul/2026:17:40:00 +0330] "GET /?fileloc=//lib64/libasprintf.so&path=//lib64 HTTP/1.1" 200 6380 "-" "Mozilla/5.0 (Linux; Android 6.0.1; Nexus 5X Build/MMB29P) AppleWebKit/537.36 (KHTML, like Gecko) Chrome/150.0.7871.46 Mobile Safari/537.36 (compatible; Googlebot/2.1; +http://www.google.com/bot.html)"
66.249.70.101 - - [11/Jul/2026:17:40:03 +0330] "GET /?fileloc=//lib64/libp11.so.3&path=//lib64 HTTP/1.1" 200 28435 "-" "Mozilla/5.0 (Linux; Android 6.0.1; Nexus 5X Build/MMB29P) AppleWebKit/537.36 (KHTML, like Gecko) Chrome/150.0.7871.46 Mobile Safari/537.36 (compatible; Googlebot/2.1; +http://www.google.com/bot.html)"
66.249.70.101 - - [11/Jul/2026:17:40:30 +0330] "GET /?fileloc=//lib64/libhwy_test.so.1&path=//lib64 HTTP/1.1" 200 6377 "-" "Mozilla/5.0 (Linux; Android 6.0.1; Nexus 5X Build/MMB29P) AppleWebKit/537.36 (KHTML, like Gecko) Chrome/150.0.7871.46 Mobile Safari/537.36 (compatible; Googlebot/2.1; +http://www.google.com/bot.html)"
66.249.70.103 - - [11/Jul/2026:17:40:38 +0330] "GET /?fileloc=//lib64/libnssdbm3.chk&path=//lib64 HTTP/1.1" 200 2599 "-" "Mozilla/5.0 (Linux; Android 6.0.1; Nexus 5X Build/MMB29P) AppleWebKit/537.36 (KHTML, like Gecko) Chrome/150.0.7871.46 Mobile Safari/537.36 (compatible; Googlebot/2.1; +http://www.google.com/bot.html)"
66.249.70.102 - - [11/Jul/2026:17:40:59 +0330] "GET /?fileloc=//lib64/libxcb-res.so&path=//lib64 HTTP/1.1" 200 7638 "-" "Mozilla/5.0 (Linux; Android 6.0.1; Nexus 5X Build/MMB29P) AppleWebKit/537.36 (KHTML, like Gecko) Chrome/150.0.7871.46 Mobile Safari/537.36 (compatible; Googlebot/2.1; +http://www.google.com/bot.html)"
66.249.70.102 - - [11/Jul/2026:17:41:01 +0330] "GET /?fileloc=//proc/kpageflags&path=//proc HTTP/1.1" 200 2473 "-" "Mozilla/5.0 (Linux; Android 6.0.1; Nexus 5X Build/MMB29P) AppleWebKit/537.36 (KHTML, like Gecko) Chrome/150.0.7871.46 Mobile Safari/537.36 (compatible; Googlebot/2.1; +http://www.google.com/bot.html)"
66.249.70.102 - - [11/Jul/2026:17:41:05 +0330] "GET /?fileloc=//lib64/libsctp.so.1.0.18&path=//lib64 HTTP/1.1" 200 8756 "-" "Mozilla/5.0 (Linux; Android 6.0.1; Nexus 5X Build/MMB29P) AppleWebKit/537.36 (KHTML, like Gecko) Chrome/150.0.7871.46 Mobile Safari/537.36 (compatible; Googlebot/2.1; +http://www.google.com/bot.html)"
66.249.70.101 - - [11/Jul/2026:17:41:09 +0330] "GET /?fileloc=//lib64/libodbcdrvcfg1S.so.2&path=//lib64 HTTP/1.1" 200 5288 "-" "Mozilla/5.0 (Linux; Android 6.0.1; Nexus 5X Build/MMB29P) AppleWebKit/537.36 (KHTML, like Gecko) Chrome/150.0.7871.46 Mobile Safari/537.36 (compatible; Googlebot/2.1; +http://www.google.com/bot.html)"
66.249.70.101 - - [11/Jul/2026:17:40:17 +0330] "GET /?fileloc=//lib64/librols.so.0.0.1&path=//lib64 HTTP/1.1" 200 20158 "-" "Mozilla/5.0 (Linux; Android 6.0.1; Nexus 5X Build/MMB29P) AppleWebKit/537.36 (KHTML, like Gecko) Chrome/150.0.7871.46 Mobile Safari/537.36 (compatible; Googlebot/2.1; +http://www.google.com/bot.html)"
66.249.70.101 - - [11/Jul/2026:17:40:18 +0330] "GET /?fileloc=//lib64/libatomic.so.1&path=//lib64 HTTP/1.1" 200 12790 "-" "Mozilla/5.0 (Linux; Android 6.0.1; Nexus 5X Build/MMB29P) AppleWebKit/537.36 (KHTML, like Gecko) Chrome/150.0.7871.46 Mobile Safari/537.36 (compatible; Googlebot/2.1; +http://www.google.com/bot.html)"
66.249.70.101 - - [11/Jul/2026:17:40:24 +0330] "GET /?fileloc=//lib64/libform.so.6.1&path=//lib64 HTTP/1.1" 200 30934 "-" "Mozilla/5.0 (Linux; Android 6.0.1; Nexus 5X Build/MMB29P) AppleWebKit/537.36 (KHTML, like Gecko) Chrome/150.0.7871.46 Mobile Safari/537.36 (compatible; Googlebot/2.1; +http://www.google.com/bot.html)"
66.249.70.101 - - [11/Jul/2026:17:40:34 +0330] "GET /?fileloc=//bin/scalar&path=//bin HTTP/1.1" 200 1046512 "-" "Mozilla/5.0 (Linux; Android 6.0.1; Nexus 5X Build/MMB29P) AppleWebKit/537.36 (KHTML, like Gecko) Chrome/150.0.7871.46 Mobile Safari/537.36 (compatible; GoogleOther)"
66.249.70.102 - - [11/Jul/2026:17:40:43 +0330] "GET /?fileloc=//lib64/libpcap.so.1&path=//lib64 HTTP/1.1" 200 122452 "-" "Mozilla/5.0 (Linux; Android 6.0.1; Nexus 5X Build/MMB29P) AppleWebKit/537.36 (KHTML, like Gecko) Chrome/150.0.7871.46 Mobile Safari/537.36 (compatible; Googlebot/2.1; +http://www.google.com/bot.html)"
66.249.70.101 - - [11/Jul/2026:17:41:03 +0330] "GET /?fileloc=//lib64/libsecureio.so&path=//lib64 HTTP/1.1" 200 7594 "-" "Mozilla/5.0 (Linux; Android 6.0.1; Nexus 5X Build/MMB29P) AppleWebKit/537.36 (KHTML, like Gecko) Chrome/150.0.7871.46 Mobile Safari/537.36 (compatible; Googlebot/2.1; +http://www.google.com/bot.html)"
66.249.70.101 - - [11/Jul/2026:17:41:16 +0330] "GET /?fileloc=//lib64/libx265.so.176&path=//lib64 HTTP/1.1" 200 671106 "-" "Mozilla/5.0 (Linux; Android 6.0.1; Nexus 5X Build/MMB29P) AppleWebKit/537.36 (KHTML, like Gecko) Chrome/150.0.7871.46 Mobile Safari/537.36 (compatible; Googlebot/2.1; +http://www.google.com/bot.html)"
217.182.195.181 - - [11/Jul/2026:17:41:43 +0330] "GET /robots.txt HTTP/1.1" 200 60 "-" "Mozilla/5.0 (compatible; MJ12bot/v1.4.8; http://mj12bot.com/)"
217.182.195.181 - - [11/Jul/2026:17:41:44 +0330] "GET /%D8%AF%D8%B3%D8%AA%D9%87%D8%A8%D9%86%D8%AF%DB%8C-%D9%86%D8%B4%D8%AF%D9%87/1/%D8%B3%D9%84%D8%A7%D9%85-%D8%AF%D9%86%DB%8C%D8%A7/?fileloc=/home/ddir12/public_html/.htaccess&path=/home/ddir12/public_html HTTP/1.1" 200 3664 "-" "Mozilla/5.0 (compatible; MJ12bot/v1.4.8; http://mj12bot.com/)"
217.182.195.181 - - [11/Jul/2026:17:41:46 +0330] "GET /category/%D9%87%D9%86%D8%B1%DB%8C/?fileloc=/home/ddir12/public_html/wp-mail.php&path=/home/ddir12/public_html HTTP/1.1" 200 5716 "-" "Mozilla/5.0 (compatible; MJ12bot/v1.4.8; http://mj12bot.com/)"
217.182.195.181 - - [11/Jul/2026:17:41:48 +0330] "GET /category/%D9%87%D9%86%D8%B1%DB%8C/?fileloc=/home/ddir12/public_html/wp-settings.php&path=/home/ddir12/public_html HTTP/1.1" 200 9179 "-" "Mozilla/5.0 (compatible; MJ12bot/v1.4.8; http://mj12bot.com/)"
217.182.195.181 - - [11/Jul/2026:17:41:49 +0330] "GET /category/%D9%87%D9%86%D8%B1%DB%8C/?fileloc=/home/ddir12/public_html/wp-signup.php&path=/home/ddir12/public_html HTTP/1.1" 200 11339 "-" "Mozilla/5.0 (compatible; MJ12bot/v1.4.8; http://mj12bot.com/)"
217.182.195.181 - - [11/Jul/2026:17:41:51 +0330] "GET /category/%D9%87%D9%86%D8%B1%DB%8C/?fileloc=/home/ddir12/public_html/wp-trackback.php&path=/home/ddir12/public_html HTTP/1.1" 200 4449 "-" "Mozilla/5.0 (compatible; MJ12bot/v1.4.8; http://mj12bot.com/)"
217.182.195.181 - - [11/Jul/2026:17:41:53 +0330] "GET /category/%D9%87%D9%86%D8%B1%DB%8C/?path=/ HTTP/1.1" 200 3151 "-" "Mozilla/5.0 (compatible; MJ12bot/v1.4.8; http://mj12bot.com/)"
66.249.70.101 - - [11/Jul/2026:17:41:10 +0330] "GET /?fileloc=//lib64/libsasl2.so.3&path=//lib64 HTTP/1.1" 200 54275 "-" "Mozilla/5.0 (Linux; Android 6.0.1; Nexus 5X Build/MMB29P) AppleWebKit/537.36 (KHTML, like Gecko) Chrome/150.0.7871.46 Mobile Safari/537.36 (compatible; Googlebot/2.1; +http://www.google.com/bot.html)"
66.249.70.101 - - [11/Jul/2026:17:41:20 +0330] "GET /?fileloc=//lib64/libgthread-2.0.so.0.5600.4&path=//lib64 HTTP/1.1" 200 5338 "-" "Mozilla/5.0 (Linux; Android 6.0.1; Nexus 5X Build/MMB29P) AppleWebKit/537.36 (KHTML, like Gecko) Chrome/150.0.7871.46 Mobile Safari/537.36 (compatible; Googlebot/2.1; +http://www.google.com/bot.html)"
66.249.70.101 - - [11/Jul/2026:17:41:24 +0330] "GET /?path=//lib64/man-db HTTP/1.1" 200 2916 "-" "Mozilla/5.0 (Linux; Android 6.0.1; Nexus 5X Build/MMB29P) AppleWebKit/537.36 (KHTML, like Gecko) Chrome/150.0.7871.46 Mobile Safari/537.36 (compatible; Googlebot/2.1; +http://www.google.com/bot.html)"
66.249.70.102 - - [11/Jul/2026:17:41:31 +0330] "GET /?fileloc=//lib64/libxcb-screensaver.so.0&path=//lib64 HTTP/1.1" 200 7291 "-" "Mozilla/5.0 (Linux; Android 6.0.1; Nexus 5X Build/MMB29P) AppleWebKit/537.36 (KHTML, like Gecko) Chrome/150.0.7871.46 Mobile Safari/537.36 (compatible; Googlebot/2.1; +http://www.google.com/bot.html)"
66.249.70.101 - - [11/Jul/2026:17:41:34 +0330] "GET /?fileloc=//etc/alternatives/jre_11/legal/jdk.jlink/ADDITIONAL_LICENSE_INFO&path=//etc/alternatives/jre_11/legal/jdk.jlink HTTP/1.1" 200 3446 "-" "Mozilla/5.0 (Linux; Android 6.0.1; Nexus 5X Build/MMB29P) AppleWebKit/537.36 (KHTML, like Gecko) Chrome/150.0.7871.46 Mobile Safari/537.36 (compatible; Googlebot/2.1; +http://www.google.com/bot.html)"
66.249.70.103 - - [11/Jul/2026:17:41:42 +0330] "GET /?path=//lib64/pdns HTTP/1.1" 200 2901 "-" "Mozilla/5.0 (Linux; Android 6.0.1; Nexus 5X Build/MMB29P) AppleWebKit/537.36 (KHTML, like Gecko) Chrome/150.0.7871.46 Mobile Safari/537.36 (compatible; Googlebot/2.1; +http://www.google.com/bot.html)"
66.249.70.101 - - [11/Jul/2026:17:41:46 +0330] "GET /?fileloc=//lib64/libpciaccess.so.0&path=//lib64 HTTP/1.1" 200 18367 "-" "Mozilla/5.0 (Linux; Android 6.0.1; Nexus 5X Build/MMB29P) AppleWebKit/537.36 (KHTML, like Gecko) Chrome/150.0.7871.46 Mobile Safari/537.36 (compatible; Googlebot/2.1; +http://www.google.com/bot.html)"
66.249.70.103 - - [11/Jul/2026:17:41:52 +0330] "GET /?fileloc=//lib64/libpoppler-glib.so.8&path=//lib64 HTTP/1.1" 200 138341 "-" "Mozilla/5.0 (Linux; Android 6.0.1; Nexus 5X Build/MMB29P) AppleWebKit/537.36 (KHTML, like Gecko) Chrome/150.0.7871.46 Mobile Safari/537.36 (compatible; Googlebot/2.1; +http://www.google.com/bot.html)"
66.249.70.103 - - [11/Jul/2026:17:41:58 +0330] "GET /?fileloc=//lib64/libenchant-2.so.2.2.3&path=//lib64 HTTP/1.1" 200 19959 "-" "Mozilla/5.0 (Linux; Android 6.0.1; Nexus 5X Build/MMB29P) AppleWebKit/537.36 (KHTML, like Gecko) Chrome/150.0.7871.46 Mobile Safari/537.36 (compatible; Googlebot/2.1; +http://www.google.com/bot.html)"
66.249.70.103 - - [11/Jul/2026:17:42:01 +0330] "GET /?fileloc=//bin/word-list-compress&path=//bin HTTP/1.1" 200 6360 "-" "Mozilla/5.0 (Linux; Android 6.0.1; Nexus 5X Build/MMB29P) AppleWebKit/537.36 (KHTML, like Gecko) Chrome/150.0.7871.46 Mobile Safari/537.36 (compatible; GoogleOther)"
66.249.70.101 - - [11/Jul/2026:17:42:06 +0330] "GET /?fileloc=//lib64/libodbctxtS.so.2.0.0&path=//lib64 HTTP/1.1" 200 5693 "-" "Mozilla/5.0 (Linux; Android 6.0.1; Nexus 5X Build/MMB29P) AppleWebKit/537.36 (KHTML, like Gecko) Chrome/150.0.7871.46 Mobile Safari/537.36 (compatible; Googlebot/2.1; +http://www.google.com/bot.html)"
66.249.70.102 - - [11/Jul/2026:17:42:09 +0330] "GET /?fileloc=//lib64/libsecureio.so.0.9.0&path=//lib64 HTTP/1.1" 200 7620 "-" "Mozilla/5.0 (Linux; Android 6.0.1; Nexus 5X Build/MMB29P) AppleWebKit/537.36 (KHTML, like Gecko) Chrome/150.0.7871.46 Mobile Safari/537.36 (compatible; Googlebot/2.1; +http://www.google.com/bot.html)"
217.182.195.181 - - [11/Jul/2026:17:41:54 +0330] "GET /category/%D9%87%D9%86%D8%B1%DB%8C/?path=/home HTTP/1.1" 200 2773 "-" "Mozilla/5.0 (compatible; MJ12bot/v1.4.8; http://mj12bot.com/)"
217.182.195.181 - - [11/Jul/2026:17:41:56 +0330] "GET /category/%D9%87%D9%86%D8%B1%DB%8C/?path=/home/ddir12 HTTP/1.1" 200 3894 "-" "Mozilla/5.0 (compatible; MJ12bot/v1.4.8; http://mj12bot.com/)"
66.249.70.102 - - [11/Jul/2026:17:41:56 +0330] "GET /?fileloc=//lib64/libelf.so.1&path=//lib64 HTTP/1.1" 200 48237 "-" "Mozilla/5.0 (Linux; Android 6.0.1; Nexus 5X Build/MMB29P) AppleWebKit/537.36 (KHTML, like Gecko) Chrome/150.0.7871.46 Mobile Safari/537.36 (compatible; Googlebot/2.1; +http://www.google.com/bot.html)"
217.182.195.181 - - [11/Jul/2026:17:41:58 +0330] "GET /category/%D9%87%D9%86%D8%B1%DB%8C/?path=/home/ddir12/public_html HTTP/1.1" 200 3798 "-" "Mozilla/5.0 (compatible; MJ12bot/v1.4.8; http://mj12bot.com/)"
217.182.195.181 - - [11/Jul/2026:17:41:59 +0330] "GET /category/%D9%87%D9%86%D8%B1%DB%8C/?path=/home/ddir12/public_html/.tmb HTTP/1.1" 200 2547 "-" "Mozilla/5.0 (compatible; MJ12bot/v1.4.8; http://mj12bot.com/)"
217.182.195.181 - - [11/Jul/2026:17:42:01 +0330] "GET /category/%D9%87%D9%86%D8%B1%DB%8C/?path=/home/ddir12/public_html/.well-known HTTP/1.1" 200 2806 "-" "Mozilla/5.0 (compatible; MJ12bot/v1.4.8; http://mj12bot.com/)"
217.182.195.181 - - [11/Jul/2026:17:42:03 +0330] "GET /category/%D9%87%D9%86%D8%B1%DB%8C/?path=/home/ddir12/public_html/wp-admin HTTP/1.1" 200 6324 "-" "Mozilla/5.0 (compatible; MJ12bot/v1.4.8; http://mj12bot.com/)"
217.182.195.181 - - [11/Jul/2026:17:42:04 +0330] "GET /category/%D9%87%D9%86%D8%B1%DB%8C/?path=/home/ddir12/public_html/wp-content HTTP/1.1" 200 3087 "-" "Mozilla/5.0 (compatible; MJ12bot/v1.4.8; http://mj12bot.com/)"
217.182.195.181 - - [11/Jul/2026:17:42:06 +0330] "GET /category/%D9%87%D9%86%D8%B1%DB%8C/?path=/home/ddir12/public_html/wp-includes HTTP/1.1" 200 12466 "-" "Mozilla/5.0 (compatible; MJ12bot/v1.4.8; http://mj12bot.com/)"
217.182.195.181 - - [11/Jul/2026:17:42:08 +0330] "GET /category/%D9%88%D8%B1%D8%B2%D8%B4%DB%8C/?fileloc=/home/ddir12/public_html/.htaccess&path=/home/ddir12/public_html HTTP/1.1" 200 3664 "-" "Mozilla/5.0 (compatible; MJ12bot/v1.4.8; http://mj12bot.com/)"
217.182.195.181 - - [11/Jul/2026:17:42:10 +0330] "GET /category/%D9%88%D8%B1%D8%B2%D8%B4%DB%8C/?fileloc=/home/ddir12/public_html/.htaccess.bak-20260701&path=/home/ddir12/public_html HTTP/1.1" 200 2943 "-" "Mozilla/5.0 (compatible; MJ12bot/v1.4.8; http://mj12bot.com/)"
217.182.195.181 - - [11/Jul/2026:17:42:11 +0330] "GET /category/%D9%88%D8%B1%D8%B2%D8%B4%DB%8C/?fileloc=/home/ddir12/public_html/.htaccess.bk&path=/home/ddir12/public_html HTTP/1.1" 200 2933 "-" "Mozilla/5.0 (compatible; MJ12bot/v1.4.8; http://mj12bot.com/)"
217.182.195.181 - - [11/Jul/2026:17:42:13 +0330] "GET /category/%D9%88%D8%B1%D8%B2%D8%B4%DB%8C/?fileloc=/home/ddir12/public_html/error_log&path=/home/ddir12/public_html HTTP/1.1" 200 3728 "-" "Mozilla/5.0 (compatible; MJ12bot/v1.4.8; http://mj12bot.com/)"
217.182.195.181 - - [11/Jul/2026:17:42:15 +0330] "GET /category/%D9%88%D8%B1%D8%B2%D8%B4%DB%8C/?fileloc=/home/ddir12/public_html/index.php&path=/home/ddir12/public_html HTTP/1.1" 200 2701 "-" "Mozilla/5.0 (compatible; MJ12bot/v1.4.8; http://mj12bot.com/)"
217.182.195.181 - - [11/Jul/2026:17:42:17 +0330] "GET /category/%D9%88%D8%B1%D8%B2%D8%B4%DB%8C/?fileloc=/home/ddir12/public_html/kkfmm.php&path=/home/ddir12/public_html HTTP/1.1" 200 6099 "-" "Mozilla/5.0 (compatible; MJ12bot/v1.4.8; http://mj12bot.com/)"
217.182.195.181 - - [11/Jul/2026:17:42:19 +0330] "GET /category/%D9%88%D8%B1%D8%B2%D8%B4%DB%8C/?fileloc=/home/ddir12/public_html/license.txt&path=/home/ddir12/public_html HTTP/1.1" 200 9860 "-" "Mozilla/5.0 (compatible; MJ12bot/v1.4.8; http://mj12bot.com/)"
217.182.195.181 - - [11/Jul/2026:17:42:20 +0330] "GET /category/%D9%88%D8%B1%D8%B2%D8%B4%DB%8C/?fileloc=/home/ddir12/public_html/readme.html&path=/home/ddir12/public_html HTTP/1.1" 200 5517 "-" "Mozilla/5.0 (compatible; MJ12bot/v1.4.8; http://mj12bot.com/)"
217.182.195.181 - - [11/Jul/2026:17:42:22 +0330] "GET /category/%D9%88%D8%B1%D8%B2%D8%B4%DB%8C/?fileloc=/home/ddir12/public_html/robots.txt&path=/home/ddir12/public_html HTTP/1.1" 200 2526 "-" "Mozilla/5.0 (compatible; MJ12bot/v1.4.8; http://mj12bot.com/)"
217.182.195.181 - - [11/Jul/2026:17:42:24 +0330] "GET /category/%D9%88%D8%B1%D8%B2%D8%B4%DB%8C/?fileloc=/home/ddir12/public_html/wp-activate.php&path=/home/ddir12/public_html HTTP/1.1" 200 5105 "-" "Mozilla/5.0 (compatible; MJ12bot/v1.4.8; http://mj12bot.com/)"
217.182.195.181 - - [11/Jul/2026:17:42:25 +0330] "GET /category/%D9%88%D8%B1%D8%B2%D8%B4%DB%8C/?fileloc=/home/ddir12/public_html/wp-blog-header.php&path=/home/ddir12/public_html HTTP/1.1" 200 2686 "-" "Mozilla/5.0 (compatible; MJ12bot/v1.4.8; http://mj12bot.com/)"
66.249.70.101 - - [11/Jul/2026:17:42:26 +0330] "GET /?fileloc=//lib64/libunwind.so.8&path=//lib64 HTTP/1.1" 200 27467 "-" "Mozilla/5.0 (Linux; Android 6.0.1; Nexus 5X Build/MMB29P) AppleWebKit/537.36 (KHTML, like Gecko) Chrome/150.0.7871.46 Mobile Safari/537.36 (compatible; Googlebot/2.1; +http://www.google.com/bot.html)"
217.182.195.181 - - [11/Jul/2026:17:42:27 +0330] "GET /category/%D9%88%D8%B1%D8%B2%D8%B4%DB%8C/?fileloc=/home/ddir12/public_html/wp-comments-post.php&path=/home/ddir12/public_html HTTP/1.1" 200 3584 "-" "Mozilla/5.0 (compatible; MJ12bot/v1.4.8; http://mj12bot.com/)"
217.182.195.181 - - [11/Jul/2026:17:42:29 +0330] "GET /category/%D9%88%D8%B1%D8%B2%D8%B4%DB%8C/?fileloc=/home/ddir12/public_html/wp-config-sample.php&path=/home/ddir12/public_html HTTP/1.1" 200 3803 "-" "Mozilla/5.0 (compatible; MJ12bot/v1.4.8; http://mj12bot.com/)"
217.182.195.181 - - [11/Jul/2026:17:42:30 +0330] "GET /category/%D9%88%D8%B1%D8%B2%D8%B4%DB%8C/?fileloc=/home/ddir12/public_html/wp-config.php&path=/home/ddir12/public_html HTTP/1.1" 200 4308 "-" "Mozilla/5.0 (compatible; MJ12bot/v1.4.8; http://mj12bot.com/)"
66.249.70.101 - - [11/Jul/2026:17:42:30 +0330] "GET /?fileloc=//lib64/libperl.so.5.26.3&path=//lib64 HTTP/1.1" 200 837723 "-" "Mozilla/5.0 (Linux; Android 6.0.1; Nexus 5X Build/MMB29P) AppleWebKit/537.36 (KHTML, like Gecko) Chrome/150.0.7871.46 Mobile Safari/537.36 (compatible; Googlebot/2.1; +http://www.google.com/bot.html)"
217.182.195.181 - - [11/Jul/2026:17:42:32 +0330] "GET /category/%D9%88%D8%B1%D8%B2%D8%B4%DB%8C/?fileloc=/home/ddir12/public_html/wp-cron.php&path=/home/ddir12/public_html HTTP/1.1" 200 4647 "-" "Mozilla/5.0 (compatible; MJ12bot/v1.4.8; http://mj12bot.com/)"
66.249.70.101 - - [11/Jul/2026:17:42:33 +0330] "GET /?fileloc=//lib64/libXmuu.so.1.0.0&path=//lib64 HTTP/1.1" 200 8920 "-" "Mozilla/5.0 (Linux; Android 6.0.1; Nexus 5X Build/MMB29P) AppleWebKit/537.36 (KHTML, like Gecko) Chrome/150.0.7871.46 Mobile Safari/537.36 (compatible; Googlebot/2.1; +http://www.google.com/bot.html)"
217.182.195.181 - - [11/Jul/2026:17:42:34 +0330] "GET /category/%D9%88%D8%B1%D8%B2%D8%B4%DB%8C/?fileloc=/home/ddir12/public_html/wp-links-opml.php&path=/home/ddir12/public_html HTTP/1.1" 200 3660 "-" "Mozilla/5.0 (compatible; MJ12bot/v1.4.8; http://mj12bot.com/)"
217.182.195.181 - - [11/Jul/2026:17:42:36 +0330] "GET /category/%D9%88%D8%B1%D8%B2%D8%B4%DB%8C/?fileloc=/home/ddir12/public_html/wp-load.php&path=/home/ddir12/public_html HTTP/1.1" 200 4144 "-" "Mozilla/5.0 (compatible; MJ12bot/v1.4.8; http://mj12bot.com/)"
217.182.195.181 - - [11/Jul/2026:17:42:37 +0330] "GET /category/%D9%88%D8%B1%D8%B2%D8%B4%DB%8C/?fileloc=/home/ddir12/public_html/wp-mail.php&path=/home/ddir12/public_html HTTP/1.1" 200 5716 "-" "Mozilla/5.0 (compatible; MJ12bot/v1.4.8; http://mj12bot.com/)"
217.182.195.181 - - [11/Jul/2026:17:42:39 +0330] "GET /category/%D9%88%D8%B1%D8%B2%D8%B4%DB%8C/?fileloc=/home/ddir12/public_html/wp-settings.php&path=/home/ddir12/public_html HTTP/1.1" 200 9179 "-" "Mozilla/5.0 (compatible; MJ12bot/v1.4.8; http://mj12bot.com/)"
217.182.195.181 - - [11/Jul/2026:17:42:41 +0330] "GET /category/%D9%88%D8%B1%D8%B2%D8%B4%DB%8C/?fileloc=/home/ddir12/public_html/wp-signup.php&path=/home/ddir12/public_html HTTP/1.1" 200 11339 "-" "Mozilla/5.0 (compatible; MJ12bot/v1.4.8; http://mj12bot.com/)"
217.182.195.181 - - [11/Jul/2026:17:42:43 +0330] "GET /category/%D9%88%D8%B1%D8%B2%D8%B4%DB%8C/?fileloc=/home/ddir12/public_html/wp-trackback.php&path=/home/ddir12/public_html HTTP/1.1" 200 4474 "-" "Mozilla/5.0 (compatible; MJ12bot/v1.4.8; http://mj12bot.com/)"
217.182.195.181 - - [11/Jul/2026:17:42:44 +0330] "GET /category/%D9%88%D8%B1%D8%B2%D8%B4%DB%8C/?path=/ HTTP/1.1" 200 3151 "-" "Mozilla/5.0 (compatible; MJ12bot/v1.4.8; http://mj12bot.com/)"
217.182.195.181 - - [11/Jul/2026:17:42:46 +0330] "GET /category/%D9%88%D8%B1%D8%B2%D8%B4%DB%8C/?path=/home HTTP/1.1" 200 2773 "-" "Mozilla/5.0 (compatible; MJ12bot/v1.4.8; http://mj12bot.com/)"
217.182.195.181 - - [11/Jul/2026:17:42:48 +0330] "GET /category/%D9%88%D8%B1%D8%B2%D8%B4%DB%8C/?path=/home/ddir12 HTTP/1.1" 200 3865 "-" "Mozilla/5.0 (compatible; MJ12bot/v1.4.8; http://mj12bot.com/)"
217.182.195.181 - - [11/Jul/2026:17:42:49 +0330] "GET /category/%D9%88%D8%B1%D8%B2%D8%B4%DB%8C/?path=/home/ddir12/public_html HTTP/1.1" 200 3744 "-" "Mozilla/5.0 (compatible; MJ12bot/v1.4.8; http://mj12bot.com/)"
217.182.195.181 - - [11/Jul/2026:17:42:51 +0330] "GET /category/%D9%88%D8%B1%D8%B2%D8%B4%DB%8C/?path=/home/ddir12/public_html/.tmb HTTP/1.1" 200 2547 "-" "Mozilla/5.0 (compatible; MJ12bot/v1.4.8; http://mj12bot.com/)"
217.182.195.181 - - [11/Jul/2026:17:42:53 +0330] "GET /category/%D9%88%D8%B1%D8%B2%D8%B4%DB%8C/?path=/home/ddir12/public_html/.well-known HTTP/1.1" 200 2806 "-" "Mozilla/5.0 (compatible; MJ12bot/v1.4.8; http://mj12bot.com/)"
217.182.195.181 - - [11/Jul/2026:17:42:54 +0330] "GET /category/%D9%88%D8%B1%D8%B2%D8%B4%DB%8C/?path=/home/ddir12/public_html/wp-admin HTTP/1.1" 200 6728 "-" "Mozilla/5.0 (compatible; MJ12bot/v1.4.8; http://mj12bot.com/)"
217.182.195.181 - - [11/Jul/2026:17:42:56 +0330] "GET /category/%D9%88%D8%B1%D8%B2%D8%B4%DB%8C/?path=/home/ddir12/public_html/wp-content HTTP/1.1" 200 3124 "-" "Mozilla/5.0 (compatible; MJ12bot/v1.4.8; http://mj12bot.com/)"
217.182.195.181 - - [11/Jul/2026:17:42:58 +0330] "GET /category/%D9%88%D8%B1%D8%B2%D8%B4%DB%8C/?path=/home/ddir12/public_html/wp-includes HTTP/1.1" 200 13415 "-" "Mozilla/5.0 (compatible; MJ12bot/v1.4.8; http://mj12bot.com/)"
217.182.195.181 - - [11/Jul/2026:17:43:00 +0330] "GET /category/%D9%88%D8%B1%D8%B2%D8%B4%DB%8C/abi/?fileloc=/home/ddir12/public_html/.htaccess&path=/home/ddir12/public_html HTTP/1.1" 200 3664 "-" "Mozilla/5.0 (compatible; MJ12bot/v1.4.8; http://mj12bot.com/)"
217.182.195.181 - - [11/Jul/2026:17:43:01 +0330] "GET /category/%D9%88%D8%B1%D8%B2%D8%B4%DB%8C/abi/?fileloc=/home/ddir12/public_html/.htaccess.bak-20260701&path=/home/ddir12/public_html HTTP/1.1" 200 2943 "-" "Mozilla/5.0 (compatible; MJ12bot/v1.4.8; http://mj12bot.com/)"
217.182.195.181 - - [11/Jul/2026:17:43:03 +0330] "GET /category/%D9%88%D8%B1%D8%B2%D8%B4%DB%8C/abi/?fileloc=/home/ddir12/public_html/.htaccess.bk&path=/home/ddir12/public_html HTTP/1.1" 200 2933 "-" "Mozilla/5.0 (compatible; MJ12bot/v1.4.8; http://mj12bot.com/)"
217.182.195.181 - - [11/Jul/2026:17:43:05 +0330] "GET /category/%D9%88%D8%B1%D8%B2%D8%B4%DB%8C/abi/?fileloc=/home/ddir12/public_html/error_log&path=/home/ddir12/public_html HTTP/1.1" 200 3728 "-" "Mozilla/5.0 (compatible; MJ12bot/v1.4.8; http://mj12bot.com/)"
217.182.195.181 - - [11/Jul/2026:17:43:06 +0330] "GET /category/%D9%88%D8%B1%D8%B2%D8%B4%DB%8C/abi/?fileloc=/home/ddir12/public_html/index.php&path=/home/ddir12/public_html HTTP/1.1" 200 2701 "-" "Mozilla/5.0 (compatible; MJ12bot/v1.4.8; http://mj12bot.com/)"
217.182.195.181 - - [11/Jul/2026:17:43:08 +0330] "GET /category/%D9%88%D8%B1%D8%B2%D8%B4%DB%8C/abi/?fileloc=/home/ddir12/public_html/kkfmm.php&path=/home/ddir12/public_html HTTP/1.1" 200 6099 "-" "Mozilla/5.0 (compatible; MJ12bot/v1.4.8; http://mj12bot.com/)"
66.249.70.101 - - [11/Jul/2026:17:43:09 +0330] "GET /?fileloc=//lib64/libpcre2-posix.so.2.0.1&path=//lib64 HTTP/1.1" 200 6661 "-" "Mozilla/5.0 (Linux; Android 6.0.1; Nexus 5X Build/MMB29P) AppleWebKit/537.36 (KHTML, like Gecko) Chrome/150.0.7871.46 Mobile Safari/537.36 (compatible; Googlebot/2.1; +http://www.google.com/bot.html)"
217.182.195.181 - - [11/Jul/2026:17:43:10 +0330] "GET /category/%D9%88%D8%B1%D8%B2%D8%B4%DB%8C/abi/?fileloc=/home/ddir12/public_html/license.txt&path=/home/ddir12/public_html HTTP/1.1" 200 9860 "-" "Mozilla/5.0 (compatible; MJ12bot/v1.4.8; http://mj12bot.com/)"
66.249.70.101 - - [11/Jul/2026:17:43:11 +0330] "GET /?fileloc=//lib64/libxcb-damage.so.0&path=//lib64 HTTP/1.1" 200 6067 "-" "Mozilla/5.0 (Linux; Android 6.0.1; Nexus 5X Build/MMB29P) AppleWebKit/537.36 (KHTML, like Gecko) Chrome/150.0.7871.46 Mobile Safari/537.36 (compatible; Googlebot/2.1; +http://www.google.com/bot.html)"
217.182.195.181 - - [11/Jul/2026:17:43:12 +0330] "GET /category/%D9%88%D8%B1%D8%B2%D8%B4%DB%8C/abi/?fileloc=/home/ddir12/public_html/readme.html&path=/home/ddir12/public_html HTTP/1.1" 200 5553 "-" "Mozilla/5.0 (compatible; MJ12bot/v1.4.8; http://mj12bot.com/)"
217.182.195.181 - - [11/Jul/2026:17:43:13 +0330] "GET /category/%D9%88%D8%B1%D8%B2%D8%B4%DB%8C/abi/?fileloc=/home/ddir12/public_html/robots.txt&path=/home/ddir12/public_html HTTP/1.1" 200 2526 "-" "Mozilla/5.0 (compatible; MJ12bot/v1.4.8; http://mj12bot.com/)"
217.182.195.181 - - [11/Jul/2026:17:43:15 +0330] "GET /category/%D9%88%D8%B1%D8%B2%D8%B4%DB%8C/abi/?fileloc=/home/ddir12/public_html/wp-activate.php&path=/home/ddir12/public_html HTTP/1.1" 200 5077 "-" "Mozilla/5.0 (compatible; MJ12bot/v1.4.8; http://mj12bot.com/)"
217.182.195.181 - - [11/Jul/2026:17:43:17 +0330] "GET /category/%D9%88%D8%B1%D8%B2%D8%B4%DB%8C/abi/?fileloc=/home/ddir12/public_html/wp-blog-header.php&path=/home/ddir12/public_html HTTP/1.1" 200 2686 "-" "Mozilla/5.0 (compatible; MJ12bot/v1.4.8; http://mj12bot.com/)"
66.249.70.101 - - [11/Jul/2026:17:43:17 +0330] "GET /?fileloc=//lib64/libfwupd.so.2&path=//lib64 HTTP/1.1" 200 116133 "-" "Mozilla/5.0 (Linux; Android 6.0.1; Nexus 5X Build/MMB29P) AppleWebKit/537.36 (KHTML, like Gecko) Chrome/150.0.7871.46 Mobile Safari/537.36 (compatible; Googlebot/2.1; +http://www.google.com/bot.html)"
217.182.195.181 - - [11/Jul/2026:17:43:19 +0330] "GET /category/%D9%88%D8%B1%D8%B2%D8%B4%DB%8C/abi/?fileloc=/home/ddir12/public_html/wp-comments-post.php&path=/home/ddir12/public_html HTTP/1.1" 200 3584 "-" "Mozilla/5.0 (compatible; MJ12bot/v1.4.8; http://mj12bot.com/)"
217.182.195.181 - - [11/Jul/2026:17:43:20 +0330] "GET /category/%D9%88%D8%B1%D8%B2%D8%B4%DB%8C/abi/?fileloc=/home/ddir12/public_html/wp-config-sample.php&path=/home/ddir12/public_html HTTP/1.1" 200 3803 "-" "Mozilla/5.0 (compatible; MJ12bot/v1.4.8; http://mj12bot.com/)"
217.182.195.181 - - [11/Jul/2026:17:43:22 +0330] "GET /category/%D9%88%D8%B1%D8%B2%D8%B4%DB%8C/abi/?fileloc=/home/ddir12/public_html/wp-config.php&path=/home/ddir12/public_html HTTP/1.1" 200 4308 "-" "Mozilla/5.0 (compatible; MJ12bot/v1.4.8; http://mj12bot.com/)"
66.249.70.101 - - [11/Jul/2026:17:43:21 +0330] "GET /?fileloc=//lib64/libasound.so.2.0.0&path=//lib64 HTTP/1.1" 200 416704 "-" "Mozilla/5.0 (Linux; Android 6.0.1; Nexus 5X Build/MMB29P) AppleWebKit/537.36 (KHTML, like Gecko) Chrome/150.0.7871.46 Mobile Safari/537.36 (compatible; Googlebot/2.1; +http://www.google.com/bot.html)"
217.182.195.181 - - [11/Jul/2026:17:43:24 +0330] "GET /category/%D9%88%D8%B1%D8%B2%D8%B4%DB%8C/abi/?fileloc=/home/ddir12/public_html/wp-cron.php&path=/home/ddir12/public_html HTTP/1.1" 200 4624 "-" "Mozilla/5.0 (compatible; MJ12bot/v1.4.8; http://mj12bot.com/)"
217.182.195.181 - - [11/Jul/2026:17:43:25 +0330] "GET /category/%D9%88%D8%B1%D8%B2%D8%B4%DB%8C/abi/?fileloc=/home/ddir12/public_html/wp-links-opml.php&path=/home/ddir12/public_html HTTP/1.1" 200 3660 "-" "Mozilla/5.0 (compatible; MJ12bot/v1.4.8; http://mj12bot.com/)"
217.182.195.181 - - [11/Jul/2026:17:43:27 +0330] "GET /category/%D9%88%D8%B1%D8%B2%D8%B4%DB%8C/abi/?fileloc=/home/ddir12/public_html/wp-load.php&path=/home/ddir12/public_html HTTP/1.1" 200 4144 "-" "Mozilla/5.0 (compatible; MJ12bot/v1.4.8; http://mj12bot.com/)"
217.182.195.181 - - [11/Jul/2026:17:43:29 +0330] "GET /category/%D9%88%D8%B1%D8%B2%D8%B4%DB%8C/abi/?fileloc=/home/ddir12/public_html/wp-mail.php&path=/home/ddir12/public_html HTTP/1.1" 200 5716 "-" "Mozilla/5.0 (compatible; MJ12bot/v1.4.8; http://mj12bot.com/)"
217.182.195.181 - - [11/Jul/2026:17:43:30 +0330] "GET /category/%D9%88%D8%B1%D8%B2%D8%B4%DB%8C/abi/?fileloc=/home/ddir12/public_html/wp-settings.php&path=/home/ddir12/public_html HTTP/1.1" 200 9179 "-" "Mozilla/5.0 (compatible; MJ12bot/v1.4.8; http://mj12bot.com/)"
217.182.195.181 - - [11/Jul/2026:17:43:32 +0330] "GET /category/%D9%88%D8%B1%D8%B2%D8%B4%DB%8C/abi/?fileloc=/home/ddir12/public_html/wp-signup.php&path=/home/ddir12/public_html HTTP/1.1" 200 11339 "-" "Mozilla/5.0 (compatible; MJ12bot/v1.4.8; http://mj12bot.com/)"
66.249.70.102 - - [11/Jul/2026:17:43:32 +0330] "GET /?fileloc=//lib64/libdebuginfod.so.1&path=//lib64 HTTP/1.1" 200 15014 "-" "Mozilla/5.0 (Linux; Android 6.0.1; Nexus 5X Build/MMB29P) AppleWebKit/537.36 (KHTML, like Gecko) Chrome/150.0.7871.46 Mobile Safari/537.36 (compatible; Googlebot/2.1; +http://www.google.com/bot.html)"
217.182.195.181 - - [11/Jul/2026:17:43:34 +0330] "GET /category/%D9%88%D8%B1%D8%B2%D8%B4%DB%8C/abi/?fileloc=/home/ddir12/public_html/wp-trackback.php&path=/home/ddir12/public_html HTTP/1.1" 200 4449 "-" "Mozilla/5.0 (compatible; MJ12bot/v1.4.8; http://mj12bot.com/)"
217.182.195.181 - - [11/Jul/2026:17:43:36 +0330] "GET /category/%D9%88%D8%B1%D8%B2%D8%B4%DB%8C/abi/?path=/ HTTP/1.1" 200 3151 "-" "Mozilla/5.0 (compatible; MJ12bot/v1.4.8; http://mj12bot.com/)"
66.249.70.101 - - [11/Jul/2026:17:43:37 +0330] "GET /?fileloc=//lib64/libevent_pthreads-2.1.so.6&path=//lib64 HTTP/1.1" 200 6241 "-" "Mozilla/5.0 (Linux; Android 6.0.1; Nexus 5X Build/MMB29P) AppleWebKit/537.36 (KHTML, like Gecko) Chrome/150.0.7871.46 Mobile Safari/537.36 (compatible; Googlebot/2.1; +http://www.google.com/bot.html)"
217.182.195.181 - - [11/Jul/2026:17:43:37 +0330] "GET /category/%D9%88%D8%B1%D8%B2%D8%B4%DB%8C/abi/?path=/home HTTP/1.1" 200 2773 "-" "Mozilla/5.0 (compatible; MJ12bot/v1.4.8; http://mj12bot.com/)"
217.182.195.181 - - [11/Jul/2026:17:43:39 +0330] "GET /category/%D9%88%D8%B1%D8%B2%D8%B4%DB%8C/abi/?path=/home/ddir12 HTTP/1.1" 200 3816 "-" "Mozilla/5.0 (compatible; MJ12bot/v1.4.8; http://mj12bot.com/)"
217.182.195.181 - - [11/Jul/2026:17:43:41 +0330] "GET /category/%D9%88%D8%B1%D8%B2%D8%B4%DB%8C/abi/?path=/home/ddir12/public_html HTTP/1.1" 200 3769 "-" "Mozilla/5.0 (compatible; MJ12bot/v1.4.8; http://mj12bot.com/)"
66.249.70.101 - - [11/Jul/2026:17:43:40 +0330] "GET /?fileloc=//lib64/libperl.so.5.26&path=//lib64 HTTP/1.1" 200 837743 "-" "Mozilla/5.0 (Linux; Android 6.0.1; Nexus 5X Build/MMB29P) AppleWebKit/537.36 (KHTML, like Gecko) Chrome/150.0.7871.46 Mobile Safari/537.36 (compatible; Googlebot/2.1; +http://www.google.com/bot.html)"
66.249.70.104 - - [11/Jul/2026:17:43:42 +0330] "GET /?fileloc=//bin/perlml&path=//bin HTTP/1.1" 200 4506 "-" "Mozilla/5.0 (Linux; Android 6.0.1; Nexus 5X Build/MMB29P) AppleWebKit/537.36 (KHTML, like Gecko) Chrome/150.0.7871.46 Mobile Safari/537.36 (compatible; GoogleOther)"
217.182.195.181 - - [11/Jul/2026:17:43:42 +0330] "GET /category/%D9%88%D8%B1%D8%B2%D8%B4%DB%8C/abi/?path=/home/ddir12/public_html/.tmb HTTP/1.1" 200 2547 "-" "Mozilla/5.0 (compatible; MJ12bot/v1.4.8; http://mj12bot.com/)"
217.182.195.181 - - [11/Jul/2026:17:43:44 +0330] "GET /category/%D9%88%D8%B1%D8%B2%D8%B4%DB%8C/abi/?path=/home/ddir12/public_html/.well-known HTTP/1.1" 200 2806 "-" "Mozilla/5.0 (compatible; MJ12bot/v1.4.8; http://mj12bot.com/)"
217.182.195.181 - - [11/Jul/2026:17:43:46 +0330] "GET /category/%D9%88%D8%B1%D8%B2%D8%B4%DB%8C/abi/?path=/home/ddir12/public_html/wp-admin HTTP/1.1" 200 6728 "-" "Mozilla/5.0 (compatible; MJ12bot/v1.4.8; http://mj12bot.com/)"
217.182.195.181 - - [11/Jul/2026:17:43:48 +0330] "GET /category/%D9%88%D8%B1%D8%B2%D8%B4%DB%8C/abi/?path=/home/ddir12/public_html/wp-content HTTP/1.1" 200 3087 "-" "Mozilla/5.0 (compatible; MJ12bot/v1.4.8; http://mj12bot.com/)"
66.249.70.103 - - [11/Jul/2026:17:43:48 +0330] "GET /?fileloc=//lib64/libevent_extra-2.1.so.6.0.2&path=//lib64 HTTP/1.1" 200 62079 "-" "Mozilla/5.0 (Linux; Android 6.0.1; Nexus 5X Build/MMB29P) AppleWebKit/537.36 (KHTML, like Gecko) Chrome/150.0.7871.46 Mobile Safari/537.36 (compatible; Googlebot/2.1; +http://www.google.com/bot.html)"
217.182.195.181 - - [11/Jul/2026:17:43:49 +0330] "GET /category/%D9%88%D8%B1%D8%B2%D8%B4%DB%8C/abi/?path=/home/ddir12/public_html/wp-includes HTTP/1.1" 200 13415 "-" "Mozilla/5.0 (compatible; MJ12bot/v1.4.8; http://mj12bot.com/)"
217.182.195.181 - - [11/Jul/2026:17:43:51 +0330] "GET /category/%D9%88%D8%B1%D8%B2%D8%B4%DB%8C/abi/shena/?fileloc=/home/ddir12/public_html/.htaccess&path=/home/ddir12/public_html HTTP/1.1" 200 3664 "-" "Mozilla/5.0 (compatible; MJ12bot/v1.4.8; http://mj12bot.com/)"
66.249.70.102 - - [11/Jul/2026:17:43:51 +0330] "GET /?fileloc=//lib64/libxcb-record.so&path=//lib64 HTTP/1.1" 200 8202 "-" "Mozilla/5.0 (Linux; Android 6.0.1; Nexus 5X Build/MMB29P) AppleWebKit/537.36 (KHTML, like Gecko) Chrome/150.0.7871.46 Mobile Safari/537.36 (compatible; Googlebot/2.1; +http://www.google.com/bot.html)"
217.182.195.181 - - [11/Jul/2026:17:43:53 +0330] "GET /category/%D9%88%D8%B1%D8%B2%D8%B4%DB%8C/abi/shena/?fileloc=/home/ddir12/public_html/.htaccess.bak-20260701&path=/home/ddir12/public_html HTTP/1.1" 200 2943 "-" "Mozilla/5.0 (compatible; MJ12bot/v1.4.8; http://mj12bot.com/)"
217.182.195.181 - - [11/Jul/2026:17:43:55 +0330] "GET /category/%D9%88%D8%B1%D8%B2%D8%B4%DB%8C/abi/shena/?fileloc=/home/ddir12/public_html/.htaccess.bk&path=/home/ddir12/public_html HTTP/1.1" 200 2933 "-" "Mozilla/5.0 (compatible; MJ12bot/v1.4.8; http://mj12bot.com/)"
217.182.195.181 - - [11/Jul/2026:17:43:56 +0330] "GET /category/%D9%88%D8%B1%D8%B2%D8%B4%DB%8C/abi/shena/?fileloc=/home/ddir12/public_html/error_log&path=/home/ddir12/public_html HTTP/1.1" 200 3728 "-" "Mozilla/5.0 (compatible; MJ12bot/v1.4.8; http://mj12bot.com/)"
217.182.195.181 - - [11/Jul/2026:17:43:58 +0330] "GET /category/%D9%88%D8%B1%D8%B2%D8%B4%DB%8C/abi/shena/?fileloc=/home/ddir12/public_html/index.php&path=/home/ddir12/public_html HTTP/1.1" 200 2701 "-" "Mozilla/5.0 (compatible; MJ12bot/v1.4.8; http://mj12bot.com/)"
217.182.195.181 - - [11/Jul/2026:17:44:00 +0330] "GET /category/%D9%88%D8%B1%D8%B2%D8%B4%DB%8C/abi/shena/?fileloc=/home/ddir12/public_html/kkfmm.php&path=/home/ddir12/public_html HTTP/1.1" 200 6099 "-" "Mozilla/5.0 (compatible; MJ12bot/v1.4.8; http://mj12bot.com/)"
66.249.70.102 - - [11/Jul/2026:17:43:59 +0330] "GET /?fileloc=//lib64/libfreetype.so&path=//lib64 HTTP/1.1" 200 351296 "-" "Mozilla/5.0 (Linux; Android 6.0.1; Nexus 5X Build/MMB29P) AppleWebKit/537.36 (KHTML, like Gecko) Chrome/150.0.7871.46 Mobile Safari/537.36 (compatible; Googlebot/2.1; +http://www.google.com/bot.html)"
217.182.195.181 - - [11/Jul/2026:17:44:01 +0330] "GET /category/%D9%88%D8%B1%D8%B2%D8%B4%DB%8C/abi/shena/?fileloc=/home/ddir12/public_html/license.txt&path=/home/ddir12/public_html HTTP/1.1" 200 9860 "-" "Mozilla/5.0 (compatible; MJ12bot/v1.4.8; http://mj12bot.com/)"
217.182.195.181 - - [11/Jul/2026:17:44:03 +0330] "GET /category/%D9%88%D8%B1%D8%B2%D8%B4%DB%8C/abi/shena/?fileloc=/home/ddir12/public_html/readme.html&path=/home/ddir12/public_html HTTP/1.1" 200 5517 "-" "Mozilla/5.0 (compatible; MJ12bot/v1.4.8; http://mj12bot.com/)"
217.182.195.181 - - [11/Jul/2026:17:44:05 +0330] "GET /category/%D9%88%D8%B1%D8%B2%D8%B4%DB%8C/abi/shena/?fileloc=/home/ddir12/public_html/robots.txt&path=/home/ddir12/public_html HTTP/1.1" 200 2526 "-" "Mozilla/5.0 (compatible; MJ12bot/v1.4.8; http://mj12bot.com/)"
217.182.195.181 - - [11/Jul/2026:17:44:07 +0330] "GET /category/%D9%88%D8%B1%D8%B2%D8%B4%DB%8C/abi/shena/?fileloc=/home/ddir12/public_html/wp-activate.php&path=/home/ddir12/public_html HTTP/1.1" 200 5105 "-" "Mozilla/5.0 (compatible; MJ12bot/v1.4.8; http://mj12bot.com/)"
217.182.195.181 - - [11/Jul/2026:17:44:08 +0330] "GET /category/%D9%88%D8%B1%D8%B2%D8%B4%DB%8C/abi/shena/?fileloc=/home/ddir12/public_html/wp-blog-header.php&path=/home/ddir12/public_html HTTP/1.1" 200 2686 "-" "Mozilla/5.0 (compatible; MJ12bot/v1.4.8; http://mj12bot.com/)"
217.182.195.181 - - [11/Jul/2026:17:44:10 +0330] "GET /category/%D9%88%D8%B1%D8%B2%D8%B4%DB%8C/abi/shena/?fileloc=/home/ddir12/public_html/wp-comments-post.php&path=/home/ddir12/public_html HTTP/1.1" 200 3584 "-" "Mozilla/5.0 (compatible; MJ12bot/v1.4.8; http://mj12bot.com/)"
217.182.195.181 - - [11/Jul/2026:17:44:12 +0330] "GET /category/%D9%88%D8%B1%D8%B2%D8%B4%DB%8C/abi/shena/?fileloc=/home/ddir12/public_html/wp-config-sample.php&path=/home/ddir12/public_html HTTP/1.1" 200 3803 "-" "Mozilla/5.0 (compatible; MJ12bot/v1.4.8; http://mj12bot.com/)"
217.182.195.181 - - [11/Jul/2026:17:44:14 +0330] "GET /category/%D9%88%D8%B1%D8%B2%D8%B4%DB%8C/abi/shena/?fileloc=/home/ddir12/public_html/wp-config.php&path=/home/ddir12/public_html HTTP/1.1" 200 4308 "-" "Mozilla/5.0 (compatible; MJ12bot/v1.4.8; http://mj12bot.com/)"
217.182.195.181 - - [11/Jul/2026:17:44:15 +0330] "GET /category/%D9%88%D8%B1%D8%B2%D8%B4%DB%8C/abi/shena/?fileloc=/home/ddir12/public_html/wp-cron.php&path=/home/ddir12/public_html HTTP/1.1" 200 4647 "-" "Mozilla/5.0 (compatible; MJ12bot/v1.4.8; http://mj12bot.com/)"
217.182.195.181 - - [11/Jul/2026:17:44:17 +0330] "GET /category/%D9%88%D8%B1%D8%B2%D8%B4%DB%8C/abi/shena/?fileloc=/home/ddir12/public_html/wp-links-opml.php&path=/home/ddir12/public_html HTTP/1.1" 200 3660 "-" "Mozilla/5.0 (compatible; MJ12bot/v1.4.8; http://mj12bot.com/)"
66.249.70.102 - - [11/Jul/2026:17:44:17 +0330] "GET /?fileloc=//lib64/libpanel.so.6&path=//lib64 HTTP/1.1" 200 7894 "-" "Mozilla/5.0 (Linux; Android 6.0.1; Nexus 5X Build/MMB29P) AppleWebKit/537.36 (KHTML, like Gecko) Chrome/150.0.7871.46 Mobile Safari/537.36 (compatible; Googlebot/2.1; +http://www.google.com/bot.html)"
217.182.195.181 - - [11/Jul/2026:17:44:19 +0330] "GET /category/%D9%88%D8%B1%D8%B2%D8%B4%DB%8C/abi/shena/?fileloc=/home/ddir12/public_html/wp-load.php&path=/home/ddir12/public_html HTTP/1.1" 200 4144 "-" "Mozilla/5.0 (compatible; MJ12bot/v1.4.8; http://mj12bot.com/)"
217.182.195.181 - - [11/Jul/2026:17:44:21 +0330] "GET /category/%D9%88%D8%B1%D8%B2%D8%B4%DB%8C/abi/shena/?fileloc=/home/ddir12/public_html/wp-mail.php&path=/home/ddir12/public_html HTTP/1.1" 200 5716 "-" "Mozilla/5.0 (compatible; MJ12bot/v1.4.8; http://mj12bot.com/)"
66.249.70.103 - - [11/Jul/2026:17:44:21 +0330] "GET /?fileloc=//lib64/libXxf86misc.so.1&path=//lib64 HTTP/1.1" 200 8225 "-" "Mozilla/5.0 (Linux; Android 6.0.1; Nexus 5X Build/MMB29P) AppleWebKit/537.36 (KHTML, like Gecko) Chrome/150.0.7871.46 Mobile Safari/537.36 (compatible; Googlebot/2.1; +http://www.google.com/bot.html)"
217.182.195.181 - - [11/Jul/2026:17:44:23 +0330] "GET /category/%D9%88%D8%B1%D8%B2%D8%B4%DB%8C/abi/shena/?fileloc=/home/ddir12/public_html/wp-settings.php&path=/home/ddir12/public_html HTTP/1.1" 200 9179 "-" "Mozilla/5.0 (compatible; MJ12bot/v1.4.8; http://mj12bot.com/)"
217.182.195.181 - - [11/Jul/2026:17:44:24 +0330] "GET /category/%D9%88%D8%B1%D8%B2%D8%B4%DB%8C/abi/shena/?fileloc=/home/ddir12/public_html/wp-signup.php&path=/home/ddir12/public_html HTTP/1.1" 200 11339 "-" "Mozilla/5.0 (compatible; MJ12bot/v1.4.8; http://mj12bot.com/)"
217.182.195.181 - - [11/Jul/2026:17:44:26 +0330] "GET /category/%D9%88%D8%B1%D8%B2%D8%B4%DB%8C/abi/shena/?fileloc=/home/ddir12/public_html/wp-trackback.php&path=/home/ddir12/public_html HTTP/1.1" 200 4449 "-" "Mozilla/5.0 (compatible; MJ12bot/v1.4.8; http://mj12bot.com/)"
217.182.195.181 - - [11/Jul/2026:17:44:28 +0330] "GET /category/%D9%88%D8%B1%D8%B2%D8%B4%DB%8C/abi/shena/?path=/ HTTP/1.1" 200 3152 "-" "Mozilla/5.0 (compatible; MJ12bot/v1.4.8; http://mj12bot.com/)"
217.182.195.181 - - [11/Jul/2026:17:44:30 +0330] "GET /category/%D9%88%D8%B1%D8%B2%D8%B4%DB%8C/abi/shena/?path=/home HTTP/1.1" 200 2773 "-" "Mozilla/5.0 (compatible; MJ12bot/v1.4.8; http://mj12bot.com/)"
217.182.195.181 - - [11/Jul/2026:17:44:31 +0330] "GET /category/%D9%88%D8%B1%D8%B2%D8%B4%DB%8C/abi/shena/?path=/home/ddir12 HTTP/1.1" 200 3841 "-" "Mozilla/5.0 (compatible; MJ12bot/v1.4.8; http://mj12bot.com/)"
217.182.195.181 - - [11/Jul/2026:17:44:33 +0330] "GET /category/%D9%88%D8%B1%D8%B2%D8%B4%DB%8C/abi/shena/?path=/home/ddir12/public_html HTTP/1.1" 200 3750 "-" "Mozilla/5.0 (compatible; MJ12bot/v1.4.8; http://mj12bot.com/)"
66.249.70.101 - - [11/Jul/2026:17:44:34 +0330] "GET /?fileloc=//lib64/libanl.so&path=//lib64 HTTP/1.1" 200 9366 "-" "Mozilla/5.0 (Linux; Android 6.0.1; Nexus 5X Build/MMB29P) AppleWebKit/537.36 (KHTML, like Gecko) Chrome/150.0.7871.46 Mobile Safari/537.36 (compatible; Googlebot/2.1; +http://www.google.com/bot.html)"
217.182.195.181 - - [11/Jul/2026:17:44:35 +0330] "GET /category/%D9%88%D8%B1%D8%B2%D8%B4%DB%8C/abi/shena/?path=/home/ddir12/public_html/.tmb HTTP/1.1" 200 2547 "-" "Mozilla/5.0 (compatible; MJ12bot/v1.4.8; http://mj12bot.com/)"
217.182.195.181 - - [11/Jul/2026:17:44:37 +0330] "GET /category/%D9%88%D8%B1%D8%B2%D8%B4%DB%8C/abi/shena/?path=/home/ddir12/public_html/.well-known HTTP/1.1" 200 2806 "-" "Mozilla/5.0 (compatible; MJ12bot/v1.4.8; http://mj12bot.com/)"
66.249.70.101 - - [11/Jul/2026:17:44:38 +0330] "GET /?fileloc=//lib64/libnetsnmptrapd.so.35.0.0&path=//lib64 HTTP/1.1" 200 26238 "-" "Mozilla/5.0 (Linux; Android 6.0.1; Nexus 5X Build/MMB29P) AppleWebKit/537.36 (KHTML, like Gecko) Chrome/150.0.7871.46 Mobile Safari/537.36 (compatible; Googlebot/2.1; +http://www.google.com/bot.html)"
217.182.195.181 - - [11/Jul/2026:17:44:38 +0330] "GET /category/%D9%88%D8%B1%D8%B2%D8%B4%DB%8C/abi/shena/?path=/home/ddir12/public_html/wp-admin HTTP/1.1" 200 6214 "-" "Mozilla/5.0 (compatible; MJ12bot/v1.4.8; http://mj12bot.com/)"
217.182.195.181 - - [11/Jul/2026:17:44:40 +0330] "GET /category/%D9%88%D8%B1%D8%B2%D8%B4%DB%8C/abi/shena/?path=/home/ddir12/public_html/wp-includes HTTP/1.1" 200 12623 "-" "Mozilla/5.0 (compatible; MJ12bot/v1.4.8; http://mj12bot.com/)"
217.182.195.181 - - [11/Jul/2026:17:44:42 +0330] "GET /category/%D9%88%D8%B1%D8%B2%D8%B4%DB%8C/abi/shena/shena100m/?fileloc=/home/ddir12/public_html/wp-links-opml.php&path=/home/ddir12/public_html HTTP/1.1" 200 3660 "-" "Mozilla/5.0 (compatible; MJ12bot/v1.4.8; http://mj12bot.com/)"
217.182.195.181 - - [11/Jul/2026:17:44:44 +0330] "GET /category/%D9%88%D8%B1%D8%B2%D8%B4%DB%8C/abi/shena/shena100m/?fileloc=/home/ddir12/public_html/wp-load.php&path=/home/ddir12/public_html HTTP/1.1" 200 4144 "-" "Mozilla/5.0 (compatible; MJ12bot/v1.4.8; http://mj12bot.com/)"
217.182.195.181 - - [11/Jul/2026:17:44:45 +0330] "GET /category/%D9%88%D8%B1%D8%B2%D8%B4%DB%8C/abi/shena/shena100m/?fileloc=/home/ddir12/public_html/wp-mail.php&path=/home/ddir12/public_html HTTP/1.1" 200 5716 "-" "Mozilla/5.0 (compatible; MJ12bot/v1.4.8; http://mj12bot.com/)"
217.182.195.181 - - [11/Jul/2026:17:44:47 +0330] "GET /category/%D9%88%D8%B1%D8%B2%D8%B4%DB%8C/abi/shena/shena100m/?fileloc=/home/ddir12/public_html/wp-settings.php&path=/home/ddir12/public_html HTTP/1.1" 200 9179 "-" "Mozilla/5.0 (compatible; MJ12bot/v1.4.8; http://mj12bot.com/)"
217.182.195.181 - - [11/Jul/2026:17:44:49 +0330] "GET /category/%D9%88%D8%B1%D8%B2%D8%B4%DB%8C/abi/shena/shena100m/?fileloc=/home/ddir12/public_html/wp-signup.php&path=/home/ddir12/public_html HTTP/1.1" 200 11339 "-" "Mozilla/5.0 (compatible; MJ12bot/v1.4.8; http://mj12bot.com/)"
66.249.70.101 - - [11/Jul/2026:17:42:19 +0330] "GET /?path=//lib64/libnfsidmap HTTP/1.1" 200 2954 "-" "Mozilla/5.0 (Linux; Android 6.0.1; Nexus 5X Build/MMB29P) AppleWebKit/537.36 (KHTML, like Gecko) Chrome/150.0.7871.46 Mobile Safari/537.36 (compatible; Googlebot/2.1; +http://www.google.com/bot.html)"
66.249.70.102 - - [11/Jul/2026:17:42:43 +0330] "GET /?fileloc=//lib64/crtn.o&path=//lib64 HTTP/1.1" 200 2850 "-" "Mozilla/5.0 (Linux; Android 6.0.1; Nexus 5X Build/MMB29P) AppleWebKit/537.36 (KHTML, like Gecko) Chrome/150.0.7871.46 Mobile Safari/537.36 (compatible; Googlebot/2.1; +http://www.google.com/bot.html)"
66.249.70.101 - - [11/Jul/2026:17:42:49 +0330] "GET /?fileloc=//lib64/libgpgme.so.11&path=//lib64 HTTP/1.1" 200 136402 "-" "Mozilla/5.0 (Linux; Android 6.0.1; Nexus 5X Build/MMB29P) AppleWebKit/537.36 (KHTML, like Gecko) Chrome/150.0.7871.46 Mobile Safari/537.36 (compatible; Googlebot/2.1; +http://www.google.com/bot.html)"
66.249.70.102 - - [11/Jul/2026:17:42:59 +0330] "GET /?path=//etc/alternatives/jre_11/legal/jdk.internal.le HTTP/1.1" 200 3036 "-" "Mozilla/5.0 (Linux; Android 6.0.1; Nexus 5X Build/MMB29P) AppleWebKit/537.36 (KHTML, like Gecko) Chrome/150.0.7871.46 Mobile Safari/537.36 (compatible; GoogleOther)"
66.249.70.101 - - [11/Jul/2026:17:43:01 +0330] "GET /?fileloc=//lib64/libpath_utils.so.1&path=//lib64 HTTP/1.1" 200 8780 "-" "Mozilla/5.0 (Linux; Android 6.0.1; Nexus 5X Build/MMB29P) AppleWebKit/537.36 (KHTML, like Gecko) Chrome/150.0.7871.46 Mobile Safari/537.36 (compatible; Googlebot/2.1; +http://www.google.com/bot.html)"
66.249.70.101 - - [11/Jul/2026:17:43:02 +0330] "GET /?fileloc=//lib64/libexpat.so.1.8.10&path=//lib64 HTTP/1.1" 200 79667 "-" "Mozilla/5.0 (Linux; Android 6.0.1; Nexus 5X Build/MMB29P) AppleWebKit/537.36 (KHTML, like Gecko) Chrome/150.0.7871.46 Mobile Safari/537.36 (compatible; Googlebot/2.1; +http://www.google.com/bot.html)"
66.249.70.101 - - [11/Jul/2026:17:43:15 +0330] "GET /?fileloc=//lib64/libIlmImfUtil-2_2.so.22.0.0&path=//lib64 HTTP/1.1" 200 47972 "-" "Mozilla/5.0 (Linux; Android 6.0.1; Nexus 5X Build/MMB29P) AppleWebKit/537.36 (KHTML, like Gecko) Chrome/150.0.7871.46 Mobile Safari/537.36 (compatible; GoogleOther)"
66.249.70.104 - - [11/Jul/2026:17:44:01 +0330] "GET /?fileloc=//lib64/.libcrypto.so.1.1.hmac&path=//lib64 HTTP/1.1" 200 2537 "-" "Mozilla/5.0 (Linux; Android 6.0.1; Nexus 5X Build/MMB29P) AppleWebKit/537.36 (KHTML, like Gecko) Chrome/150.0.7871.46 Mobile Safari/537.36 (compatible; Googlebot/2.1; +http://www.google.com/bot.html)"
66.249.70.102 - - [11/Jul/2026:17:44:36 +0330] "GET /?fileloc=//lib64/libtiff.so&path=//lib64 HTTP/1.1" 200 164753 "-" "Mozilla/5.0 (Linux; Android 6.0.1; Nexus 5X Build/MMB29P) AppleWebKit/537.36 (KHTML, like Gecko) Chrome/150.0.7871.46 Mobile Safari/537.36 (compatible; Googlebot/2.1; +http://www.google.com/bot.html)"
66.249.70.102 - - [11/Jul/2026:17:44:42 +0330] "GET /?fileloc=//lib64/libncurses++.so.6&path=//lib64 HTTP/1.1" 200 2477 "-" "Mozilla/5.0 (Linux; Android 6.0.1; Nexus 5X Build/MMB29P) AppleWebKit/537.36 (KHTML, like Gecko) Chrome/150.0.7871.46 Mobile Safari/537.36 (compatible; Googlebot/2.1; +http://www.google.com/bot.html)"
66.249.70.102 - - [11/Jul/2026:17:44:45 +0330] "GET /?fileloc=//lib64/libSvtAv1Dec.so.0&path=//lib64 HTTP/1.1" 200 711742 "-" "Mozilla/5.0 (Linux; Android 6.0.1; Nexus 5X Build/MMB29P) AppleWebKit/537.36 (KHTML, like Gecko) Chrome/150.0.7871.46 Mobile Safari/537.36 (compatible; Googlebot/2.1; +http://www.google.com/bot.html)"
66.249.70.102 - - [11/Jul/2026:17:45:00 +0330] "GET /?fileloc=//lib64/libgd.so&path=//lib64 HTTP/1.1" 200 125793 "-" "Mozilla/5.0 (Linux; Android 6.0.1; Nexus 5X Build/MMB29P) AppleWebKit/537.36 (KHTML, like Gecko) Chrome/150.0.7871.46 Mobile Safari/537.36 (compatible; Googlebot/2.1; +http://www.google.com/bot.html)"
216.73.217.165 - - [11/Jul/2026:17:45:03 +0330] "GET /sitemap.xml?path=%2Fhome%2Fddir12%2Fpublic_html%2Fwp-includes%2Finteractivity-api HTTP/2" 200 2877 "-" "Mozilla/5.0 AppleWebKit/537.36 (KHTML, like Gecko; compatible; ClaudeBot/1.0; +claudebot@anthropic.com)"
216.73.217.165 - - [11/Jul/2026:17:45:03 +0330] "GET /sitemap.xml?path=%2Fhome%2Fddir12%2Fpublic_html%2Fwp-includes%2Fhtml-api HTTP/2" 200 3357 "-" "Mozilla/5.0 AppleWebKit/537.36 (KHTML, like Gecko; compatible; ClaudeBot/1.0; +claudebot@anthropic.com)"
